CRAN Package Check Results for Package Rssa

Last updated on 2017-03-29 11:49:53.

Flavor Version Tinstall Tcheck Ttotal Status Flags
r-devel-linux-x86_64-debian-clang 0.14 6.14 64.52 70.66 NOTE
r-devel-linux-x86_64-debian-gcc 0.14 5.26 60.38 65.64 NOTE
r-devel-linux-x86_64-fedora-clang 0.14 116.33 NOTE --no-stop-on-test-error
r-devel-linux-x86_64-fedora-gcc 0.14 119.82 NOTE --no-stop-on-test-error
r-devel-macos-x86_64-clang 0.14 96.59 NOTE --no-stop-on-test-error
r-devel-windows-ix86+x86_64 0.14 20.00 141.00 161.00 OK
r-patched-linux-x86_64 0.14 4.78 63.64 68.42 NOTE
r-patched-solaris-sparc 0.14 800.90 OK
r-patched-solaris-x86 0.14 153.90 OK
r-release-linux-x86_64 0.14 4.88 55.30 60.18 OK
r-release-osx-x86_64-mavericks 0.14 OK
r-release-windows-ix86+x86_64 0.14 25.00 179.00 204.00 OK
r-oldrel-windows-ix86+x86_64 0.14 20.00 142.00 162.00 OK

Check Details

Version: 0.14
Check: compiled code
Result: NOTE
    File ‘Rssa/libs/Rssa.so’:
     Found no calls to: ‘R_registerRoutines’, ‘R_useDynamicSymbols’
    
    It is good practice to register native routines and to disable symbol
    search.
    
    See ‘Writing portable packages’ in the ‘Writing R Extensions’ manual.
Flavors: r-devel-linux-x86_64-debian-clang, r-devel-linux-x86_64-debian-gcc, r-patched-linux-x86_64

Version: 0.14
Flags: --no-stop-on-test-error
Check: compiled code
Result: NOTE
    File ‘Rssa/libs/Rssa.so’:
     Found no calls to: ‘R_registerRoutines’, ‘R_useDynamicSymbols’
    
    It is good practice to register native routines and to disable symbol
    search.
    
    See ‘Writing portable packages’ in the ‘Writing R Extensions’ manual.
Flavors: r-devel-linux-x86_64-fedora-clang, r-devel-linux-x86_64-fedora-gcc, r-devel-macos-x86_64-clang