CRAN Package Check Results for Package Rssa

Last updated on 2015-05-25 18:47:09.

Flavor Version Tinstall Tcheck Ttotal Status Flags
r-devel-linux-x86_64-debian-clang 0.13 4.74 47.22 51.96 OK
r-devel-linux-x86_64-debian-gcc 0.13 4.81 47.00 51.81 OK
r-devel-linux-x86_64-fedora-clang 0.13 101.18 OK
r-devel-linux-x86_64-fedora-gcc 0.13 96.04 OK
r-devel-osx-x86_64-clang 0.13 93.41 OK
r-devel-windows-ix86+x86_64 0.13 17.00 105.00 122.00 OK
r-patched-linux-x86_64 0.13 4.75 47.31 52.06 OK
r-patched-solaris-sparc 0.13 628.30 OK
r-patched-solaris-x86 0.13 128.00 OK
r-release-linux-x86_64 0.13 4.84 47.13 51.96 OK
r-release-osx-x86_64-mavericks 0.13 OK
r-release-osx-x86_64-snowleopard 0.13 ERROR
r-release-windows-ix86+x86_64 0.13 18.00 107.00 125.00 OK
r-oldrel-windows-ix86+x86_64 0.13 22.00 127.00 149.00 OK

Check Details

Version: 0.13
Check: package dependencies
Result: ERROR
    Package required but not available: ‘forecast’
    
    See section ‘The DESCRIPTION file’ in the ‘Writing R Extensions’
    manual.
Flavor: r-release-osx-x86_64-snowleopard