CRAN Package Check Results for Package Rssa

Last updated on 2015-01-29 10:48:22.

Flavor Version Tinstall Tcheck Ttotal Status Flags
r-devel-linux-x86_64-debian-clang 0.11 4.25 39.94 44.19 NOTE
r-devel-linux-x86_64-debian-gcc 0.11 4.36 41.28 45.64 NOTE
r-devel-linux-x86_64-fedora-clang 0.11 104.65 NOTE
r-devel-linux-x86_64-fedora-gcc 0.11 87.75 NOTE
r-devel-osx-x86_64-clang 0.11 94.06 NOTE
r-devel-windows-ix86+x86_64 0.11 25.00 81.00 106.00 OK
r-patched-linux-x86_64 0.11 4.58 45.34 49.92 OK
r-patched-solaris-sparc 0.11 607.70 OK
r-patched-solaris-x86 0.11 125.60 OK
r-release-linux-ix86 0.11 6.31 55.48 61.78 OK
r-release-linux-x86_64 0.11 4.59 46.28 50.87 OK
r-release-osx-x86_64-mavericks 0.11 ERROR
r-release-osx-x86_64-snowleopard 0.11 OK
r-release-windows-ix86+x86_64 0.11 16.00 102.00 118.00 OK
r-oldrel-windows-ix86+x86_64 0.11 17.00 105.00 122.00 OK

Check Details

Version: 0.11
Check: S3 generic/method consistency
Result: NOTE
    Found the following apparent S3 methods exported but not registered:
     decompose.default
    See section ‘Registering S3 methods’ in the ‘Writing R Extensions’
    manual.
Flavors: r-devel-linux-x86_64-debian-clang, r-devel-linux-x86_64-debian-gcc, r-devel-linux-x86_64-fedora-clang, r-devel-linux-x86_64-fedora-gcc, r-devel-osx-x86_64-clang

Version: 0.11
Check: examples
Result: ERROR
    Running examples in ‘Rssa-Ex.R’ failed
    The error most likely occurred in:
    
    > ### Name: ssa-input
    > ### Title: Input Data Formats Used by SSA Routines
    > ### Aliases: ssa-input
    >
    > ### ** Examples
    >
    > s <- ssa(co2) # Perform the decomposition using the default window length
    > r <- reconstruct(s, groups = list(Trend = c(1, 4),
    + Seasonality = c(2, 3))) # Reconstruct into 2 series
    > class(r$Trend) # Result is 'ts' object
    [1] "ts"
    >
    > # Simultaneous trend extraction using MSSA
    > s <- ssa(EuStockMarkets, kind = "mssa")
    Error in new.hbhmat(field, L = c(L, 1), wmask = NULL, fmask = .get(x, :
     FFTW-less version of 2D-SSA is not implemented yet!
    Calls: ssa ... .get.or.create -> assign -> .hmat.striped -> new.hbhmat -> .Call
    Execution halted
Flavor: r-release-osx-x86_64-mavericks