CRAN Package Check Results for Package Rssa

Last updated on 2017-09-25 16:47:30.

Flavor Version Tinstall Tcheck Ttotal Status Flags
r-devel-linux-x86_64-debian-clang 0.14 6.00 62.46 68.46 NOTE
r-devel-linux-x86_64-debian-gcc 0.14 9.30 62.69 71.99 NOTE
r-devel-linux-x86_64-fedora-clang 0.14 120.54 NOTE
r-devel-linux-x86_64-fedora-gcc 0.14 123.71 NOTE
r-devel-windows-ix86+x86_64 0.14 19.00 145.00 164.00 OK
r-patched-linux-x86_64 0.14 5.26 63.90 69.17 NOTE
r-patched-solaris-x86 0.14 165.30 OK
r-release-linux-x86_64 0.14 8.67 63.66 72.33 NOTE
r-release-windows-ix86+x86_64 0.14 18.00 151.00 169.00 OK
r-release-osx-x86_64 0.14 OK
r-oldrel-windows-ix86+x86_64 0.14 18.00 141.00 159.00 OK
r-oldrel-osx-x86_64 0.14 OK

Additional issues

rchk

Check Details

Version: 0.14
Check: compiled code
Result: NOTE
    File ‘Rssa/libs/Rssa.so’:
     Found no calls to: ‘R_registerRoutines’, ‘R_useDynamicSymbols’
    
    It is good practice to register native routines and to disable symbol
    search.
    
    See ‘Writing portable packages’ in the ‘Writing R Extensions’ manual.
Flavors: r-devel-linux-x86_64-debian-clang, r-devel-linux-x86_64-debian-gcc, r-devel-linux-x86_64-fedora-clang, r-devel-linux-x86_64-fedora-gcc, r-patched-linux-x86_64, r-release-linux-x86_64