CRAN Package Check Results for Package Rssa

Last updated on 2017-07-20 23:51:41.

Flavor Version Tinstall Tcheck Ttotal Status Flags
r-devel-linux-x86_64-debian-clang 0.14 6.17 71.81 77.98 NOTE
r-devel-linux-x86_64-debian-gcc 0.14 5.34 70.61 75.95 NOTE
r-devel-linux-x86_64-fedora-clang 0.14 120.72 NOTE
r-devel-linux-x86_64-fedora-gcc 0.14 120.42 NOTE
r-devel-windows-ix86+x86_64 0.14 32.00 199.00 231.00 OK
r-patched-linux-x86_64 0.14 5.29 71.79 77.09 NOTE
r-patched-solaris-x86 0.14 163.80 OK
r-release-linux-x86_64 0.14 5.33 71.72 77.05 NOTE
r-release-windows-ix86+x86_64 0.14 41.00 197.00 238.00 OK
r-release-osx-x86_64 0.14 OK
r-oldrel-windows-ix86+x86_64 0.14 19.00 204.00 223.00 OK
r-oldrel-osx-x86_64 0.14 OK

Check Details

Version: 0.14
Check: compiled code
Result: NOTE
    File ‘Rssa/libs/Rssa.so’:
     Found no calls to: ‘R_registerRoutines’, ‘R_useDynamicSymbols’
    
    It is good practice to register native routines and to disable symbol
    search.
    
    See ‘Writing portable packages’ in the ‘Writing R Extensions’ manual.
Flavors: r-devel-linux-x86_64-debian-clang, r-devel-linux-x86_64-debian-gcc, r-devel-linux-x86_64-fedora-clang, r-devel-linux-x86_64-fedora-gcc, r-patched-linux-x86_64, r-release-linux-x86_64