CRAN Package Check Results for Package Rssa

Last updated on 2014-04-23 12:48:27.

Flavor Version Tinstall Tcheck Ttotal Status Flags
r-devel-linux-x86_64-debian-clang 0.11 4.76 47.32 52.08 OK
r-devel-linux-x86_64-debian-gcc 0.11 4.36 47.42 51.78 OK
r-devel-linux-x86_64-fedora-clang 0.11 103.33 OK
r-devel-linux-x86_64-fedora-gcc 0.11 100.32 OK
r-devel-osx-x86_64-clang 0.11 86.03 OK
r-devel-osx-x86_64-gcc 0.11 ERROR
r-devel-windows-ix86+x86_64 0.11 16.00 98.00 114.00 OK
r-patched-linux-x86_64 0.11 4.56 47.19 51.75 OK
r-patched-solaris-sparc 0.11 592.30 OK
r-patched-solaris-x86 0.11 125.10 OK
r-release-linux-ix86 0.11 9.00 77.00 86.00 OK
r-release-linux-x86_64 0.11 4.52 47.64 52.16 OK
r-release-osx-x86_64-mavericks 0.11 ERROR
r-release-osx-x86_64-snowleopard 0.11 OK
r-release-windows-ix86+x86_64 0.11 17.00 101.00 118.00 OK
r-oldrel-windows-ix86+x86_64 0.11 17.00 110.00 127.00 OK

Check Details

Version: 0.11
Check: package dependencies
Result: ERROR
    Package required but not available: ‘forecast’
    
    See the information on DESCRIPTION files in the chapter ‘Creating R
    packages’ of the ‘Writing R Extensions’ manual.
Flavors: r-devel-osx-x86_64-gcc, r-release-osx-x86_64-mavericks