CRAN Package Check Results for Package Rssa

Last updated on 2015-03-05 03:48:10.

Flavor Version Tinstall Tcheck Ttotal Status Flags
r-devel-linux-x86_64-debian-clang 0.13 4.94 51.07 56.00 OK
r-devel-linux-x86_64-debian-gcc 0.13 5.04 50.30 55.34 OK
r-devel-linux-x86_64-fedora-clang 0.13 105.81 OK
r-devel-linux-x86_64-fedora-gcc 0.13 99.44 OK
r-devel-osx-x86_64-clang 0.13 53.01 OK
r-devel-windows-ix86+x86_64 0.13 17.00 99.00 116.00 OK
r-patched-linux-x86_64 0.11 4.67 47.20 51.86 OK
r-patched-solaris-sparc 0.13 693.90 OK
r-patched-solaris-x86 0.13 138.30 OK
r-release-linux-ix86 0.11 6.36 57.11 63.48 OK
r-release-linux-x86_64 0.13 5.85 62.12 67.97 OK
r-release-osx-x86_64-mavericks 0.13 ERROR
r-release-osx-x86_64-snowleopard 0.13 OK
r-release-windows-ix86+x86_64 0.13 21.00 134.00 155.00 OK
r-oldrel-windows-ix86+x86_64 0.11 17.00 103.00 120.00 OK

Check Details

Version: 0.13
Check: whether package can be installed
Result: ERROR
    Installation failed.
Flavor: r-release-osx-x86_64-mavericks