CRAN Package Check Results for Package Rssa

Last updated on 2015-08-02 17:48:01.

Flavor Version Tinstall Tcheck Ttotal Status Flags
r-devel-linux-x86_64-debian-clang 0.13 4.66 49.85 54.52 NOTE
r-devel-linux-x86_64-debian-gcc 0.13 4.98 47.40 52.38 NOTE
r-devel-linux-x86_64-fedora-clang 0.13 99.73 NOTE
r-devel-linux-x86_64-fedora-gcc 0.13 95.26 NOTE
r-devel-osx-x86_64-clang 0.13 88.85 OK
r-devel-windows-ix86+x86_64 0.13 17.00 115.00 132.00 NOTE
r-patched-linux-x86_64 0.13 4.95 47.95 52.90 OK
r-patched-solaris-sparc 0.13 625.50 OK
r-patched-solaris-x86 0.13 127.30 OK
r-release-linux-x86_64 0.13 4.86 46.64 51.50 OK
r-release-osx-x86_64-mavericks 0.13 OK
r-release-windows-ix86+x86_64 0.13 23.00 119.00 142.00 OK
r-oldrel-windows-ix86+x86_64 0.13 26.00 136.00 162.00 OK

Check Details

Version: 0.13
Check: R code for possible problems
Result: NOTE
    .apply.attributes.default: no visible global function definition for
     ‘ts’
    .apply.attributes.mssa : .restore.attr: no visible global function
     definition for ‘ts’
    .convolve1: no visible global function definition for ‘fft’
    .defaults: no visible global function definition for ‘modifyList’
    .from.series.list: no visible binding for global variable ‘is.ts’
    .from.series.list: no visible binding for global variable ‘ts.union’
    .na.omit: no visible global function definition for ‘time’
    .na.omit: no visible global function definition for ‘frequency’
    .na.omit: no visible global function definition for ‘tsp<-’
    .object.size : <anonymous>: no visible global function definition for
     ‘object.size’
    .owcor: no visible global function definition for ‘cov2cor’
    .plot.ssa.series.ssa: no visible global function definition for ‘plot’
    .plot.ssa.vectors.2d.ssa: no visible global function definition for
     ‘grey’
    .plot.ssa.vectors.2d.ssa: no visible global function definition for
     ‘modifyList’
    .plot.ssa.vectors.2d.ssa: no visible global function definition for
     ‘colorRampPalette’
    .set.decomposition: no visible global function definition for
     ‘modifyList’
    bforecast.1d.ssa: no visible global function definition for ‘residuals’
    bforecast.1d.ssa: no visible binding for global variable ‘quantile’
    bforecast.toeplitz.ssa: no visible global function definition for
     ‘residuals’
    bforecast.toeplitz.ssa: no visible binding for global variable
     ‘quantile’
    clplot: no visible global function definition for ‘modifyList’
    clplot: no visible binding for global variable ‘plot’
    decompose.toeplitz.ssa.eigen: no visible global function definition for
     ‘toeplitz’
    decompose.toeplitz.ssa.svd: no visible global function definition for
     ‘toeplitz’
    fft2: no visible global function definition for ‘mvfft’
    forecast.1d.ssa: no visible binding for global variable ‘predict’
    forecast.1d.ssa: no visible global function definition for ‘residuals’
    forecast.toeplitz.ssa: no visible binding for global variable ‘predict’
    forecast.toeplitz.ssa: no visible global function definition for
     ‘residuals’
    fossa : FILTER: no visible global function definition for ‘filter’
    frobenius.cor: no visible global function definition for ‘cov2cor’
    grouping.auto.pgram.1d.ssa: no visible global function definition for
     ‘head’
    grouping.auto.pgram.toeplitz.ssa: no visible global function definition
     for ‘head’
    grouping.auto.wcor.ssa: no visible global function definition for
     ‘hclust’
    grouping.auto.wcor.ssa: no visible global function definition for
     ‘as.dist’
    grouping.auto.wcor.ssa: no visible global function definition for
     ‘cutree’
    orthopoly: no visible global function definition for ‘poly’
    panel.series: no visible global function definition for ‘time’
    parestimate.pairs: no visible global function definition for ‘mad’
    parestimate.pairs: no visible global function definition for ‘median’
    pgram: no visible global function definition for ‘mvfft’
    pgram : <anonymous>: no visible global function definition for
     ‘approxfun’
    plot.1d.ssa.reconstruction: no visible binding for global variable
     ‘matplot’
    plot.1d.ssa.reconstruction: no visible binding for global variable
     ‘plot’
    plot.2d.ssa.reconstruction: no visible global function definition for
     ‘grey’
    plot.2d.ssa.reconstruction: no visible global function definition for
     ‘modifyList’
    plot.2d.ssa.reconstruction: no visible global function definition for
     ‘colorRampPalette’
    plot.grouping.auto.wcor: no visible global function definition for
     ‘plot’
    plot.hmatr: no visible global function definition for ‘heat.colors’
    plot.hmatr: no visible global function definition for ‘image’
    plot.mssa.reconstruction: no visible global function definition for
     ‘is.ts’
    plot.mssa.reconstruction: no visible global function definition for
     ‘ts.union’
    plot.mssa.reconstruction: no visible binding for global variable
     ‘matplot’
    plot.mssa.reconstruction: no visible binding for global variable ‘plot’
    plot.ssa: no visible global function definition for ‘plot’
    plot.ssa.gaps: no visible global function definition for ‘modifyList’
    plot.ssa.gaps: no visible binding for global variable ‘plot’
    plot.toeplitz.ssa.reconstruction: no visible binding for global
     variable ‘matplot’
    plot.toeplitz.ssa.reconstruction: no visible binding for global
     variable ‘plot’
    plot.wcor.matrix: no visible global function definition for ‘grey’
    plot.wcor.matrix: no visible global function definition for
     ‘modifyList’
    plot.wcor.matrix: no visible global function definition for
     ‘colorRampPalette’
    prepanel.series: no visible global function definition for ‘time’
    residuals.ssa: no visible global function definition for ‘residuals’
    xyplot.matrix: no visible global function definition for ‘as.formula’
    Undefined global functions or variables:
     approxfun as.dist as.formula colorRampPalette cov2cor cutree fft
     filter frequency grey hclust head heat.colors image is.ts mad matplot
     median modifyList mvfft object.size plot poly predict quantile
     residuals time toeplitz ts ts.union tsp<-
    Consider adding
     importFrom("grDevices", "colorRampPalette", "grey", "heat.colors")
     importFrom("graphics", "image", "matplot", "plot")
     importFrom("stats", "approxfun", "as.dist", "as.formula", "cov2cor",
     "cutree", "fft", "filter", "frequency", "hclust", "is.ts",
     "mad", "median", "mvfft", "poly", "predict", "quantile",
     "residuals", "time", "toeplitz", "ts", "ts.union", "tsp<-")
     importFrom("utils", "head", "modifyList", "object.size")
    to your NAMESPACE.
Flavors: r-devel-linux-x86_64-debian-clang, r-devel-linux-x86_64-debian-gcc, r-devel-linux-x86_64-fedora-clang, r-devel-linux-x86_64-fedora-gcc, r-devel-windows-ix86+x86_64