CRAN Package Check Results for Package Rssa

Last updated on 2014-10-20 10:50:40.

Flavor Version Tinstall Tcheck Ttotal Status Flags
r-devel-linux-x86_64-debian-clang 0.11 4.58 44.42 48.99 OK
r-devel-linux-x86_64-debian-gcc 0.11 4.45 44.43 48.88 OK
r-devel-linux-x86_64-fedora-clang 0.11 100.98 OK
r-devel-linux-x86_64-fedora-gcc 0.11 91.57 OK
r-devel-osx-x86_64-clang 0.11 91.81 OK
r-devel-windows-ix86+x86_64 0.11 15.00 86.00 101.00 OK
r-patched-linux-x86_64 0.11 5.07 46.44 51.51 OK
r-patched-solaris-sparc 0.11 595.50 OK
r-patched-solaris-x86 0.11 123.50 OK
r-release-linux-ix86 0.11 6.38 58.14 64.52 OK
r-release-linux-x86_64 0.11 5.69 46.71 52.40 OK
r-release-osx-x86_64-mavericks 0.11 ERROR
r-release-osx-x86_64-snowleopard 0.11 OK
r-release-windows-ix86+x86_64 0.11 14.00 91.00 105.00 OK
r-oldrel-windows-ix86+x86_64 0.11 18.00 93.00 111.00 OK

Check Details

Version: 0.11
Check: examples
Result: ERROR
    Running examples in ‘Rssa-Ex.R’ failed
    The error most likely occurred in:
    
    > ### Name: ssa-input
    > ### Title: Input Data Formats Used by SSA Routines
    > ### Aliases: ssa-input
    >
    > ### ** Examples
    >
    > s <- ssa(co2) # Perform the decomposition using the default window length
    > r <- reconstruct(s, groups = list(Trend = c(1, 4),
    + Seasonality = c(2, 3))) # Reconstruct into 2 series
    > class(r$Trend) # Result is 'ts' object
    [1] "ts"
    >
    > # Simultaneous trend extraction using MSSA
    > s <- ssa(EuStockMarkets, kind = "mssa")
    Error in new.hbhmat(field, L = c(L, 1), wmask = NULL, fmask = .get(x, :
     FFTW-less version of 2D-SSA is not implemented yet!
    Calls: ssa ... .get.or.create -> assign -> .hmat.striped -> new.hbhmat -> .Call
    Execution halted
Flavor: r-release-osx-x86_64-mavericks