CRAN Package Check Results for Package Rssa

Last updated on 2017-05-30 14:47:28.

Flavor Version Tinstall Tcheck Ttotal Status Flags
r-devel-linux-x86_64-debian-clang 0.14 6.02 63.48 69.49 NOTE
r-devel-linux-x86_64-debian-gcc 0.14 5.58 60.22 65.80 NOTE
r-devel-linux-x86_64-fedora-clang 0.14 119.79 NOTE
r-devel-linux-x86_64-fedora-gcc 0.14 116.60 NOTE
r-devel-windows-ix86+x86_64 0.14 22.00 209.00 231.00 OK
r-patched-linux-x86_64 0.14 5.08 61.46 66.54 NOTE
r-patched-solaris-sparc 0.14 800.90 OK
r-patched-solaris-x86 0.14 160.40 OK
r-release-linux-x86_64 0.14 5.28 61.00 66.28 NOTE
r-release-windows-ix86+x86_64 0.14 28.00 198.00 226.00 OK
r-release-osx-x86_64 0.14 OK
r-oldrel-windows-ix86+x86_64 0.14 18.00 133.00 151.00 OK
r-oldrel-osx-x86_64 0.14 OK

Check Details

Version: 0.14
Check: compiled code
Result: NOTE
    File ‘Rssa/libs/Rssa.so’:
     Found no calls to: ‘R_registerRoutines’, ‘R_useDynamicSymbols’
    
    It is good practice to register native routines and to disable symbol
    search.
    
    See ‘Writing portable packages’ in the ‘Writing R Extensions’ manual.
Flavors: r-devel-linux-x86_64-debian-clang, r-devel-linux-x86_64-debian-gcc, r-devel-linux-x86_64-fedora-clang, r-devel-linux-x86_64-fedora-gcc, r-patched-linux-x86_64, r-release-linux-x86_64