CRAN Package Check Results for Package Rssa

Last updated on 2017-02-22 13:51:12.

Flavor Version Tinstall Tcheck Ttotal Status Flags
r-devel-linux-x86_64-debian-clang 0.14 6.05 63.69 69.74 NOTE
r-devel-linux-x86_64-debian-gcc 0.14 5.37 60.53 65.90 NOTE
r-devel-linux-x86_64-fedora-clang 0.14 116.84 NOTE --no-stop-on-test-error
r-devel-linux-x86_64-fedora-gcc 0.14 115.10 NOTE --no-stop-on-test-error
r-devel-macos-x86_64-clang 0.14 97.62 NOTE --no-stop-on-test-error
r-devel-windows-ix86+x86_64 0.14 29.00 256.00 285.00 OK
r-patched-linux-x86_64 0.14 5.23 55.24 60.46 OK
r-patched-solaris-sparc 0.14 706.30 OK
r-patched-solaris-x86 0.14 137.90 OK
r-release-linux-x86_64 0.14 4.74 55.61 60.35 OK
r-release-osx-x86_64-mavericks 0.14 OK
r-release-windows-ix86+x86_64 0.14 51.00 183.00 234.00 OK
r-oldrel-windows-ix86+x86_64 0.14 25.00 132.00 157.00 OK

Check Details

Version: 0.14
Check: compiled code
Result: NOTE
    File ‘Rssa/libs/Rssa.so’:
     Found no calls to: ‘R_registerRoutines’, ‘R_useDynamicSymbols’
    
    It is good practice to register native routines and to disable symbol
    search.
    
    See ‘Writing portable packages’ in the ‘Writing R Extensions’ manual.
Flavors: r-devel-linux-x86_64-debian-clang, r-devel-linux-x86_64-debian-gcc

Version: 0.14
Flags: --no-stop-on-test-error
Check: compiled code
Result: NOTE
    File ‘Rssa/libs/Rssa.so’:
     Found no calls to: ‘R_registerRoutines’, ‘R_useDynamicSymbols’
    
    It is good practice to register native routines and to disable symbol
    search.
    
    See ‘Writing portable packages’ in the ‘Writing R Extensions’ manual.
Flavors: r-devel-linux-x86_64-fedora-clang, r-devel-linux-x86_64-fedora-gcc, r-devel-macos-x86_64-clang