CRAN Package Check Results for Package Rssa

Last updated on 2014-08-01 11:48:23.

Flavor Version Tinstall Tcheck Ttotal Status Flags
r-devel-linux-x86_64-debian-clang 0.11 4.45 45.96 50.41 OK
r-devel-linux-x86_64-debian-gcc 0.11 4.55 45.30 49.86 OK
r-devel-linux-x86_64-fedora-clang 0.11 103.42 OK
r-devel-linux-x86_64-fedora-gcc 0.11 97.84 OK
r-devel-osx-x86_64-clang 0.11 89.78 OK
r-devel-windows-ix86+x86_64 0.11 16.00 91.00 107.00 OK
r-patched-linux-x86_64 0.11 4.44 45.04 49.48 OK
r-patched-solaris-sparc 0.11 595.50 OK
r-patched-solaris-x86 0.11 124.30 OK
r-release-linux-ix86 0.11 6.39 57.32 63.71 OK
r-release-linux-x86_64 0.11 4.62 46.86 51.48 OK
r-release-osx-x86_64-mavericks 0.11 ERROR
r-release-osx-x86_64-snowleopard 0.11 OK
r-release-windows-ix86+x86_64 0.11 25.00 131.00 156.00 OK
r-oldrel-windows-ix86+x86_64 0.11 22.00 138.00 160.00 OK

Check Details

Version: 0.11
Check: examples
Result: ERROR
    Running examples in Rssa-Ex.R failed
    The error most likely occurred in:
    
    > ### Name: ssa-input
    > ### Title: Input Data Formats Used by SSA Routines
    > ### Aliases: ssa-input
    >
    > ### ** Examples
    >
    > s <- ssa(co2) # Perform the decomposition using the default window length
    > r <- reconstruct(s, groups = list(Trend = c(1, 4),
    + Seasonality = c(2, 3))) # Reconstruct into 2 series
    > class(r$Trend) # Result is 'ts' object
    [1] "ts"
    >
    > # Simultaneous trend extraction using MSSA
    > s <- ssa(EuStockMarkets, kind = "mssa")
    Error in new.hbhmat(field, L = c(L, 1), wmask = NULL, fmask = .get(x, :
     FFTW-less version of 2D-SSA is not implemented yet!
    Calls: ssa ... .get.or.create -> assign -> .hmat.striped -> new.hbhmat -> .Call
    Execution halted
Flavor: r-release-osx-x86_64-mavericks