CRAN Package Check Results for Package Rsymphony

Last updated on 2017-01-22 23:48:43.

Flavor Version Tinstall Tcheck Ttotal Status Flags
r-devel-linux-x86_64-debian-clang 0.1-25 1.50 10.61 12.12 OK
r-devel-linux-x86_64-debian-gcc 0.1-25 1.40 10.22 11.62 OK
r-devel-linux-x86_64-fedora-clang 0.1-25 18.35 OK --no-stop-on-test-error
r-devel-linux-x86_64-fedora-gcc 0.1-25 17.54 OK --no-stop-on-test-error
r-devel-macos-x86_64-clang 0.1-25 17.03 OK --no-stop-on-test-error
r-devel-windows-ix86+x86_64 0.1-25 8.00 31.00 39.00 NOTE
r-patched-linux-x86_64 0.1-25 1.36 8.81 10.16 OK
r-release-linux-x86_64 0.1-25 1.32 8.73 10.05 OK
r-release-osx-x86_64-mavericks 0.1-25 ERROR
r-release-windows-ix86+x86_64 0.1-25 15.00 38.00 53.00 NOTE
r-oldrel-windows-ix86+x86_64 0.1-25 15.00 55.00 70.00 NOTE

Check Details

Version: 0.1-25
Check: installed package size
Result: NOTE
     installed size is 8.8Mb
     sub-directories of 1Mb or more:
     libs 8.7Mb
Flavors: r-devel-windows-ix86+x86_64, r-release-windows-ix86+x86_64, r-oldrel-windows-ix86+x86_64

Version: 0.1-25
Check: whether package can be installed
Result: ERROR
    Installation failed.
Flavor: r-release-osx-x86_64-mavericks