CRAN Package Check Results for Package Rsymphony

Last updated on 2015-01-28 01:48:14.

Flavor Version Tinstall Tcheck Ttotal Status Flags
r-devel-linux-x86_64-debian-clang 0.1-18 1.13 8.69 9.82 OK
r-devel-linux-x86_64-debian-gcc 0.1-18 0.98 8.39 9.38 OK
r-devel-linux-x86_64-fedora-clang 0.1-18 20.48 OK
r-devel-linux-x86_64-fedora-gcc 0.1-18 19.36 OK
r-devel-osx-x86_64-clang 0.1-18 23.76 OK
r-devel-windows-ix86+x86_64 0.1-18 11.00 45.00 56.00 NOTE
r-patched-linux-x86_64 0.1-18 1.00 9.12 10.12 OK
r-release-linux-ix86 0.1-18 1.70 14.60 16.30 OK
r-release-linux-x86_64 0.1-18 0.98 8.97 9.95 OK
r-release-osx-x86_64-mavericks 0.1-18 ERROR
r-release-osx-x86_64-snowleopard 0.1-18 ERROR
r-release-windows-ix86+x86_64 0.1-18 11.00 52.00 63.00 NOTE
r-oldrel-windows-ix86+x86_64 0.1-18 9.00 54.00 63.00 NOTE

Check Details

Version: 0.1-18
Check: installed package size
Result: NOTE
     installed size is 8.6Mb
     sub-directories of 1Mb or more:
     libs 8.5Mb
Flavors: r-devel-windows-ix86+x86_64, r-release-windows-ix86+x86_64, r-oldrel-windows-ix86+x86_64

Version: 0.1-18
Check: whether package can be installed
Result: ERROR
    Installation failed.
Flavors: r-release-osx-x86_64-mavericks, r-release-osx-x86_64-snowleopard