CRAN Package Check Results for Package Rsymphony

Last updated on 2017-03-27 03:50:06.

Flavor Version Tinstall Tcheck Ttotal Status Flags
r-devel-linux-x86_64-debian-clang 0.1-26 1.69 10.97 12.67 OK
r-devel-linux-x86_64-debian-gcc 0.1-26 1.37 10.83 12.20 OK
r-devel-linux-x86_64-fedora-clang 0.1-26 18.86 OK --no-stop-on-test-error
r-devel-linux-x86_64-fedora-gcc 0.1-26 19.59 OK --no-stop-on-test-error
r-devel-macos-x86_64-clang 0.1-26 17.49 OK --no-stop-on-test-error
r-devel-windows-ix86+x86_64 0.1-26 13.00 57.00 70.00 NOTE
r-patched-linux-x86_64 0.1-26 1.50 10.68 12.17 OK
r-release-linux-x86_64 0.1-26 1.26 9.01 10.27 OK
r-release-osx-x86_64-mavericks 0.1-26 ERROR
r-release-windows-ix86+x86_64 0.1-26 24.00 88.00 112.00 NOTE
r-oldrel-windows-ix86+x86_64 0.1-26 20.00 70.00 90.00 NOTE

Memtest notes: clang-ASAN

Check Details

Version: 0.1-26
Check: installed package size
Result: NOTE
     installed size is 8.8Mb
     sub-directories of 1Mb or more:
     libs 8.7Mb
Flavors: r-devel-windows-ix86+x86_64, r-release-windows-ix86+x86_64, r-oldrel-windows-ix86+x86_64

Version: 0.1-26
Check: whether package can be installed
Result: ERROR
    Installation failed.
Flavor: r-release-osx-x86_64-mavericks