CRAN Package Check Results for Package Rsymphony

Last updated on 2014-10-01 17:48:32.

Flavor Version Tinstall Tcheck Ttotal Status Flags
r-devel-linux-x86_64-debian-clang 0.1-17 4.07 7.09 11.16 ERROR
r-devel-linux-x86_64-debian-gcc 0.1-17 3.77 14.70 18.46 OK
r-devel-linux-x86_64-fedora-clang 0.1-17 26.96 OK
r-devel-linux-x86_64-fedora-gcc 0.1-17 24.96 OK
r-devel-osx-x86_64-clang 0.1-17 25.06 OK
r-devel-windows-ix86+x86_64 0.1-17 19.00 46.00 65.00 NOTE
r-patched-linux-x86_64 0.1-17 4.23 15.59 19.82 OK
r-release-linux-ix86 0.1-17 5.65 9.30 14.95 ERROR
r-release-linux-x86_64 0.1-17 4.28 15.99 20.26 OK
r-release-osx-x86_64-mavericks 0.1-17 ERROR
r-release-osx-x86_64-snowleopard 0.1-17 OK
r-release-windows-ix86+x86_64 0.1-17 27.00 46.00 73.00 NOTE
r-oldrel-windows-ix86+x86_64 0.1-17 17.00 42.00 59.00 NOTE

Check Details

Version: 0.1-17
Check: whether package can be installed
Result: ERROR
    Installation failed.
Flavors: r-devel-linux-x86_64-debian-clang, r-release-linux-ix86, r-release-osx-x86_64-mavericks

Version: 0.1-17
Check: installed package size
Result: NOTE
     installed size is 8.6Mb
     sub-directories of 1Mb or more:
     libs 8.5Mb
Flavors: r-devel-windows-ix86+x86_64, r-release-windows-ix86+x86_64, r-oldrel-windows-ix86+x86_64