CRAN Package Check Results for Package Rsymphony

Last updated on 2015-09-03 14:48:34.

Flavor Version Tinstall Tcheck Ttotal Status Flags
r-devel-linux-x86_64-debian-clang 0.1-21 1.14 8.66 9.80 OK
r-devel-linux-x86_64-debian-gcc 0.1-21 0.98 8.65 9.63 OK
r-devel-linux-x86_64-fedora-clang 0.1-21 16.23 OK
r-devel-linux-x86_64-fedora-gcc 0.1-21 15.89 OK
r-devel-osx-x86_64-clang 0.1-21 18.37 OK
r-devel-windows-ix86+x86_64 0.1-21 10.00 55.00 65.00 NOTE
r-patched-linux-x86_64 0.1-21 1.04 8.69 9.72 OK
r-release-linux-x86_64 0.1-21 0.97 8.56 9.52 OK
r-release-osx-x86_64-mavericks 0.1-21 ERROR
r-release-windows-ix86+x86_64 0.1-21 9.00 62.00 71.00 NOTE
r-oldrel-windows-ix86+x86_64 0.1-21 12.00 64.00 76.00 NOTE

Memtest notes: valgrind

Check Details

Version: 0.1-21
Check: installed package size
Result: NOTE
     installed size is 8.6Mb
     sub-directories of 1Mb or more:
     libs 8.5Mb
Flavors: r-devel-windows-ix86+x86_64, r-release-windows-ix86+x86_64, r-oldrel-windows-ix86+x86_64

Version: 0.1-21
Check: whether package can be installed
Result: ERROR
    Installation failed.
Flavor: r-release-osx-x86_64-mavericks