CRAN Package Check Results for Package Rsymphony

Last updated on 2017-02-24 23:52:52.

Flavor Version Tinstall Tcheck Ttotal Status Flags
r-devel-linux-x86_64-debian-clang 0.1-26 1.62 10.65 12.27 OK
r-devel-linux-x86_64-debian-gcc 0.1-26 1.48 10.66 12.14 OK
r-devel-linux-x86_64-fedora-clang 0.1-26 18.68 OK --no-stop-on-test-error
r-devel-linux-x86_64-fedora-gcc 0.1-26 16.29 OK --no-stop-on-test-error
r-devel-macos-x86_64-clang 0.1-26 17.81 OK --no-stop-on-test-error
r-devel-windows-ix86+x86_64 0.1-26 28.00 89.00 117.00 NOTE
r-patched-linux-x86_64 0.1-26 1.28 8.70 9.98 OK
r-release-linux-x86_64 0.1-26 1.89 8.98 10.87 OK
r-release-osx-x86_64-mavericks 0.1-26 ERROR
r-release-windows-ix86+x86_64 0.1-26 24.00 88.00 112.00 NOTE
r-oldrel-windows-ix86+x86_64 0.1-26 20.00 70.00 90.00 NOTE

Check Details

Version: 0.1-26
Check: installed package size
Result: NOTE
     installed size is 8.8Mb
     sub-directories of 1Mb or more:
     libs 8.7Mb
Flavors: r-devel-windows-ix86+x86_64, r-release-windows-ix86+x86_64, r-oldrel-windows-ix86+x86_64

Version: 0.1-26
Check: whether package can be installed
Result: ERROR
    Installation failed.
Flavor: r-release-osx-x86_64-mavericks