CRAN Package Check Results for Package Rsymphony

Last updated on 2018-01-16 23:49:09 CET.

Flavor Version Tinstall Tcheck Ttotal Status Flags
r-devel-linux-x86_64-debian-clang 0.1-28 1.75 18.43 20.18 OK
r-devel-linux-x86_64-debian-gcc 0.1-28 1.41 16.43 17.84 OK
r-devel-linux-x86_64-fedora-clang 0.1-28 22.88 OK
r-devel-linux-x86_64-fedora-gcc 0.1-28 22.80 OK
r-devel-windows-ix86+x86_64 0.1-28 12.00 60.00 72.00 NOTE
r-patched-linux-x86_64 0.1-28 1.68 16.81 18.49 OK
r-release-linux-x86_64 0.1-28 1.72 16.97 18.69 OK
r-release-windows-ix86+x86_64 0.1-28 16.00 71.00 87.00 NOTE
r-release-osx-x86_64 0.1-28 ERROR
r-oldrel-windows-ix86+x86_64 0.1-28 15.00 76.00 91.00 NOTE
r-oldrel-osx-x86_64 0.1-28 ERROR

Check Details

Version: 0.1-28
Check: installed package size
Result: NOTE
     installed size is 8.8Mb
     sub-directories of 1Mb or more:
     libs 8.7Mb
Flavors: r-devel-windows-ix86+x86_64, r-release-windows-ix86+x86_64, r-oldrel-windows-ix86+x86_64

Version: 0.1-28
Check: whether package can be installed
Result: ERROR
    Installation failed.
Flavors: r-release-osx-x86_64, r-oldrel-osx-x86_64