CRAN Package Check Results for Package Rsymphony

Last updated on 2017-06-27 14:47:36.

Flavor Version Tinstall Tcheck Ttotal Status Flags
r-devel-linux-x86_64-debian-clang 0.1-26 1.62 10.55 12.17 OK
r-devel-linux-x86_64-debian-gcc 0.1-26 1.49 10.51 12.00 OK
r-devel-linux-x86_64-fedora-clang 0.1-26 18.86 OK
r-devel-linux-x86_64-fedora-gcc 0.1-26 18.24 OK
r-devel-windows-ix86+x86_64 0.1-26 18.00 74.00 92.00 NOTE
r-patched-linux-x86_64 0.1-26 1.52 10.71 12.23 OK
r-release-linux-x86_64 0.1-26 1.48 10.47 11.95 OK
r-release-windows-ix86+x86_64 0.1-26 14.00 56.00 70.00 NOTE
r-release-osx-x86_64 0.1-26 ERROR
r-oldrel-windows-ix86+x86_64 0.1-26 24.00 88.00 112.00 NOTE
r-oldrel-osx-x86_64 0.1-26 ERROR

Check Details

Version: 0.1-26
Check: installed package size
Result: NOTE
     installed size is 8.8Mb
     sub-directories of 1Mb or more:
     libs 8.7Mb
Flavors: r-devel-windows-ix86+x86_64, r-release-windows-ix86+x86_64, r-oldrel-windows-ix86+x86_64

Version: 0.1-26
Check: whether package can be installed
Result: ERROR
    Installation failed.
Flavors: r-release-osx-x86_64, r-oldrel-osx-x86_64