CRAN Package Check Results for Package Rsymphony

Last updated on 2014-09-19 08:49:40.

Flavor Version Tinstall Tcheck Ttotal Status Flags
r-devel-linux-x86_64-debian-clang 0.1-17 3.90 9.15 13.06 ERROR
r-devel-linux-x86_64-debian-gcc 0.1-17 3.59 7.21 10.80 ERROR
r-devel-linux-x86_64-fedora-clang 0.1-17 25.67 OK
r-devel-linux-x86_64-fedora-gcc 0.1-17 24.29 OK
r-devel-osx-x86_64-clang 0.1-17 26.66 OK
r-devel-windows-ix86+x86_64 0.1-17 17.00 53.00 70.00 NOTE
r-patched-linux-x86_64 0.1-17 4.45 16.64 21.09 OK
r-release-linux-ix86 0.1-17 5.62 22.79 28.41 OK
r-release-linux-x86_64 0.1-17 4.21 16.26 20.47 OK
r-release-osx-x86_64-mavericks 0.1-17 ERROR
r-release-osx-x86_64-snowleopard 0.1-17 OK
r-release-windows-ix86+x86_64 0.1-17 27.00 46.00 73.00 NOTE
r-oldrel-windows-ix86+x86_64 0.1-17 17.00 42.00 59.00 NOTE

Check Details

Version: 0.1-17
Check: whether package can be installed
Result: ERROR
    Installation failed.
Flavors: r-devel-linux-x86_64-debian-clang, r-devel-linux-x86_64-debian-gcc, r-release-osx-x86_64-mavericks

Version: 0.1-17
Check: installed package size
Result: NOTE
     installed size is 8.6Mb
     sub-directories of 1Mb or more:
     libs 8.5Mb
Flavors: r-devel-windows-ix86+x86_64, r-release-windows-ix86+x86_64, r-oldrel-windows-ix86+x86_64