CRAN Package Check Results for Package Rsymphony

Last updated on 2016-12-10 23:49:00.

Flavor Version Tinstall Tcheck Ttotal Status Flags
r-devel-linux-x86_64-debian-clang 0.1-23 1.55 10.97 12.52 OK
r-devel-linux-x86_64-debian-gcc 0.1-23 1.32 10.52 11.85 OK
r-devel-linux-x86_64-fedora-clang 0.1-23 19.28 OK --no-stop-on-test-error
r-devel-linux-x86_64-fedora-gcc 0.1-23 17.81 OK --no-stop-on-test-error
r-devel-macos-x86_64-clang 0.1-23 17.49 OK --no-stop-on-test-error
r-devel-windows-ix86+x86_64 0.1-23 19.00 40.00 59.00 NOTE
r-patched-linux-x86_64 0.1-23 1.28 8.95 10.23 OK
r-release-linux-x86_64 0.1-23 1.30 8.81 10.11 OK
r-release-osx-x86_64-mavericks 0.1-23 ERROR
r-release-windows-ix86+x86_64 0.1-23 9.00 28.00 37.00 NOTE
r-oldrel-windows-ix86+x86_64 0.1-23 10.00 52.00 62.00 NOTE

Memtest notes: valgrind

Check Details

Version: 0.1-23
Check: installed package size
Result: NOTE
     installed size is 8.8Mb
     sub-directories of 1Mb or more:
     libs 8.7Mb
Flavors: r-devel-windows-ix86+x86_64, r-release-windows-ix86+x86_64, r-oldrel-windows-ix86+x86_64

Version: 0.1-23
Check: whether package can be installed
Result: ERROR
    Installation failed.
Flavor: r-release-osx-x86_64-mavericks