CRAN Package Check Results for Package Rsymphony

Last updated on 2018-05-22 01:46:53 CEST.

Flavor Version Tinstall Tcheck Ttotal Status Flags
r-devel-linux-x86_64-debian-clang 0.1-28 2.06 17.15 19.21 OK
r-devel-linux-x86_64-debian-gcc 0.1-28 1.47 16.80 18.27 OK
r-devel-linux-x86_64-fedora-clang 0.1-28 25.10 OK
r-devel-linux-x86_64-fedora-gcc 0.1-28 24.01 OK
r-devel-windows-ix86+x86_64 0.1-28 14.00 68.00 82.00 NOTE
r-patched-linux-x86_64 0.1-28 1.67 17.68 19.35 OK
r-release-linux-x86_64 0.1-28 2.02 17.64 19.66 OK
r-release-windows-ix86+x86_64 0.1-28 16.00 64.00 80.00 NOTE
r-release-osx-x86_64 0.1-28 ERROR
r-oldrel-windows-ix86+x86_64 0.1-28 16.00 71.00 87.00 NOTE
r-oldrel-osx-x86_64 0.1-28 ERROR

Check Details

Version: 0.1-28
Check: installed package size
Result: NOTE
     installed size is 8.8Mb
     sub-directories of 1Mb or more:
     libs 8.7Mb
Flavors: r-devel-windows-ix86+x86_64, r-release-windows-ix86+x86_64, r-oldrel-windows-ix86+x86_64

Version: 0.1-28
Check: whether package can be installed
Result: ERROR
    Installation failed.
Flavors: r-release-osx-x86_64, r-oldrel-osx-x86_64