CRAN Package Check Results for Package Rsymphony

Last updated on 2017-08-17 07:47:22.

Flavor Version Tinstall Tcheck Ttotal Status Flags
r-devel-linux-x86_64-debian-clang 0.1-27 1.79 11.58 13.37 OK
r-devel-linux-x86_64-debian-gcc 0.1-27 1.72 11.41 13.13 OK
r-devel-linux-x86_64-fedora-clang 0.1-27 18.43 OK
r-devel-linux-x86_64-fedora-gcc 0.1-27 18.60 OK
r-devel-windows-ix86+x86_64 0.1-27 16.00 71.00 87.00 NOTE
r-patched-linux-x86_64 0.1-27 1.49 10.65 12.14 OK
r-release-linux-x86_64 0.1-27 1.49 10.57 12.07 OK
r-release-windows-ix86+x86_64 0.1-27 11.00 60.00 71.00 NOTE
r-release-osx-x86_64 0.1-27 ERROR
r-oldrel-windows-ix86+x86_64 0.1-27 15.00 63.00 78.00 NOTE
r-oldrel-osx-x86_64 0.1-27 ERROR

Check Details

Version: 0.1-27
Check: installed package size
Result: NOTE
     installed size is 8.8Mb
     sub-directories of 1Mb or more:
     libs 8.7Mb
Flavors: r-devel-windows-ix86+x86_64, r-release-windows-ix86+x86_64, r-oldrel-windows-ix86+x86_64

Version: 0.1-27
Check: whether package can be installed
Result: ERROR
    Installation failed.
Flavors: r-release-osx-x86_64, r-oldrel-osx-x86_64