CRAN Package Check Results for Package Rsymphony

Last updated on 2016-02-13 23:47:17.

Flavor Version Tinstall Tcheck Ttotal Status Flags
r-devel-linux-x86_64-debian-gcc 0.1-21 1.20 7.83 9.03 OK
r-devel-linux-x86_64-fedora-clang 0.1-21 15.04 OK
r-devel-linux-x86_64-fedora-gcc 0.1-21 13.93 OK
r-devel-osx-x86_64-clang 0.1-21 19.29 OK
r-devel-windows-ix86+x86_64 0.1-21 12.00 70.00 82.00 NOTE
r-patched-linux-x86_64 0.1-21 1.23 8.51 9.74 OK
r-release-linux-x86_64 0.1-21 1.18 8.52 9.69 OK
r-release-osx-x86_64-mavericks 0.1-21 ERROR
r-release-windows-ix86+x86_64 0.1-21 9.00 46.00 55.00 NOTE
r-oldrel-windows-ix86+x86_64 0.1-21 12.00 64.00 76.00 NOTE

Check Details

Version: 0.1-21
Check: installed package size
Result: NOTE
     installed size is 8.6Mb
     sub-directories of 1Mb or more:
     libs 8.5Mb
Flavors: r-devel-windows-ix86+x86_64, r-release-windows-ix86+x86_64, r-oldrel-windows-ix86+x86_64

Version: 0.1-21
Check: whether package can be installed
Result: ERROR
    Installation failed.
Flavor: r-release-osx-x86_64-mavericks