CRAN Package Check Results for Package Rsymphony

Last updated on 2014-08-21 05:47:03.

Flavor Version Tinstall Tcheck Ttotal Status Flags
r-devel-linux-x86_64-debian-clang 0.1-17 4.34 14.79 19.13 OK
r-devel-linux-x86_64-debian-gcc 0.1-17 4.31 14.47 18.78 OK
r-devel-linux-x86_64-fedora-clang 0.1-17 27.03 OK
r-devel-linux-x86_64-fedora-gcc 0.1-17 25.66 OK
r-devel-osx-x86_64-clang 0.1-17 24.99 OK
r-devel-windows-ix86+x86_64 0.1-17 18.00 48.00 66.00 NOTE
r-patched-linux-x86_64 0.1-17 4.20 15.50 19.70 OK
r-release-linux-ix86 0.1-17 5.63 22.58 28.21 OK
r-release-linux-x86_64 0.1-17 4.24 15.24 19.48 OK
r-release-osx-x86_64-mavericks 0.1-17 ERROR
r-release-osx-x86_64-snowleopard 0.1-17 OK
r-release-windows-ix86+x86_64 0.1-17 27.00 46.00 73.00 NOTE
r-oldrel-windows-ix86+x86_64 0.1-17 17.00 42.00 59.00 NOTE

Check Details

Version: 0.1-17
Check: installed package size
Result: NOTE
     installed size is 8.6Mb
     sub-directories of 1Mb or more:
     libs 8.5Mb
Flavors: r-devel-windows-ix86+x86_64, r-release-windows-ix86+x86_64, r-oldrel-windows-ix86+x86_64

Version: 0.1-17
Check: whether package can be installed
Result: ERROR
    Installation failed.
Flavor: r-release-osx-x86_64-mavericks