CRAN Package Check Results for Package Rsymphony

Last updated on 2014-07-23 11:49:46.

Flavor Version Tinstall Tcheck Ttotal Status Flags
r-devel-linux-x86_64-debian-clang 0.1-17 4.11 15.34 19.45 OK
r-devel-linux-x86_64-debian-gcc 0.1-17 3.92 15.20 19.12 OK
r-devel-linux-x86_64-fedora-clang 0.1-17 26.40 OK
r-devel-linux-x86_64-fedora-gcc 0.1-17 25.07 OK
r-devel-osx-x86_64-clang 0.1-17 24.92 OK
r-devel-windows-ix86+x86_64 0.1-17 19.00 50.00 69.00 NOTE
r-patched-linux-x86_64 0.1-17 4.16 14.58 18.74 OK
r-release-linux-ix86 0.1-17 5.44 22.35 27.79 OK
r-release-linux-x86_64 0.1-17 4.48 15.62 20.09 OK
r-release-osx-x86_64-mavericks 0.1-17 ERROR
r-release-osx-x86_64-snowleopard 0.1-17 OK
r-release-windows-ix86+x86_64 0.1-17 27.00 46.00 73.00 NOTE
r-oldrel-windows-ix86+x86_64 0.1-17 17.00 42.00 59.00 NOTE

Memtest notes: ASAN

Check Details

Version: 0.1-17
Check: installed package size
Result: NOTE
     installed size is 8.6Mb
     sub-directories of 1Mb or more:
     libs 8.5Mb
Flavors: r-devel-windows-ix86+x86_64, r-release-windows-ix86+x86_64, r-oldrel-windows-ix86+x86_64

Version: 0.1-17
Check: whether package can be installed
Result: ERROR
    Installation failed.
    See ‘/Builds/CRAN-QA-Simon/packages/mavericks-x86_64/results/3.1/Rsymphony.Rcheck/00install.out’ for details.
Flavor: r-release-osx-x86_64-mavericks