CRAN Package Check Results for Package Rsymphony

Last updated on 2017-04-29 08:49:13.

Flavor Version Tinstall Tcheck Ttotal Status Flags
r-devel-linux-x86_64-debian-clang 0.1-26 1.58 11.08 12.66 OK
r-devel-linux-x86_64-debian-gcc 0.1-26 1.48 10.70 12.18 OK
r-devel-linux-x86_64-fedora-clang 0.1-26 19.29 OK --no-stop-on-test-error
r-devel-linux-x86_64-fedora-gcc 0.1-26 18.30 OK --no-stop-on-test-error
r-devel-windows-ix86+x86_64 0.1-26 18.00 64.00 82.00 NOTE
r-patched-linux-x86_64 0.1-26 1.52 10.61 12.13 OK
r-release-linux-x86_64 0.1-26 1.50 10.62 12.11 OK
r-release-windows-ix86+x86_64 0.1-26 14.00 56.00 70.00 NOTE
r-release-osx-x86_64 0.1-26 ERROR
r-oldrel-windows-ix86+x86_64 0.1-26 24.00 88.00 112.00 NOTE
r-oldrel-osx-x86_64 0.1-26 ERROR

Check Details

Version: 0.1-26
Check: installed package size
Result: NOTE
     installed size is 8.8Mb
     sub-directories of 1Mb or more:
     libs 8.7Mb
Flavors: r-devel-windows-ix86+x86_64, r-release-windows-ix86+x86_64, r-oldrel-windows-ix86+x86_64

Version: 0.1-26
Check: whether package can be installed
Result: ERROR
    Installation failed.
Flavors: r-release-osx-x86_64, r-oldrel-osx-x86_64