CRAN Package Check Results for Package Rsymphony

Last updated on 2014-04-19 05:47:52.

Flavor Version Tinstall Tcheck Ttotal Status Flags
r-devel-linux-x86_64-debian-clang 0.1-17 4.49 31.37 35.86 OK
r-devel-linux-x86_64-debian-gcc 0.1-17 4.76 31.34 36.10 OK
r-devel-linux-x86_64-fedora-clang 0.1-17 61.19 OK
r-devel-linux-x86_64-fedora-gcc 0.1-17 59.66 OK
r-devel-macosx-x86_64-clang 0.1-17 24.70 OK
r-devel-macosx-x86_64-gcc 0.1-17 OK
r-devel-windows-ix86+x86_64 0.1-17 18.00 53.00 71.00 NOTE
r-patched-linux-x86_64 0.1-17 4.36 33.56 37.92 OK
r-release-linux-ix86 0.1-17 8.00 58.00 66.00 OK
r-release-linux-x86_64 0.1-17 4.58 32.54 37.12 OK
r-release-macosx-x86_64 0.1-17 OK
r-release-windows-ix86+x86_64 0.1-17 32.00 56.00 88.00 NOTE
r-oldrel-windows-ix86+x86_64 0.1-17 17.00 42.00 59.00 NOTE

Check Details

Version: 0.1-17
Check: installed package size
Result: NOTE
     installed size is 8.6Mb
     sub-directories of 1Mb or more:
     libs 8.5Mb
Flavors: r-devel-windows-ix86+x86_64, r-release-windows-ix86+x86_64, r-oldrel-windows-ix86+x86_64