CRAN Package Check Results for Package Rsymphony

Last updated on 2015-03-29 05:49:30.

Flavor Version Tinstall Tcheck Ttotal Status Flags
r-devel-linux-x86_64-debian-clang 0.1-19 1.14 8.56 9.70 OK
r-devel-linux-x86_64-debian-gcc 0.1-19 0.99 8.73 9.72 OK
r-devel-linux-x86_64-fedora-clang 0.1-19 17.75 ERROR
r-devel-linux-x86_64-fedora-gcc 0.1-19 17.13 ERROR
r-devel-osx-x86_64-clang 0.1-19 25.39 OK
r-prerel-windows-ix86+x86_64 0.1-19 13.00 47.00 60.00 NOTE
r-prerel-linux-x86_64 0.1-19 0.99 8.78 9.77 OK
r-release-linux-x86_64 0.1-19 1.04 9.10 10.14 OK
r-release-osx-x86_64-mavericks 0.1-19 ERROR
r-release-osx-x86_64-snowleopard 0.1-19 ERROR
r-release-windows-ix86+x86_64 0.1-19 14.00 51.00 65.00 NOTE
r-oldrel-windows-ix86+x86_64 0.1-19 12.00 81.00 93.00 NOTE

Check Details

Version: 0.1-19
Check: examples
Result: ERROR
    Running examples in ‘Rsymphony-Ex.R’ failed
    The error most likely occurred in:
    
    > ### Name: Rsymphony_solve_LP
    > ### Title: COIN-OR SYMPHONY Linear and Mixed Integer Programming Solver
    > ### Aliases: Rsymphony_solve_LP
    > ### Keywords: optimize
    >
    > ### ** Examples
    >
    > ## Simple linear program.
    > ## maximize: 2 x_1 + 4 x_2 + 3 x_3
    > ## subject to: 3 x_1 + 4 x_2 + 2 x_3 <= 60
    > ## 2 x_1 + x_2 + x_3 <= 40
    > ## x_1 + 3 x_2 + 2 x_3 <= 80
    > ## x_1, x_2, x_3 are non-negative real numbers
    >
    > obj <- c(2, 4, 3)
    > mat <- matrix(c(3, 2, 1, 4, 1, 3, 2, 1, 2), nrow = 3)
    > dir <- c("<=", "<=", "<=")
    > rhs <- c(60, 40, 80)
    > max <- TRUE
    >
    > Rsymphony_solve_LP(obj, mat, dir, rhs, max = max)
    
     *** caught segfault ***
    address (nil), cause 'memory not mapped'
    
    Traceback:
     1: .C("R_symphony_solve", as.integer(nc), as.integer(nr), as.integer(mat$matbeg), as.integer(mat$matind), as.double(mat$values), as.double(col_lb), as.double(col_ub), as.integer(int), if (max) as.double(-obj) else as.double(obj), obj2 = double(nc), as.character(paste(row_sense, collapse = "")), as.double(rhs), double(), objval = double(1L), solution = double(nc), status = integer(1L), verbosity = as.integer(verbosity), time_limit = as.integer(time_limit), node_limit = as.integer(node_limit), gap_limit = as.double(gap_limit), first_feasible = as.integer(first_feasible), write_lp = as.integer(write_lp), write_mps = as.integer(write_mps))
     2: Rsymphony_solve_LP(obj, mat, dir, rhs, max = max)
    aborting ...
Flavors: r-devel-linux-x86_64-fedora-clang, r-devel-linux-x86_64-fedora-gcc

Version: 0.1-19
Check: installed package size
Result: NOTE
     installed size is 8.6Mb
     sub-directories of 1Mb or more:
     libs 8.5Mb
Flavors: r-prerel-windows-ix86+x86_64, r-release-windows-ix86+x86_64, r-oldrel-windows-ix86+x86_64

Version: 0.1-19
Check: whether package can be installed
Result: ERROR
    Installation failed.
Flavors: r-release-osx-x86_64-mavericks, r-release-osx-x86_64-snowleopard