CRAN Package Check Results for Package Rsymphony

Last updated on 2017-10-23 01:47:01.

Flavor Version Tinstall Tcheck Ttotal Status Flags
r-devel-linux-x86_64-debian-clang 0.1-27 1.51 10.79 12.30 OK
r-devel-linux-x86_64-debian-gcc 0.1-27 1.32 11.65 12.97 OK
r-devel-linux-x86_64-fedora-clang 0.1-27 19.60 OK
r-devel-linux-x86_64-fedora-gcc 0.1-27 18.78 OK
r-devel-windows-ix86+x86_64 0.1-27 17.00 55.00 72.00 NOTE
r-patched-linux-x86_64 0.1-27 1.49 10.94 12.43 OK
r-release-linux-x86_64 0.1-27 1.48 10.68 12.16 OK
r-release-windows-ix86+x86_64 0.1-27 11.00 60.00 71.00 NOTE
r-release-osx-x86_64 0.1-27 ERROR
r-oldrel-windows-ix86+x86_64 0.1-27 15.00 63.00 78.00 NOTE
r-oldrel-osx-x86_64 0.1-27 ERROR

Check Details

Version: 0.1-27
Check: installed package size
Result: NOTE
     installed size is 8.8Mb
     sub-directories of 1Mb or more:
     libs 8.7Mb
Flavors: r-devel-windows-ix86+x86_64, r-release-windows-ix86+x86_64, r-oldrel-windows-ix86+x86_64

Version: 0.1-27
Check: whether package can be installed
Result: ERROR
    Installation failed.
Flavors: r-release-osx-x86_64, r-oldrel-osx-x86_64