CRAN Package Check Results for Package Rsymphony

Last updated on 2014-12-21 08:47:44.

Flavor Version Tinstall Tcheck Ttotal Status Flags
r-devel-linux-x86_64-debian-clang 0.1-17 4.05 16.46 20.51 OK
r-devel-linux-x86_64-debian-gcc 0.1-17 3.62 15.76 19.38 OK
r-devel-linux-x86_64-fedora-clang 0.1-17 27.31 OK
r-devel-linux-x86_64-fedora-gcc 0.1-17 26.24 OK
r-devel-osx-x86_64-clang 0.1-17 25.76 OK
r-devel-windows-ix86+x86_64 0.1-17 39.00 57.00 96.00 NOTE
r-patched-linux-x86_64 0.1-17 4.24 16.07 20.31 OK
r-release-linux-ix86 0.1-17 5.54 22.59 28.13 OK
r-release-linux-x86_64 0.1-17 4.19 15.96 20.15 OK
r-release-osx-x86_64-mavericks 0.1-17 ERROR
r-release-osx-x86_64-snowleopard 0.1-17 OK
r-release-windows-ix86+x86_64 0.1-17 19.00 46.00 65.00 NOTE
r-oldrel-windows-ix86+x86_64 0.1-17 17.00 42.00 59.00 NOTE

Check Details

Version: 0.1-17
Check: installed package size
Result: NOTE
     installed size is 8.6Mb
     sub-directories of 1Mb or more:
     libs 8.5Mb
Flavors: r-devel-windows-ix86+x86_64, r-release-windows-ix86+x86_64, r-oldrel-windows-ix86+x86_64

Version: 0.1-17
Check: whether package can be installed
Result: ERROR
    Installation failed.
Flavor: r-release-osx-x86_64-mavericks