CRAN Package Check Results for Package Rsymphony

Last updated on 2016-08-25 09:48:27.

Flavor Version Tinstall Tcheck Ttotal Status Flags
r-devel-linux-x86_64-debian-clang 0.1-22 1.37 8.95 10.32 OK
r-devel-linux-x86_64-debian-gcc 0.1-22 1.51 8.81 10.32 OK
r-devel-linux-x86_64-fedora-clang 0.1-22 16.06 OK
r-devel-linux-x86_64-fedora-gcc 0.1-22 14.96 OK
r-devel-osx-x86_64-clang 0.1-22 14.70 OK
r-devel-windows-ix86+x86_64 0.1-22 15.00 41.00 56.00 ERROR
r-patched-linux-x86_64 0.1-22 1.33 8.83 10.16 OK
r-release-linux-x86_64 0.1-22 1.34 8.70 10.04 OK
r-release-osx-x86_64-mavericks 0.1-22 ERROR
r-release-windows-ix86+x86_64 0.1-22 16.00 38.00 54.00 ERROR
r-oldrel-windows-ix86+x86_64 0.1-22 13.00 65.00 78.00 NOTE

Memtest notes: clang-ASAN gcc6-ASAN

Check Details

Version: 0.1-22
Check: installed package size
Result: NOTE
     installed size is 8.9Mb
     sub-directories of 1Mb or more:
     libs 8.8Mb
Flavors: r-devel-windows-ix86+x86_64, r-release-windows-ix86+x86_64, r-oldrel-windows-ix86+x86_64

Version: 0.1-22
Check: running examples for arch ‘i386’
Result: ERROR
    Running examples in 'Rsymphony-Ex.R' failed
    The error most likely occurred in:
    
    > ### Name: Rsymphony_solve_LP
    > ### Title: COIN-OR SYMPHONY Linear and Mixed Integer Programming Solver
    > ### Aliases: Rsymphony_solve_LP
    > ### Keywords: optimize
    >
    > ### ** Examples
    >
    > ## Simple linear program.
    > ## maximize: 2 x_1 + 4 x_2 + 3 x_3
    > ## subject to: 3 x_1 + 4 x_2 + 2 x_3 <= 60
    > ## 2 x_1 + x_2 + x_3 <= 40
    > ## x_1 + 3 x_2 + 2 x_3 <= 80
    > ## x_1, x_2, x_3 are non-negative real numbers
    >
    > obj <- c(2, 4, 3)
    > mat <- matrix(c(3, 2, 1, 4, 1, 3, 2, 1, 2), nrow = 3)
    > dir <- c("<=", "<=", "<=")
    > rhs <- c(60, 40, 80)
    > max <- TRUE
    >
    > Rsymphony_solve_LP(obj, mat, dir, rhs, max = max)
Flavors: r-devel-windows-ix86+x86_64, r-release-windows-ix86+x86_64

Version: 0.1-22
Check: running examples for arch ‘x64’
Result: ERROR
    Running examples in 'Rsymphony-Ex.R' failed
    The error most likely occurred in:
    
    > ### Name: Rsymphony_solve_LP
    > ### Title: COIN-OR SYMPHONY Linear and Mixed Integer Programming Solver
    > ### Aliases: Rsymphony_solve_LP
    > ### Keywords: optimize
    >
    > ### ** Examples
    >
    > ## Simple linear program.
    > ## maximize: 2 x_1 + 4 x_2 + 3 x_3
    > ## subject to: 3 x_1 + 4 x_2 + 2 x_3 <= 60
    > ## 2 x_1 + x_2 + x_3 <= 40
    > ## x_1 + 3 x_2 + 2 x_3 <= 80
    > ## x_1, x_2, x_3 are non-negative real numbers
    >
    > obj <- c(2, 4, 3)
    > mat <- matrix(c(3, 2, 1, 4, 1, 3, 2, 1, 2), nrow = 3)
    > dir <- c("<=", "<=", "<=")
    > rhs <- c(60, 40, 80)
    > max <- TRUE
    >
    > Rsymphony_solve_LP(obj, mat, dir, rhs, max = max)
Flavors: r-devel-windows-ix86+x86_64, r-release-windows-ix86+x86_64

Version: 0.1-22
Check: whether package can be installed
Result: ERROR
    Installation failed.
Flavor: r-release-osx-x86_64-mavericks