Last updated on 2022-08-12 07:53:25 CEST.
Flavor | Version | Tinstall | Tcheck | Ttotal | Status | Flags |
---|---|---|---|---|---|---|
r-devel-linux-x86_64-debian-clang | 0.9 | 11.51 | 111.78 | 123.29 | OK | |
r-devel-linux-x86_64-debian-gcc | 0.9 | 10.16 | 85.82 | 95.98 | OK | |
r-devel-linux-x86_64-fedora-clang | 0.9 | 158.63 | OK | |||
r-devel-linux-x86_64-fedora-gcc | 0.9 | 158.70 | OK | |||
r-devel-windows-x86_64 | 0.9 | 30.00 | 182.00 | 212.00 | OK | |
r-patched-linux-x86_64 | 0.9 | 12.23 | 106.50 | 118.73 | OK | |
r-release-linux-x86_64 | 0.9 | 12.60 | 110.95 | 123.55 | OK | |
r-release-macos-arm64 | 0.9 | 72.00 | OK | |||
r-release-macos-x86_64 | 0.9 | 102.00 | OK | |||
r-release-windows-x86_64 | 0.9 | 24.00 | 184.00 | 208.00 | OK | |
r-oldrel-macos-arm64 | 0.9 | 60.00 | OK | |||
r-oldrel-macos-x86_64 | 0.9 | 94.00 | OK | |||
r-oldrel-windows-ix86+x86_64 | 0.9 | 29.00 | 439.00 | 468.00 | ERROR |
Version: 0.9
Check: PDF version of manual
Result: WARN
LaTeX errors when creating PDF version.
This typically indicates Rd problems.
LaTeX errors found:
! Package inputenc Error: Unicode char â<c2><80><c2><90> (U+2010)
(inputenc) not set up for use with LaTeX.
See the inputenc package documentation for explanation.
Type H <return> for immediate help.
! Package inputenc Error: Unicode char â<c2><80><c2><90> (U+2010)
(inputenc) not set up for use with LaTeX.
See the inputenc package documentation for explanation.
Type H <return> for immediate help.
Flavor: r-oldrel-windows-ix86+x86_64
Version: 0.9
Check: PDF version of manual without hyperrefs or index
Result: ERROR
Flavor: r-oldrel-windows-ix86+x86_64