Last updated on 2021-04-12 19:49:33 CEST.
Flavor | Version | Tinstall | Tcheck | Ttotal | Status | Flags |
---|---|---|---|---|---|---|
r-devel-linux-x86_64-debian-clang | 0.2.4 | 4.41 | 42.01 | 46.42 | NOTE | |
r-devel-linux-x86_64-debian-gcc | 0.2.4 | 3.79 | 31.68 | 35.47 | NOTE | |
r-devel-linux-x86_64-fedora-clang | 0.2.4 | 63.88 | NOTE | |||
r-devel-linux-x86_64-fedora-gcc | 0.2.4 | 55.69 | NOTE | |||
r-devel-windows-ix86+x86_64 | 0.2.4 | 14.00 | 58.00 | 72.00 | NOTE | |
r-devel-windows-x86_64-gcc10-UCRT | 0.2.4 | NOTE | ||||
r-patched-linux-x86_64 | 0.2.4 | 4.95 | 39.04 | 43.99 | OK | |
r-patched-solaris-x86 | 0.2.4 | 79.40 | NOTE | |||
r-release-linux-x86_64 | 0.2.4 | 4.51 | 39.16 | 43.67 | OK | |
r-release-macos-x86_64 | 0.2.4 | NOTE | ||||
r-release-windows-ix86+x86_64 | 0.2.4 | 14.00 | 59.00 | 73.00 | OK | |
r-oldrel-macos-x86_64 | 0.2.4 | NOTE | ||||
r-oldrel-windows-ix86+x86_64 | 0.2.4 | 9.00 | 44.00 | 53.00 | OK |
Version: 0.2.4
Check: LazyData
Result: NOTE
'LazyData' is specified without a 'data' directory
Flavors: r-devel-linux-x86_64-debian-clang, r-devel-linux-x86_64-debian-gcc, r-devel-linux-x86_64-fedora-clang, r-devel-linux-x86_64-fedora-gcc, r-devel-windows-ix86+x86_64, r-devel-windows-x86_64-gcc10-UCRT
Version: 0.2.4
Check: dependencies in R code
Result: NOTE
Namespaces in Imports field not imported from:
‘httr’ ‘logger’
All declared Imports should be used.
Flavors: r-devel-linux-x86_64-fedora-clang, r-devel-linux-x86_64-fedora-gcc, r-devel-windows-x86_64-gcc10-UCRT, r-patched-solaris-x86, r-release-macos-x86_64, r-oldrel-macos-x86_64