Last updated on 2022-05-19 17:51:35 CEST.
Flavor | Version | Tinstall | Tcheck | Ttotal | Status | Flags |
---|---|---|---|---|---|---|
r-devel-linux-x86_64-debian-clang | 1.2.1 | 20.21 | 228.53 | 248.74 | OK | |
r-devel-linux-x86_64-debian-gcc | 1.2.1 | 15.98 | 174.02 | 190.00 | OK | |
r-devel-linux-x86_64-fedora-clang | 1.2.1 | 296.85 | OK | |||
r-devel-linux-x86_64-fedora-gcc | 1.2.1 | 302.32 | OK | |||
r-devel-windows-x86_64 | 1.2.1 | 47.00 | 586.00 | 633.00 | OK | |
r-patched-linux-x86_64 | 1.2.1 | 16.23 | 217.71 | 233.94 | OK | |
r-release-linux-x86_64 | 1.2.1 | 16.93 | 220.83 | 237.76 | OK | |
r-release-macos-arm64 | 1.2.1 | 203.00 | OK | |||
r-release-macos-x86_64 | 1.2.1 | 7.00 | ERROR | |||
r-release-windows-x86_64 | 1.2.1 | 42.00 | 588.00 | 630.00 | OK | |
r-oldrel-macos-arm64 | 1.2.1 | 220.00 | OK | |||
r-oldrel-macos-x86_64 | 1.2.1 | 269.00 | OK | |||
r-oldrel-windows-ix86+x86_64 | 1.2.1 | 43.00 | 608.00 | 651.00 | OK |
Version: 1.2.1
Check: package dependencies
Result: ERROR
Package required but not available: ‘RcppAlgos’
See section ‘The DESCRIPTION file’ in the ‘Writing R Extensions’
manual.
Flavor: r-release-macos-x86_64