CRAN Package Check Results for Package Rttf2pt1

Last updated on 2014-08-20 17:47:53.

Flavor Version Tinstall Tcheck Ttotal Status Flags
r-devel-linux-x86_64-debian-clang 1.3.2 3.07 9.06 12.13 WARN
r-devel-linux-x86_64-debian-gcc 1.3.2 5.88 8.13 14.01 WARN
r-devel-linux-x86_64-fedora-clang 1.3.2 22.86 WARN
r-devel-linux-x86_64-fedora-gcc 1.3.2 24.38 WARN
r-devel-osx-x86_64-clang 1.3.2 23.95 WARN
r-devel-windows-ix86+x86_64 1.3.2 10.00 14.00 24.00 OK
r-patched-linux-x86_64 1.3.2 6.02 8.19 14.21 WARN
r-patched-solaris-sparc 1.3.2 129.40 OK
r-patched-solaris-x86 1.3.2 39.30 OK
r-release-linux-ix86 1.3.2 7.44 14.16 21.59 WARN
r-release-linux-x86_64 1.3.2 5.96 8.33 14.29 WARN
r-release-osx-x86_64-mavericks 1.3.2 WARN
r-release-osx-x86_64-snowleopard 1.3.2 OK
r-release-windows-ix86+x86_64 1.3.2 10.00 16.00 26.00 OK
r-oldrel-windows-ix86+x86_64 1.3.2 11.00 17.00 28.00 OK

Check Details

Version: 1.3.2
Check: whether package can be installed
Result: WARNING
    Found the following significant warnings:
     bitmap.c:2000:49: warning: data argument not used by format string [-Wformat-extra-args]
Flavors: r-devel-linux-x86_64-debian-clang, r-devel-linux-x86_64-fedora-clang, r-devel-osx-x86_64-clang, r-release-osx-x86_64-mavericks

Version: 1.3.2
Check: whether package can be installed
Result: WARNING
    Found the following significant warnings:
     bitmap.c:2000:10: warning: too many arguments for format [-Wformat-extra-args]
Flavors: r-devel-linux-x86_64-debian-gcc, r-devel-linux-x86_64-fedora-gcc, r-patched-linux-x86_64, r-release-linux-ix86, r-release-linux-x86_64