CRAN Package Check Results for Package Rttf2pt1

Last updated on 2014-07-23 19:49:22.

Flavor Version Tinstall Tcheck Ttotal Status Flags
r-devel-linux-x86_64-debian-clang 1.3.1 3.40 8.26 11.65 OK
r-devel-linux-x86_64-debian-gcc 1.3.1 5.90 8.21 14.11 OK
r-devel-linux-x86_64-fedora-clang 1.3.1 22.86 OK
r-devel-linux-x86_64-fedora-gcc 1.3.1 24.65 OK
r-devel-osx-x86_64-clang 1.3.1 24.25 OK
r-devel-windows-ix86+x86_64 1.3.1 9.00 15.00 24.00 OK
r-patched-linux-x86_64 1.3.1 5.88 8.13 14.01 OK
r-patched-solaris-sparc 1.3.1 22.10 ERROR
r-patched-solaris-x86 1.3.1 6.90 ERROR
r-release-linux-ix86 1.3.1 7.42 13.94 21.35 OK
r-release-linux-x86_64 1.3.1 5.98 8.57 14.55 OK
r-release-osx-x86_64-mavericks 1.3.1 OK
r-release-osx-x86_64-snowleopard 1.3.1 ERROR
r-release-windows-ix86+x86_64 1.3.1 13.00 15.00 28.00 OK
r-oldrel-windows-ix86+x86_64 1.3.1 10.00 18.00 28.00 OK

Check Details

Version: 1.3.1
Check: whether package can be installed
Result: ERROR
    Installation failed.
    See ‘/home/ripley/R/packages/tests32/Rttf2pt1.Rcheck/00install.out’ for details.
Flavors: r-patched-solaris-sparc, r-patched-solaris-x86

Version: 1.3.1
Check: whether package can be installed
Result: ERROR
    Installation failed.
    See ‘/Volumes/XT3/Builds/R-dev-web/QA/Simon/packages/snowleopard-x86_64/results/3.1/Rttf2pt1.Rcheck/00install.out’ for details.
Flavor: r-release-osx-x86_64-snowleopard