CRAN Package Check Results for Package Rttf2pt1

Last updated on 2018-05-22 22:48:47 CEST.

Flavor Version Tinstall Tcheck Ttotal Status Flags
r-devel-linux-x86_64-debian-clang 1.3.6 8.84 16.15 24.99 OK
r-devel-linux-x86_64-debian-gcc 1.3.6 9.54 12.89 22.43 WARN
r-devel-linux-x86_64-fedora-clang 1.3.6 30.17 OK
r-devel-linux-x86_64-fedora-gcc 1.3.6 28.35 WARN
r-devel-windows-ix86+x86_64 1.3.6 15.00 25.00 40.00 OK
r-patched-linux-x86_64 1.3.6 11.01 15.37 26.38 WARN
r-patched-solaris-x86 1.3.6 53.90 OK
r-release-linux-x86_64 1.3.6 11.29 15.48 26.77 WARN
r-release-windows-ix86+x86_64 1.3.6 16.00 23.00 39.00 OK
r-release-osx-x86_64 1.3.6 OK
r-oldrel-windows-ix86+x86_64 1.3.6 11.00 23.00 34.00 OK
r-oldrel-osx-x86_64 1.3.6 OK

Check Details

Version: 1.3.6
Check: whether package can be installed
Result: WARN
    Found the following significant warnings:
     bitmap.c:1594:29: warning: suggest parentheses around comparison in operand of ‘^’ [-Wparentheses]
Flavors: r-devel-linux-x86_64-debian-gcc, r-devel-linux-x86_64-fedora-gcc, r-patched-linux-x86_64, r-release-linux-x86_64