CRAN Package Check Results for Package Rttf2pt1

Last updated on 2016-05-01 20:47:35.

Flavor Version Tinstall Tcheck Ttotal Status Flags
r-devel-linux-x86_64-debian-gcc 1.3.3 6.73 8.38 15.11 OK
r-devel-linux-x86_64-fedora-clang 1.3.3 23.65 OK
r-devel-linux-x86_64-fedora-gcc 1.3.3 21.31 OK
r-devel-osx-x86_64-clang 1.3.3 26.85 OK
r-devel-windows-ix86+x86_64 1.3.3 10.00 3.00 13.00 ERROR
r-patched-linux-x86_64 1.3.3 6.50 8.08 14.58 OK
r-patched-solaris-sparc 1.3.3 134.90 OK
r-patched-solaris-x86 1.3.3 33.40 OK
r-release-linux-x86_64 1.3.3 6.64 8.94 15.58 OK
r-release-osx-x86_64-mavericks 1.3.3 OK
r-release-windows-ix86+x86_64 1.3.3 10.00 14.00 24.00 OK
r-oldrel-windows-ix86+x86_64 1.3.3 14.00 15.00 29.00 OK

Check Details

Version: 1.3.3
Check: whether package can be installed
Result: ERROR
    Installation failed.
Flavor: r-devel-windows-ix86+x86_64