CRAN Package Check Results for Package Rttf2pt1

Last updated on 2014-11-28 19:51:28.

Flavor Version Tinstall Tcheck Ttotal Status Flags
r-devel-linux-x86_64-debian-clang 1.3.2 3.31 8.81 12.12 WARN
r-devel-linux-x86_64-debian-gcc 1.3.2 6.02 8.76 14.78 WARN
r-devel-linux-x86_64-fedora-clang 1.3.2 25.39 WARN
r-devel-linux-x86_64-fedora-gcc 1.3.2 29.49 WARN
r-devel-osx-x86_64-clang 1.3.2 25.04 WARN
r-devel-windows-ix86+x86_64 1.3.2 10.00 14.00 24.00 OK
r-patched-linux-x86_64 1.3.2 6.01 8.96 14.98 WARN
r-patched-solaris-sparc 1.3.2 129.40 OK
r-patched-solaris-x86 1.3.2 42.50 OK
r-release-linux-ix86 1.3.2 7.00 14.00 21.00 WARN
r-release-linux-x86_64 1.3.2 6.00 10.53 16.52 WARN
r-release-osx-x86_64-mavericks 1.3.2 WARN
r-release-osx-x86_64-snowleopard 1.3.2 OK
r-release-windows-ix86+x86_64 1.3.2 10.00 14.00 24.00 OK
r-oldrel-windows-ix86+x86_64 1.3.2 11.00 17.00 28.00 OK

Check Details

Version: 1.3.2
Check: whether package can be installed
Result: WARN
    Found the following significant warnings:
     bitmap.c:2000:49: warning: data argument not used by format string [-Wformat-extra-args]
Flavors: r-devel-linux-x86_64-debian-clang, r-devel-linux-x86_64-fedora-clang, r-devel-osx-x86_64-clang, r-release-osx-x86_64-mavericks

Version: 1.3.2
Check: whether package can be installed
Result: WARN
    Found the following significant warnings:
     bitmap.c:2000:10: warning: too many arguments for format [-Wformat-extra-args]
Flavors: r-devel-linux-x86_64-debian-gcc, r-devel-linux-x86_64-fedora-gcc, r-patched-linux-x86_64, r-release-linux-ix86, r-release-linux-x86_64