CRAN Package Check Results for Package Runuran

Last updated on 2020-01-17 18:48:24 CET.

Flavor Version Tinstall Tcheck Ttotal Status Flags
r-devel-linux-x86_64-debian-clang 0.27 58.80 93.04 151.84 WARN
r-devel-linux-x86_64-debian-gcc 0.27 34.77 68.75 103.52 WARN
r-devel-linux-x86_64-fedora-clang 0.27 183.75 WARN
r-devel-linux-x86_64-fedora-gcc 0.27 173.12 WARN
r-devel-windows-ix86+x86_64 0.27 268.00 210.00 478.00 OK
r-devel-windows-ix86+x86_64-gcc8 0.27 188.00 171.00 359.00 OK
r-patched-linux-x86_64 0.27 39.41 85.63 125.04 OK
r-patched-solaris-x86 0.27 235.70 OK
r-release-linux-x86_64 0.27 38.79 85.57 124.36 OK
r-release-windows-ix86+x86_64 0.27 270.00 216.00 486.00 OK
r-release-osx-x86_64 0.27 OK
r-oldrel-windows-ix86+x86_64 0.27 259.00 159.00 418.00 OK
r-oldrel-osx-x86_64 0.27 OK

Check Details

Version: 0.27
Check: whether package can be installed
Result: WARN
    Found the following significant warnings:
     'config' variable 'CPP' is deprecated
Flavors: r-devel-linux-x86_64-debian-clang, r-devel-linux-x86_64-debian-gcc, r-devel-linux-x86_64-fedora-clang, r-devel-linux-x86_64-fedora-gcc