CRAN Package Check Results for Package Runuran

Last updated on 2017-09-25 02:47:42.

Flavor Version Tinstall Tcheck Ttotal Status Flags
r-devel-linux-x86_64-debian-clang 0.23.0 39.79 50.81 90.59 NOTE
r-devel-linux-x86_64-debian-gcc 0.23.0 32.90 49.84 82.74 NOTE
r-devel-linux-x86_64-fedora-clang 0.23.0 143.69 NOTE
r-devel-linux-x86_64-fedora-gcc 0.23.0 147.20 NOTE
r-devel-windows-ix86+x86_64 0.23.0 266.00 132.00 398.00 OK
r-patched-linux-x86_64 0.23.0 31.92 49.80 81.73 NOTE
r-patched-solaris-x86 0.23.0 228.30 OK
r-release-linux-x86_64 0.23.0 31.90 49.28 81.18 NOTE
r-release-windows-ix86+x86_64 0.23.0 199.00 141.00 340.00 OK
r-release-osx-x86_64 0.23.0 OK
r-oldrel-windows-ix86+x86_64 0.23.0 135.00 127.00 262.00 OK
r-oldrel-osx-x86_64 0.23.0 OK

Additional issues

rchk

Check Details

Version: 0.23.0
Check: compiled code
Result: NOTE
    File ‘Runuran/libs/Runuran.so’:
     Found no calls to: ‘R_registerRoutines’, ‘R_useDynamicSymbols’
    
    It is good practice to register native routines and to disable symbol
    search.
    
    See ‘Writing portable packages’ in the ‘Writing R Extensions’ manual.
Flavors: r-devel-linux-x86_64-debian-clang, r-devel-linux-x86_64-debian-gcc, r-devel-linux-x86_64-fedora-clang, r-devel-linux-x86_64-fedora-gcc, r-patched-linux-x86_64, r-release-linux-x86_64