CRAN Package Check Results for Package Runuran

Last updated on 2015-06-30 22:47:36.

Flavor Version Tinstall Tcheck Ttotal Status Flags
r-devel-linux-x86_64-debian-clang 0.21.0 22.86 47.27 70.13 NOTE
r-devel-linux-x86_64-debian-gcc 0.21.0 28.54 44.97 73.51 NOTE
r-devel-linux-x86_64-fedora-clang 0.21.0 129.70 NOTE
r-devel-linux-x86_64-fedora-gcc 0.21.0 131.09 NOTE
r-devel-osx-x86_64-clang 0.21.0 118.62 OK
r-devel-windows-ix86+x86_64 0.21.0 265.00 119.00 384.00 OK
r-patched-linux-x86_64 0.21.0 28.15 45.26 73.41 OK
r-patched-solaris-sparc 0.21.0 811.30 OK
r-patched-solaris-x86 0.21.0 165.40 OK
r-release-linux-x86_64 0.21.0 28.22 45.39 73.60 OK
r-release-osx-x86_64-mavericks 0.21.0 OK
r-release-windows-ix86+x86_64 0.21.0 146.00 130.00 276.00 OK
r-oldrel-windows-ix86+x86_64 0.21.0 250.00 118.00 368.00 OK

Check Details

Version: 0.21.0
Check: R code for possible problems
Result: NOTE
    urnbinom: no visible global function definition for ‘pnbinom’
    urpois: no visible global function definition for ‘ppois’
Flavors: r-devel-linux-x86_64-debian-clang, r-devel-linux-x86_64-debian-gcc, r-devel-linux-x86_64-fedora-clang, r-devel-linux-x86_64-fedora-gcc