CRAN Package Check Results for Package Runuran

Last updated on 2017-02-26 10:48:22.

Flavor Version Tinstall Tcheck Ttotal Status Flags
r-devel-linux-x86_64-debian-clang 0.23.0 33.12 51.61 84.72 NOTE
r-devel-linux-x86_64-debian-gcc 0.23.0 31.75 49.00 80.75 NOTE
r-devel-linux-x86_64-fedora-clang 0.23.0 146.97 NOTE --no-stop-on-test-error
r-devel-linux-x86_64-fedora-gcc 0.23.0 145.84 NOTE --no-stop-on-test-error
r-devel-macos-x86_64-clang 0.23.0 112.28 NOTE --no-stop-on-test-error
r-devel-windows-ix86+x86_64 0.23.0 156.00 176.00 332.00 OK
r-patched-linux-x86_64 0.23.0 29.27 45.68 74.95 OK
r-patched-solaris-sparc 0.23.0 794.30 OK
r-patched-solaris-x86 0.23.0 166.60 OK
r-release-linux-x86_64 0.23.0 29.43 45.37 74.80 OK
r-release-osx-x86_64-mavericks 0.23.0 OK
r-release-windows-ix86+x86_64 0.23.0 135.00 127.00 262.00 OK
r-oldrel-windows-ix86+x86_64 0.23.0 196.00 125.00 321.00 OK

Check Details

Version: 0.23.0
Check: compiled code
Result: NOTE
    File ‘Runuran/libs/Runuran.so’:
     Found no calls to: ‘R_registerRoutines’, ‘R_useDynamicSymbols’
    
    It is good practice to register native routines and to disable symbol
    search.
    
    See ‘Writing portable packages’ in the ‘Writing R Extensions’ manual.
Flavors: r-devel-linux-x86_64-debian-clang, r-devel-linux-x86_64-debian-gcc

Version: 0.23.0
Flags: --no-stop-on-test-error
Check: compiled code
Result: NOTE
    File ‘Runuran/libs/Runuran.so’:
     Found no calls to: ‘R_registerRoutines’, ‘R_useDynamicSymbols’
    
    It is good practice to register native routines and to disable symbol
    search.
    
    See ‘Writing portable packages’ in the ‘Writing R Extensions’ manual.
Flavors: r-devel-linux-x86_64-fedora-clang, r-devel-linux-x86_64-fedora-gcc, r-devel-macos-x86_64-clang