CRAN Package Check Results for Package Runuran

Last updated on 2014-04-19 05:47:52.

Flavor Version Tinstall Tcheck Ttotal Status Flags
r-devel-linux-x86_64-debian-clang 0.20.0 20.63 43.34 63.97 NOTE
r-devel-linux-x86_64-debian-gcc 0.20.0 27.94 43.67 71.61 NOTE
r-devel-linux-x86_64-fedora-clang 0.20.0 128.19 NOTE
r-devel-linux-x86_64-fedora-gcc 0.20.0 132.96 NOTE
r-devel-macosx-x86_64-clang 0.20.0 91.14 NOTE
r-devel-macosx-x86_64-gcc 0.20.0 NOTE
r-devel-windows-ix86+x86_64 0.20.0 174.00 127.00 301.00 NOTE
r-patched-linux-x86_64 0.20.0 27.82 43.65 71.48 NOTE
r-patched-solaris-sparc 0.20.0 738.80 NOTE
r-patched-solaris-x86 0.20.0 157.50 NOTE
r-release-linux-ix86 0.20.0 70.00 80.00 150.00 NOTE
r-release-linux-x86_64 0.20.0 27.70 43.76 71.46 NOTE
r-release-windows-ix86+x86_64 0.20.0 325.00 131.00 456.00 NOTE
r-oldrel-windows-ix86+x86_64 0.20.0 173.00 114.00 287.00 NOTE

Check Details

Version: 0.20.0
Check: for old-style vignette sources
Result: NOTE
    Vignette sources only in ‘inst/doc’:
     ‘Runuran.Rnw’
    A ‘vignettes’ directory is required as from R 3.1.0
    and these will not be indexed nor checked
Flavors: r-devel-linux-x86_64-debian-clang, r-devel-linux-x86_64-debian-gcc, r-devel-linux-x86_64-fedora-clang, r-devel-linux-x86_64-fedora-gcc, r-devel-macosx-x86_64-clang, r-devel-macosx-x86_64-gcc, r-patched-linux-x86_64, r-patched-solaris-sparc, r-patched-solaris-x86, r-release-linux-ix86, r-release-linux-x86_64

Version: 0.20.0
Check: top-level files
Result: NOTE
    Non-standard file/directory found at top level:
     ‘scripts’
Flavors: r-devel-linux-x86_64-fedora-clang, r-devel-linux-x86_64-fedora-gcc

Version: 0.20.0
Check: for old-style vignette sources
Result: NOTE
    Vignette sources only in 'inst/doc':
     'Runuran.Rnw'
    A 'vignettes' directory is required as from R 3.1.0
    and these will not be indexed nor checked
    * checking examples ...
Flavors: r-devel-windows-ix86+x86_64, r-release-windows-ix86+x86_64

Version: 0.20.0
Check: for old-style vignette sources
Result: NOTE
    Vignette sources only in 'inst/doc':
     'Runuran.Rnw'
    A 'vignettes' directory will be required as from R 3.1.0
    * checking examples ...
Flavor: r-oldrel-windows-ix86+x86_64