CRAN Package Check Results for Package Runuran

Last updated on 2014-07-26 16:48:44.

Flavor Version Tinstall Tcheck Ttotal Status Flags
r-devel-linux-x86_64-debian-clang 0.20.0 20.14 40.84 60.98 NOTE
r-devel-linux-x86_64-debian-gcc 0.20.0 28.41 40.43 68.84 NOTE
r-devel-linux-x86_64-fedora-clang 0.20.0 122.78 NOTE
r-devel-linux-x86_64-fedora-gcc 0.20.0 129.60 NOTE
r-devel-osx-x86_64-clang 0.20.0 99.79 NOTE
r-devel-windows-ix86+x86_64 0.20.0 173.00 106.00 279.00 NOTE
r-patched-linux-x86_64 0.20.0 28.52 42.35 70.87 NOTE
r-patched-solaris-sparc 0.20.0 738.80 NOTE
r-patched-solaris-x86 0.20.0 161.50 NOTE
r-release-linux-ix86 0.20.0 40.95 61.10 102.05 NOTE
r-release-linux-x86_64 0.20.0 28.96 42.13 71.09 NOTE
r-release-osx-x86_64-mavericks 0.20.0 NOTE
r-release-windows-ix86+x86_64 0.20.0 231.00 104.00 335.00 NOTE
r-oldrel-windows-ix86+x86_64 0.20.0 173.00 114.00 287.00 NOTE

Check Details

Version: 0.20.0
Check: for old-style vignette sources
Result: NOTE
    Vignette sources only in ‘inst/doc’:
     ‘Runuran.Rnw’
    A ‘vignettes’ directory is required as from R 3.1.0
    and these will not be indexed nor checked
Flavors: r-devel-linux-x86_64-debian-clang, r-devel-linux-x86_64-debian-gcc, r-devel-linux-x86_64-fedora-clang, r-devel-linux-x86_64-fedora-gcc, r-devel-osx-x86_64-clang, r-patched-linux-x86_64, r-patched-solaris-sparc, r-patched-solaris-x86, r-release-linux-ix86, r-release-linux-x86_64, r-release-osx-x86_64-mavericks

Version: 0.20.0
Check: top-level files
Result: NOTE
    Non-standard file/directory found at top level:
     ‘scripts’
Flavors: r-devel-linux-x86_64-fedora-clang, r-devel-linux-x86_64-fedora-gcc

Version: 0.20.0
Check: for old-style vignette sources
Result: NOTE
    Vignette sources only in 'inst/doc':
     'Runuran.Rnw'
    A 'vignettes' directory is required as from R 3.1.0
    and these will not be indexed nor checked
    * checking examples ...
Flavors: r-devel-windows-ix86+x86_64, r-release-windows-ix86+x86_64

Version: 0.20.0
Check: for old-style vignette sources
Result: NOTE
    Vignette sources only in 'inst/doc':
     'Runuran.Rnw'
    A 'vignettes' directory will be required as from R 3.1.0
    * checking examples ...
Flavor: r-oldrel-windows-ix86+x86_64