CRAN Package Check Results for Package Runuran

Last updated on 2017-05-26 12:49:07.

Flavor Version Tinstall Tcheck Ttotal Status Flags
r-devel-linux-x86_64-debian-clang 0.23.0 34.31 50.96 85.27 NOTE
r-devel-linux-x86_64-debian-gcc 0.23.0 33.68 51.03 84.70 NOTE
r-devel-linux-x86_64-fedora-clang 0.23.0 148.20 NOTE
r-devel-linux-x86_64-fedora-gcc 0.23.0 144.42 NOTE
r-devel-windows-ix86+x86_64 0.23.0 326.00 177.00 503.00 OK
r-patched-linux-x86_64 0.23.0 32.95 51.73 84.68 NOTE
r-patched-solaris-sparc 0.23.0 990.60 OK
r-patched-solaris-x86 0.23.0 205.70 OK
r-release-linux-x86_64 0.23.0 29.42 50.24 79.66 NOTE
r-release-windows-ix86+x86_64 0.23.0 197.00 147.00 344.00 OK
r-release-osx-x86_64 0.23.0 OK
r-oldrel-windows-ix86+x86_64 0.23.0 135.00 127.00 262.00 OK
r-oldrel-osx-x86_64 0.23.0 OK

Additional issues

rchk

Check Details

Version: 0.23.0
Check: compiled code
Result: NOTE
    File ‘Runuran/libs/Runuran.so’:
     Found no calls to: ‘R_registerRoutines’, ‘R_useDynamicSymbols’
    
    It is good practice to register native routines and to disable symbol
    search.
    
    See ‘Writing portable packages’ in the ‘Writing R Extensions’ manual.
Flavors: r-devel-linux-x86_64-debian-clang, r-devel-linux-x86_64-debian-gcc, r-devel-linux-x86_64-fedora-clang, r-devel-linux-x86_64-fedora-gcc, r-patched-linux-x86_64, r-release-linux-x86_64