CRAN Package Check Results for Package Runuran

Last updated on 2017-03-22 23:53:38.

Flavor Version Tinstall Tcheck Ttotal Status Flags
r-devel-linux-x86_64-debian-clang 0.23.0 34.89 50.80 85.70 NOTE
r-devel-linux-x86_64-debian-gcc 0.23.0 31.96 49.27 81.23 NOTE
r-devel-linux-x86_64-fedora-clang 0.23.0 148.20 NOTE --no-stop-on-test-error
r-devel-linux-x86_64-fedora-gcc 0.23.0 148.47 NOTE --no-stop-on-test-error
r-devel-macos-x86_64-clang 0.23.0 109.25 NOTE --no-stop-on-test-error
r-devel-windows-ix86+x86_64 0.23.0 203.00 136.00 339.00 OK
r-patched-linux-x86_64 0.23.0 29.06 45.16 74.22 OK
r-patched-solaris-sparc 0.23.0 990.60 OK
r-patched-solaris-x86 0.23.0 228.30 OK
r-release-linux-x86_64 0.23.0 29.10 45.50 74.60 OK
r-release-osx-x86_64-mavericks 0.23.0 OK
r-release-windows-ix86+x86_64 0.23.0 135.00 127.00 262.00 OK
r-oldrel-windows-ix86+x86_64 0.23.0 196.00 125.00 321.00 OK

Check Details

Version: 0.23.0
Check: compiled code
Result: NOTE
    File ‘Runuran/libs/Runuran.so’:
     Found no calls to: ‘R_registerRoutines’, ‘R_useDynamicSymbols’
    
    It is good practice to register native routines and to disable symbol
    search.
    
    See ‘Writing portable packages’ in the ‘Writing R Extensions’ manual.
Flavors: r-devel-linux-x86_64-debian-clang, r-devel-linux-x86_64-debian-gcc

Version: 0.23.0
Flags: --no-stop-on-test-error
Check: compiled code
Result: NOTE
    File ‘Runuran/libs/Runuran.so’:
     Found no calls to: ‘R_registerRoutines’, ‘R_useDynamicSymbols’
    
    It is good practice to register native routines and to disable symbol
    search.
    
    See ‘Writing portable packages’ in the ‘Writing R Extensions’ manual.
Flavors: r-devel-linux-x86_64-fedora-clang, r-devel-linux-x86_64-fedora-gcc, r-devel-macos-x86_64-clang