CRAN Package Check Results for Package Runuran

Last updated on 2017-04-24 20:47:40.

Flavor Version Tinstall Tcheck Ttotal Status Flags
r-devel-linux-x86_64-debian-clang 0.23.0 34.62 50.79 85.41 NOTE
r-devel-linux-x86_64-debian-gcc 0.23.0 31.85 49.29 81.13 NOTE
r-devel-linux-x86_64-fedora-clang 0.23.0 149.72 NOTE --no-stop-on-test-error
r-devel-linux-x86_64-fedora-gcc 0.23.0 146.95 NOTE --no-stop-on-test-error
r-devel-windows-ix86+x86_64 0.23.0 OK
r-patched-linux-x86_64 0.23.0 29.06 49.65 78.71 NOTE
r-patched-solaris-sparc 0.23.0 990.60 OK
r-patched-solaris-x86 0.23.0 214.50 OK
r-release-linux-x86_64 0.23.0 29.41 49.49 78.90 NOTE
r-release-windows-ix86+x86_64 0.23.0 197.00 147.00 344.00 OK
r-release-osx-x86_64 0.23.0 OK
r-oldrel-windows-ix86+x86_64 0.23.0 135.00 127.00 262.00 OK
r-oldrel-osx-x86_64 0.23.0 OK

Check Details

Version: 0.23.0
Check: compiled code
Result: NOTE
    File ‘Runuran/libs/Runuran.so’:
     Found no calls to: ‘R_registerRoutines’, ‘R_useDynamicSymbols’
    
    It is good practice to register native routines and to disable symbol
    search.
    
    See ‘Writing portable packages’ in the ‘Writing R Extensions’ manual.
Flavors: r-devel-linux-x86_64-debian-clang, r-devel-linux-x86_64-debian-gcc, r-patched-linux-x86_64, r-release-linux-x86_64

Version: 0.23.0
Flags: --no-stop-on-test-error
Check: compiled code
Result: NOTE
    File ‘Runuran/libs/Runuran.so’:
     Found no calls to: ‘R_registerRoutines’, ‘R_useDynamicSymbols’
    
    It is good practice to register native routines and to disable symbol
    search.
    
    See ‘Writing portable packages’ in the ‘Writing R Extensions’ manual.
Flavors: r-devel-linux-x86_64-fedora-clang, r-devel-linux-x86_64-fedora-gcc