CRAN Package Check Results for Package RunuranGUI

Last updated on 2014-08-01 23:48:27.

Flavor Version Tinstall Tcheck Ttotal Status Flags
r-devel-linux-x86_64-debian-clang 0.1 3.30 44.42 47.72 NOTE
r-devel-linux-x86_64-debian-gcc 0.1 3.41 42.77 46.18 NOTE
r-devel-linux-x86_64-fedora-clang 0.1 105.66 NOTE
r-devel-linux-x86_64-fedora-gcc 0.1 101.17 NOTE
r-devel-osx-x86_64-clang 0.1 90.14 NOTE
r-devel-windows-ix86+x86_64 0.1 13.00 64.00 77.00 NOTE
r-patched-linux-x86_64 0.1 3.28 43.34 46.62 NOTE
r-patched-solaris-sparc 0.1 558.50 NOTE
r-patched-solaris-x86 0.1 140.90 NOTE
r-release-linux-ix86 0.1 4.42 56.59 61.00 NOTE
r-release-linux-x86_64 0.1 3.62 45.32 48.94 NOTE
r-release-osx-x86_64-mavericks 0.1 ERROR
r-release-osx-x86_64-snowleopard 0.1 NOTE
r-release-windows-ix86+x86_64 0.1 14.00 68.00 82.00 NOTE
r-oldrel-windows-ix86+x86_64 0.1 13.00 71.00 84.00 NOTE

Check Details

Version: 0.1
Check: dependencies in R code
Result: NOTE
    Packages in Depends field not imported from:
     Runuran cairoDevice gWidgets gWidgetsRGtk2 rvgtest
     These packages need to be imported from (in the NAMESPACE file)
     for when this namespace is loaded but not attached.
    Unexported object imported by a ':::' call: utils:::.getHelpFile
     See the note in ?`:::` about the use of this operator.
    See the information on DESCRIPTION files in the chapter Creating R
    packages of the Writing R Extensions manual.
Flavors: r-devel-linux-x86_64-debian-clang, r-devel-linux-x86_64-debian-gcc, r-devel-linux-x86_64-fedora-clang, r-devel-linux-x86_64-fedora-gcc, r-devel-osx-x86_64-clang, r-devel-windows-ix86+x86_64, r-patched-linux-x86_64, r-patched-solaris-sparc, r-patched-solaris-x86, r-release-linux-ix86, r-release-linux-x86_64, r-release-windows-ix86+x86_64, r-oldrel-windows-ix86+x86_64

Version: 0.1
Check: R code for possible problems
Result: NOTE
    param.evaluate: warning in assign(distr.var, val = distr.obj, envir =
     tag(main, "envir")): partial argument match of 'val' to 'value'
    param.evaluate: warning in assign(gen.var, val = gen.obj, envir =
     tag(main, "envir")): partial argument match of 'val' to 'value'
    param.evaluate: warning in assign(sample.var, val = x, envir =
     tag(main, "envir")): partial argument match of 'val' to 'value'
Flavors: r-devel-linux-x86_64-debian-clang, r-devel-linux-x86_64-debian-gcc, r-devel-linux-x86_64-fedora-clang, r-devel-linux-x86_64-fedora-gcc, r-devel-osx-x86_64-clang, r-devel-windows-ix86+x86_64, r-patched-linux-x86_64, r-patched-solaris-sparc, r-patched-solaris-x86, r-release-linux-ix86, r-release-linux-x86_64, r-release-osx-x86_64-snowleopard, r-release-windows-ix86+x86_64, r-oldrel-windows-ix86+x86_64

Version: 0.1
Check: package dependencies
Result: ERROR
    Packages required but not available: gWidgetsRGtk2 cairoDevice
    
    See the information on DESCRIPTION files in the chapter Creating R
    packages of the Writing R Extensions manual.
Flavor: r-release-osx-x86_64-mavericks

Version: 0.1
Check: dependencies in R code
Result: NOTE
    Packages in Depends field not imported from:
     'Runuran' 'cairoDevice' 'gWidgets' 'gWidgetsRGtk2' 'rvgtest'
     These packages need to be imported from for the case when
     this namespace is loaded but not attached.
    Unexported object imported by a ':::' call: 'utils:::.getHelpFile'
     See the note in ?`:::` about the use of this operator.
    See the information on DESCRIPTION files in the chapter 'Creating R
    packages' of the 'Writing R Extensions' manual.
Flavor: r-release-osx-x86_64-snowleopard