CRAN Package Check Results for Package RunuranGUI

Last updated on 2014-04-19 08:50:21.

Flavor Version Tinstall Tcheck Ttotal Status Flags
r-devel-linux-x86_64-debian-clang 0.1 3.96 45.98 49.95 NOTE
r-devel-linux-x86_64-debian-gcc 0.1 3.68 46.65 50.33 NOTE
r-devel-linux-x86_64-fedora-clang 0.1 111.48 NOTE
r-devel-linux-x86_64-fedora-gcc 0.1 105.27 NOTE
r-devel-macosx-x86_64-clang 0.1 95.27 NOTE
r-devel-macosx-x86_64-gcc 0.1 NOTE
r-devel-windows-ix86+x86_64 0.1 12.00 89.00 101.00 NOTE
r-patched-linux-x86_64 0.1 3.66 46.04 49.70 NOTE
r-patched-solaris-sparc 0.1 596.10 NOTE
r-patched-solaris-x86 0.1 156.50 NOTE
r-release-linux-ix86 0.1 8.00 78.00 86.00 NOTE
r-release-linux-x86_64 0.1 3.62 45.42 49.05 NOTE
r-release-macosx-x86_64 0.1 NOTE
r-release-windows-ix86+x86_64 0.1 19.00 94.00 113.00 NOTE
r-oldrel-windows-ix86+x86_64 0.1 14.00 78.00 92.00 NOTE

Check Details

Version: 0.1
Check: dependencies in R code
Result: NOTE
    Packages in Depends field not imported from:
     ‘Runuran’ ‘cairoDevice’ ‘gWidgets’ ‘gWidgetsRGtk2’ ‘rvgtest’
     These packages need to be imported from (in the NAMESPACE file)
     for when this namespace is loaded but not attached.
    Unexported object imported by a ':::' call: ‘utils:::.getHelpFile’
     See the note in ?`:::` about the use of this operator.
    See the information on DESCRIPTION files in the chapter ‘Creating R
    packages’ of the ‘Writing R Extensions’ manual.
Flavors: r-devel-linux-x86_64-debian-clang, r-devel-linux-x86_64-debian-gcc, r-devel-linux-x86_64-fedora-clang, r-devel-linux-x86_64-fedora-gcc, r-devel-macosx-x86_64-clang, r-devel-macosx-x86_64-gcc, r-devel-windows-ix86+x86_64, r-patched-linux-x86_64, r-patched-solaris-sparc, r-patched-solaris-x86, r-release-linux-ix86, r-release-linux-x86_64, r-release-windows-ix86+x86_64, r-oldrel-windows-ix86+x86_64

Version: 0.1
Check: R code for possible problems
Result: NOTE
    param.evaluate: warning in assign(distr.var, val = distr.obj, envir =
     tag(main, "envir")): partial argument match of 'val' to 'value'
    param.evaluate: warning in assign(gen.var, val = gen.obj, envir =
     tag(main, "envir")): partial argument match of 'val' to 'value'
    param.evaluate: warning in assign(sample.var, val = x, envir =
     tag(main, "envir")): partial argument match of 'val' to 'value'
Flavors: r-devel-linux-x86_64-debian-clang, r-devel-linux-x86_64-debian-gcc, r-devel-linux-x86_64-fedora-clang, r-devel-linux-x86_64-fedora-gcc, r-devel-macosx-x86_64-clang, r-devel-macosx-x86_64-gcc, r-devel-windows-ix86+x86_64, r-patched-linux-x86_64, r-patched-solaris-sparc, r-patched-solaris-x86, r-release-linux-ix86, r-release-linux-x86_64, r-release-macosx-x86_64, r-release-windows-ix86+x86_64, r-oldrel-windows-ix86+x86_64

Version: 0.1
Check: dependencies in R code
Result: NOTE
    Packages in Depends field not imported from:
     'Runuran' 'cairoDevice' 'gWidgets' 'gWidgetsRGtk2' 'rvgtest'
     These packages need to be imported from for the case when
     this namespace is loaded but not attached.
    Unexported object imported by a ':::' call: 'utils:::.getHelpFile'
     See the note in ?`:::` about the use of this operator.
    See the information on DESCRIPTION files in the chapter 'Creating R
    packages' of the 'Writing R Extensions' manual.
Flavor: r-release-macosx-x86_64