CRAN Package Check Results for Package RunuranGUI

Last updated on 2019-06-25 19:49:57 CEST.

Flavor Version Tinstall Tcheck Ttotal Status Flags
r-devel-linux-x86_64-debian-clang 0.3 7.57 55.48 63.05 OK
r-devel-linux-x86_64-debian-gcc 0.3 6.29 45.68 51.97 OK
r-devel-linux-x86_64-fedora-clang 0.3 75.66 NOTE
r-devel-linux-x86_64-fedora-gcc 0.3 73.83 NOTE
r-devel-windows-ix86+x86_64 0.3 17.00 85.00 102.00 OK
r-patched-linux-x86_64 0.3 7.91 55.43 63.34 OK
r-patched-solaris-x86 0.3 125.30 NOTE
r-release-linux-x86_64 0.3 6.62 55.86 62.48 OK
r-release-windows-ix86+x86_64 0.3 14.00 90.00 104.00 OK
r-release-osx-x86_64 0.3 NOTE
r-oldrel-windows-ix86+x86_64 0.3 7.00 64.00 71.00 OK
r-oldrel-osx-x86_64 0.3 NOTE

Check Details

Version: 0.3
Check: dependencies in R code
Result: NOTE
    Namespace in Imports field not imported from: ‘RGtk2’
     All declared Imports should be used.
Flavors: r-devel-linux-x86_64-fedora-clang, r-devel-linux-x86_64-fedora-gcc, r-patched-solaris-x86, r-release-osx-x86_64, r-oldrel-osx-x86_64