CRAN Package Check Results for Package RunuranGUI

Last updated on 2019-01-19 21:46:43 CET.

Flavor Version Tinstall Tcheck Ttotal Status Flags
r-devel-linux-x86_64-debian-clang 0.3 5.30 56.43 61.73 OK
r-devel-linux-x86_64-debian-gcc 0.3 4.67 45.37 50.04 OK
r-devel-linux-x86_64-fedora-clang 0.3 74.21 NOTE
r-devel-linux-x86_64-fedora-gcc 0.3 70.16 NOTE
r-devel-windows-ix86+x86_64 0.3 13.00 67.00 80.00 OK
r-patched-linux-x86_64 0.3 4.82 53.52 58.34 OK
r-patched-solaris-x86 0.3 127.30 NOTE
r-release-linux-x86_64 0.3 5.88 54.45 60.33 OK
r-release-windows-ix86+x86_64 0.3 13.00 83.00 96.00 OK
r-release-osx-x86_64 0.3 ERROR
r-oldrel-windows-ix86+x86_64 0.3 12.00 70.00 82.00 OK
r-oldrel-osx-x86_64 0.3 ERROR

Check Details

Version: 0.3
Check: dependencies in R code
Result: NOTE
    Namespace in Imports field not imported from: ‘RGtk2’
     All declared Imports should be used.
Flavors: r-devel-linux-x86_64-fedora-clang, r-devel-linux-x86_64-fedora-gcc, r-patched-solaris-x86

Version: 0.3
Check: package dependencies
Result: ERROR
    Packages required but not available: ‘cairoDevice’ ‘gWidgetsRGtk2’ ‘RGtk2’
    
    See section ‘The DESCRIPTION file’ in the ‘Writing R Extensions’
    manual.
Flavors: r-release-osx-x86_64, r-oldrel-osx-x86_64