CRAN Package Check Results for Package RunuranGUI

Last updated on 2015-07-06 03:48:01.

Flavor Version Tinstall Tcheck Ttotal Status Flags
r-devel-linux-x86_64-debian-clang 0.1 2.62 31.60 34.22 NOTE
r-devel-linux-x86_64-debian-gcc 0.1 2.59 31.44 34.02 NOTE
r-devel-linux-x86_64-fedora-clang 0.1 67.26 NOTE
r-devel-linux-x86_64-fedora-gcc 0.1 64.35 NOTE
r-devel-osx-x86_64-clang 0.1 60.93 NOTE
r-devel-windows-ix86+x86_64 0.1 11.00 52.00 63.00 NOTE
r-patched-linux-x86_64 0.1 2.67 32.84 35.51 NOTE
r-patched-solaris-sparc 0.1 408.30 NOTE
r-patched-solaris-x86 0.1 98.90 NOTE
r-release-linux-x86_64 0.1 2.60 33.15 35.75 NOTE
r-release-osx-x86_64-mavericks 0.1 NOTE
r-release-windows-ix86+x86_64 0.1 11.00 51.00 62.00 NOTE
r-oldrel-windows-ix86+x86_64 0.1 21.00 110.00 131.00 NOTE

Check Details

Version: 0.1
Check: dependencies in R code
Result: NOTE
    Packages in Depends field not imported from:
     ‘Runuran’ ‘cairoDevice’ ‘gWidgets’ ‘gWidgetsRGtk2’ ‘rvgtest’
     These packages need to be imported from (in the NAMESPACE file)
     for when this namespace is loaded but not attached.
    Unexported object imported by a ':::' call: ‘utils:::.getHelpFile’
     See the note in ?`:::` about the use of this operator.
Flavors: r-devel-linux-x86_64-debian-clang, r-devel-linux-x86_64-debian-gcc, r-devel-linux-x86_64-fedora-clang, r-devel-linux-x86_64-fedora-gcc, r-devel-osx-x86_64-clang, r-devel-windows-ix86+x86_64, r-patched-linux-x86_64, r-patched-solaris-sparc, r-patched-solaris-x86, r-release-linux-x86_64, r-release-osx-x86_64-mavericks, r-release-windows-ix86+x86_64, r-oldrel-windows-ix86+x86_64

Version: 0.1
Check: R code for possible problems
Result: NOTE
    param.evaluate: warning in assign(distr.var, val = distr.obj, envir =
     tag(main, "envir")): partial argument match of ‘val’ to ‘value’
    param.evaluate: warning in assign(gen.var, val = gen.obj, envir =
     tag(main, "envir")): partial argument match of ‘val’ to ‘value’
    param.evaluate: warning in assign(sample.var, val = x, envir =
     tag(main, "envir")): partial argument match of ‘val’ to ‘value’
    emul.set.edit: no visible global function definition for ‘svalue<-’
    emul.set.select: no visible global function definition for ‘tag’
    emul.set.select: no visible global function definition for ‘svalue<-’
    emul.stage1: no visible global function definition for ‘id’
    emul.stage1: no visible global function definition for ‘tag’
    emul.stage1: no visible global function definition for ‘dispose’
    emul.stage2: no visible global function definition for ‘id’
    emul.stage2: no visible global function definition for ‘tag’
    emul.stage2: no visible global function definition for ‘dispose’
    experim.Rcode: no visible global function definition for ‘gtext’
    experim.Rcode: no visible global function definition for ‘tag<-’
    experim.Rcode: no visible global function definition for ‘tag’
    experim.aerror.data: no visible global function definition for ‘gframe’
    experim.aerror.data: no visible global function definition for
     ‘addSpace’
    experim.aerror.data: no visible global function definition for ‘gradio’
    experim.aerror.data: no visible global function definition for ‘glabel’
    experim.aerror.data: no visible global function definition for
     ‘glayout’
    experim.aerror.data: no visible global function definition for ‘gedit’
    experim.aerror.data: no visible global function definition for
     ‘tooltip<-’
    experim.aerror.data: no visible global function definition for ‘tag’
    experim.aerror.data: no visible global function definition for ‘svalue’
    experim.aerror.distr: no visible global function definition for
     ‘svalue<-’
    experim.aerror.distr: no visible global function definition for
     ‘enabled<-’
    experim.aerror.result: no visible global function definition for
     ‘gframe’
    experim.aerror.result: no visible global function definition for
     ‘glayout’
    experim.aerror.result: no visible global function definition for
     ‘glabel’
    experim.aerror.update: no visible global function definition for ‘tag’
    experim.aerror.update: no visible global function definition for
     ‘svalue’
    experim.aerror.update: no visible global function definition for
     ‘svalue<-’
    experim.ftable: no visible global function definition for ‘tag’
    experim.ftable: no visible global function definition for ‘svalue’
    experim.ftable: no visible global function definition for ‘tag<-’
    experim.ftable : rdist: no visible global function definition for ‘ur’
    experim.ftable : rdist: no visible global function definition for ‘tag’
    experim.ftable: no visible global function definition for ‘rvgt.ftable’
    experim.ftable: no visible global function definition for ‘rvgt.chisq’
    experim.ftable: no visible global function definition for ‘rvgt.Mtest’
    experim.ftable: no visible global function definition for ‘svalue<-’
    experim.hist.data: no visible global function definition for ‘gframe’
    experim.hist.data: no visible global function definition for ‘glayout’
    experim.hist.data: no visible global function definition for ‘gedit’
    experim.hist.data: no visible global function definition for
     ‘addHandlerKeystroke’
    experim.hist.data: no visible global function definition for
     ‘tooltip<-’
    experim.hist.distr: no visible global function definition for ‘tag’
    experim.hist.distr: no visible global function definition for ‘gframe’
    experim.hist.distr: no visible global function definition for ‘glayout’
    experim.hist.distr: no visible binding for global variable ‘svalue’
    experim.hist.distr: no visible global function definition for ‘svalue’
    experim.hist.distr: no visible global function definition for
     ‘gcheckbox’
    experim.hist.distr: no visible global function definition for
     ‘tooltip<-’
    experim.hist.draw: no visible global function definition for ‘tag’
    experim.hist.draw: no visible global function definition for
     ‘ggraphics’
    experim.hist.draw: no visible global function definition for ‘plot’
    experim.hist.draw: no visible global function definition for ‘tag<-’
    experim.hist.gof: no visible global function definition for ‘gframe’
    experim.hist.gof: no visible global function definition for ‘glayout’
    experim.hist.gof: no visible global function definition for ‘glabel’
    experim.hist.pvals.plot: no visible global function definition for
     ‘tag’
    experim.hist.pvals.plot: no visible global function definition for
     ‘ggraphics’
    experim.hist.pvals.plot: no visible global function definition for
     ‘plot.rvgt.htest’
    experim.hist.pvals.plot: no visible global function definition for
     ‘tag<-’
    experim.hist.update: no visible global function definition for ‘tag’
    experim.hist.update: no visible global function definition for ‘svalue’
    experim.hist.update: no visible global function definition for
     ‘svalue<-’
    experim.hist.update: no visible global function definition for ‘tag<-’
    experim.histtest: no visible global function definition for ‘tag’
    experim.histtest: no visible global function definition for ‘ggroup’
    experim.histtest: no visible global function definition for ‘tag<-’
    experim.ierror: no visible global function definition for ‘tag’
    experim.ierror: no visible global function definition for ‘svalue’
    experim.ierror: no visible global function definition for ‘tag<-’
    experim.ierror : aqdist: no visible global function definition for ‘uq’
    experim.ierror : aqdist: no visible global function definition for
     ‘tag’
    experim.ierror: no visible global function definition for ‘uerror’
    experim.ierror: no visible global function definition for ‘xerror’
    experim.ierror: no visible global function definition for ‘svalue<-’
    experim.ierror.plot: no visible global function definition for ‘svalue’
    experim.ierror.plot: no visible global function definition for ‘tag’
    experim.ierror.plot: no visible global function definition for
     ‘ggraphics’
    experim.ierror.plot: no visible global function definition for ‘plot’
    experim.ierror.plot: no visible global function definition for ‘tag<-’
    experim.inverror: no visible global function definition for ‘tag’
    experim.inverror: no visible global function definition for ‘ggroup’
    experim.inverror: no visible global function definition for ‘tag<-’
    experim.notebook: no visible global function definition for ‘ggroup’
    experim.notebook: no visible global function definition for ‘gaction’
    experim.notebook : <anonymous>: no visible global function definition
     for ‘dispose’
    experim.notebook : <anonymous>: no visible global function definition
     for ‘tag’
    experim.notebook: no visible global function definition for ‘enabled<-’
    experim.notebook: no visible global function definition for ‘gtoolbar’
    experim.notebook: no visible global function definition for ‘gnotebook’
    experim.notebook: no visible global function definition for ‘tag<-’
    experim.notebook: no visible global function definition for
     ‘addHandlerChanged’
    experim.notebook : <anonymous>: no visible global function definition
     for ‘svalue’
    experim.notebook : <anonymous>: no visible global function definition
     for ‘enabled<-’
    experim.notebook : <anonymous>: no visible global function definition
     for ‘tag<-’
    experim.properties: no visible global function definition for
     ‘capture.output’
    experim.properties: no visible global function definition for ‘tag’
    experim.properties: no visible global function definition for ‘gtext’
    experim.properties: no visible global function definition for ‘tag<-’
    gcheckedit: no visible global function definition for ‘gedit’
    gcheckedit: no visible global function definition for ‘tag<-’
    gcheckedit: no visible global function definition for ‘enabled<-’
    gcheckedit: no visible global function definition for ‘tooltip<-’
    gcheckedit: no visible global function definition for ‘gcheckbox’
    gcheckedit : <anonymous>: no visible global function definition for
     ‘enabled<-’
    gcheckedit : <anonymous>: no visible global function definition for
     ‘tag<-’
    gcheckedit : <anonymous>: no visible global function definition for
     ‘svalue’
    mygmessage: no visible global function definition for ‘galert’
    mygmessage: no visible global function definition for ‘gmessage’
    param.action: no visible global function definition for ‘gframe’
    param.action: no visible global function definition for ‘glayout’
    param.action: no visible global function definition for ‘tag’
    param.action: no visible global function definition for ‘gedit’
    param.action: no visible global function definition for ‘gseparator’
    param.action: no visible global function definition for ‘gcheckbox’
    param.action: no visible global function definition for ‘tag<-’
    param.buttons: no visible global function definition for ‘ggroup’
    param.buttons: no visible global function definition for ‘gbutton’
    param.buttons: no visible global function definition for ‘gaction’
    param.buttons : <anonymous>: no visible global function definition for
     ‘dispose’
    param.buttons: no visible global function definition for ‘tag’
    param.check: no visible global function definition for ‘tag’
    param.check: no visible global function definition for ‘svalue’
    param.clearup: no visible global function definition for ‘delete’
    param.clearup: no visible global function definition for ‘tag’
    param.clearup: no visible global function definition for ‘tag<-’
    param.distr: no visible global function definition for ‘tag’
    param.distr: no visible global function definition for ‘gframe’
    param.distr: no visible global function definition for ‘ggroup’
    param.distr: no visible global function definition for ‘glabel’
    param.distr: no visible global function definition for ‘addSpring’
    param.distr: no visible global function definition for ‘gimage’
    param.distr: no visible global function definition for ‘tag<-’
    param.distr.ARS: no visible global function definition for ‘glayout’
    param.distr.ARS: no visible global function definition for ‘gedit’
    param.distr.ARS: no visible global function definition for ‘tooltip<-’
    param.distr.ARS: no visible global function definition for ‘tag<-’
    param.distr.ARS: no visible global function definition for ‘gcheckbox’
    param.distr.ARS: no visible global function definition for ‘enabled<-’
    param.distr.DARI: no visible global function definition for ‘glayout’
    param.distr.DARI: no visible global function definition for ‘gedit’
    param.distr.DARI: no visible global function definition for ‘tooltip<-’
    param.distr.DARI: no visible global function definition for ‘tag<-’
    param.distr.DAU: no visible global function definition for ‘glayout’
    param.distr.DAU: no visible global function definition for ‘gedit’
    param.distr.DAU: no visible global function definition for ‘tooltip<-’
    param.distr.DAU: no visible global function definition for ‘tag<-’
    param.distr.ITDR: no visible global function definition for ‘glayout’
    param.distr.ITDR: no visible global function definition for ‘gedit’
    param.distr.ITDR: no visible global function definition for ‘tooltip<-’
    param.distr.ITDR: no visible global function definition for ‘tag<-’
    param.distr.ITDR: no visible global function definition for ‘gcheckbox’
    param.distr.PINV: no visible global function definition for ‘glayout’
    param.distr.PINV: no visible global function definition for ‘gedit’
    param.distr.PINV: no visible global function definition for ‘tooltip<-’
    param.distr.PINV: no visible global function definition for ‘tag<-’
    param.distr.PINV: no visible global function definition for ‘gcheckbox’
    param.distr.SROU: no visible global function definition for ‘glayout’
    param.distr.SROU: no visible global function definition for ‘gedit’
    param.distr.SROU: no visible global function definition for ‘tooltip<-’
    param.distr.SROU: no visible global function definition for ‘tag<-’
    param.distr.SROU: no visible global function definition for ‘gcheckbox’
    param.distr.TDR: no visible global function definition for ‘glayout’
    param.distr.TDR: no visible global function definition for ‘gedit’
    param.distr.TDR: no visible global function definition for ‘tooltip<-’
    param.distr.TDR: no visible global function definition for ‘tag<-’
    param.distr.TDR: no visible global function definition for ‘gcheckbox’
    param.distr.builtin: no visible global function definition for ‘tag’
    param.distr.builtin: no visible global function definition for ‘gframe’
    param.distr.builtin: no visible global function definition for ‘tag<-’
    param.distr.domain: no visible global function definition for ‘tag’
    param.distr.domain: no visible global function definition for ‘glabel’
    param.distr.domain: no visible global function definition for ‘ggroup’
    param.distr.domain: no visible global function definition for
     ‘addSpace’
    param.distr.domain: no visible global function definition for ‘gedit’
    param.distr.domain: no visible global function definition for ‘tag<-’
    param.distr.domain: no visible global function definition for ‘svalue’
    param.distr.domain: no visible global function definition for
     ‘svalue<-’
    param.distr.domain: no visible global function definition for
     ‘addHandlerKeystroke’
    param.distr.domain : <anonymous>: no visible global function definition
     for ‘svalue<-’
    param.distr.domain : <anonymous>: no visible global function definition
     for ‘svalue’
    param.distr.generic: no visible global function definition for ‘tag’
    param.distr.generic: no visible global function definition for
     ‘glayout’
    param.distr.generic: no visible global function definition for ‘gedit’
    param.distr.userdef: no visible global function definition for ‘tag’
    param.distr.userdef: no visible global function definition for ‘gframe’
    param.distr.userdef: no visible global function definition for ‘tag<-’
    param.evaluate: no visible global function definition for ‘tag’
    param.evaluate: no visible global function definition for ‘svalue’
    param.get.Rcode: no visible global function definition for ‘tag’
    param.get.Rcode: no visible global function definition for ‘svalue’
    param.get.Rcode: no visible binding for global variable ‘svalue’
    param.isvalid.val: no visible binding for global variable ‘svalue’
    param.isvalid.val: no visible global function definition for ‘tag’
    param.isvalid.varname: no visible global function definition for
     ‘svalue’
    param.method: no visible global function definition for ‘tag’
    param.method: no visible global function definition for ‘gframe’
    param.method: no visible global function definition for ‘ggroup’
    param.method: no visible global function definition for ‘glabel’
    param.method: no visible global function definition for ‘addSpring’
    param.method: no visible global function definition for ‘gimage’
    param.method: no visible global function definition for ‘tag<-’
    param.method.PINV: no visible global function definition for ‘gframe’
    param.method.PINV: no visible global function definition for ‘tag’
    param.method.PINV: no visible global function definition for ‘glayout’
    param.method.PINV: no visible global function definition for ‘gedit’
    param.method.PINV: no visible global function definition for
     ‘tooltip<-’
    param.method.PINV: no visible global function definition for ‘tag<-’
    param.method.PINV: no visible global function definition for
     ‘gcheckbox’
    param.method.SROU: no visible global function definition for ‘gframe’
    param.method.SROU: no visible global function definition for ‘tag’
    param.method.SROU: no visible global function definition for ‘glayout’
    param.method.SROU: no visible global function definition for ‘gedit’
    param.method.SROU: no visible global function definition for
     ‘tooltip<-’
    param.method.generic: no visible global function definition for
     ‘gframe’
    param.method.generic: no visible global function definition for
     ‘glabel’
    show.help.pages: no visible global function definition for ‘gwindow’
    show.help.pages: no visible global function definition for ‘size<-’
    show.help.pages: no visible global function definition for ‘ggroup’
    show.help.pages: no visible global function definition for ‘gnotebook’
    show.help.pages: no visible global function definition for ‘gtext’
    show.help.pages: no visible global function definition for ‘svalue<-’
    show.help.pages: no visible global function definition for ‘addSpring’
    show.help.pages: no visible global function definition for ‘gbutton’
    show.help.pages : <anonymous>: no visible global function definition
     for ‘dispose’
    stage1: no visible global function definition for ‘ggroup’
    stage1: no visible global function definition for ‘tag<-’
    stage1: no visible global function definition for ‘glabel’
    stage2: no visible global function definition for ‘ggroup’
    stage2: no visible global function definition for ‘tag<-’
    stage3: no visible global function definition for ‘tag’
    stage3: no visible global function definition for ‘gwindow’
    stage3: no visible global function definition for ‘tag<-’
    stage3: no visible global function definition for ‘svalue<-’
    toggle.group: no visible global function definition for ‘tag’
    toggle.group: no visible global function definition for ‘tag<-’
    toggle.group: no visible global function definition for ‘delete’
    type.buttons: no visible global function definition for ‘ggroup’
    type.buttons: no visible global function definition for ‘gbutton’
    type.buttons: no visible global function definition for ‘gaction’
    type.buttons : <anonymous>: no visible global function definition for
     ‘dispose’
    type.clearup: no visible global function definition for ‘delete’
    type.clearup: no visible global function definition for ‘tag’
    type.clearup: no visible global function definition for ‘tag<-’
    type.distribution: no visible global function definition for ‘gframe’
    type.distribution: no visible global function definition for ‘gradio’
    type.distribution: no visible global function definition for ‘addSpace’
    type.distribution: no visible global function definition for
     ‘gseparator’
    type.distribution: no visible global function definition for
     ‘gcombobox’
    type.distribution: no visible global function definition for ‘tag<-’
    type.distribution: no visible global function definition for ‘delete’
    type.evaluate: no visible global function definition for ‘svalue’
    type.evaluate: no visible global function definition for ‘tag’
    type.evaluate: no visible global function definition for ‘tag<-’
    type.method: no visible global function definition for ‘gframe’
    type.method: no visible global function definition for ‘gradio’
    type.method: no visible global function definition for ‘gcombobox’
    type.method: no visible global function definition for ‘tag<-’
    type.method: no visible global function definition for ‘delete’
    type.update.distribution: no visible global function definition for
     ‘tag’
    type.update.distribution: no visible global function definition for
     ‘svalue’
    type.update.method: no visible global function definition for ‘tag’
    type.update.method: no visible global function definition for ‘svalue’
    unuran.gui: no visible global function definition for ‘gwindow’
    unuran.gui: no visible global function definition for ‘id<-’
    unuran.gui: no visible global function definition for ‘tag<-’
    Undefined global functions or variables:
     addHandlerChanged addHandlerKeystroke addSpace addSpring
     capture.output delete dispose enabled<- gaction galert gbutton
     gcheckbox gcombobox gedit gframe ggraphics ggroup gimage glabel
     glayout gmessage gnotebook gradio gseparator gtext gtoolbar gwindow
     id id<- plot plot.rvgt.htest rvgt.Mtest rvgt.chisq rvgt.ftable size<-
     svalue svalue<- tag tag<- tooltip<- uerror uq ur xerror
Flavors: r-devel-linux-x86_64-debian-clang, r-devel-linux-x86_64-debian-gcc, r-devel-linux-x86_64-fedora-clang, r-devel-linux-x86_64-fedora-gcc, r-devel-windows-ix86+x86_64

Version: 0.1
Check: R code for possible problems
Result: NOTE
    param.evaluate: warning in assign(distr.var, val = distr.obj, envir =
     tag(main, "envir")): partial argument match of 'val' to 'value'
    param.evaluate: warning in assign(gen.var, val = gen.obj, envir =
     tag(main, "envir")): partial argument match of 'val' to 'value'
    param.evaluate: warning in assign(sample.var, val = x, envir =
     tag(main, "envir")): partial argument match of 'val' to 'value'
    emul.set.edit: no visible global function definition for ‘svalue<-’
    emul.set.select: no visible global function definition for ‘tag’
    emul.set.select: no visible global function definition for ‘svalue<-’
    emul.stage1: no visible global function definition for ‘id’
    emul.stage1: no visible global function definition for ‘tag’
    emul.stage1: no visible global function definition for ‘dispose’
    emul.stage2: no visible global function definition for ‘id’
    emul.stage2: no visible global function definition for ‘tag’
    emul.stage2: no visible global function definition for ‘dispose’
    experim.Rcode: no visible global function definition for ‘gtext’
    experim.Rcode: no visible global function definition for ‘tag<-’
    experim.Rcode: no visible global function definition for ‘tag’
    experim.aerror.data: no visible global function definition for ‘gframe’
    experim.aerror.data: no visible global function definition for
     ‘addSpace’
    experim.aerror.data: no visible global function definition for ‘gradio’
    experim.aerror.data: no visible global function definition for ‘glabel’
    experim.aerror.data: no visible global function definition for
     ‘glayout’
    experim.aerror.data: no visible global function definition for ‘gedit’
    experim.aerror.data: no visible global function definition for
     ‘tooltip<-’
    experim.aerror.data: no visible global function definition for ‘tag’
    experim.aerror.data: no visible global function definition for ‘svalue’
    experim.aerror.distr: no visible global function definition for
     ‘svalue<-’
    experim.aerror.distr: no visible global function definition for
     ‘enabled<-’
    experim.aerror.result: no visible global function definition for
     ‘gframe’
    experim.aerror.result: no visible global function definition for
     ‘glayout’
    experim.aerror.result: no visible global function definition for
     ‘glabel’
    experim.aerror.update: no visible global function definition for ‘tag’
    experim.aerror.update: no visible global function definition for
     ‘svalue’
    experim.aerror.update: no visible global function definition for
     ‘svalue<-’
    experim.ftable: no visible global function definition for ‘tag’
    experim.ftable: no visible global function definition for ‘svalue’
    experim.ftable: no visible global function definition for ‘tag<-’
    experim.ftable : rdist: no visible global function definition for ‘ur’
    experim.ftable : rdist: no visible global function definition for ‘tag’
    experim.ftable: no visible global function definition for ‘rvgt.ftable’
    experim.ftable: no visible global function definition for ‘rvgt.chisq’
    experim.ftable: no visible global function definition for ‘rvgt.Mtest’
    experim.ftable: no visible global function definition for ‘svalue<-’
    experim.hist.data: no visible global function definition for ‘gframe’
    experim.hist.data: no visible global function definition for ‘glayout’
    experim.hist.data: no visible global function definition for ‘gedit’
    experim.hist.data: no visible global function definition for
     ‘addHandlerKeystroke’
    experim.hist.data: no visible global function definition for
     ‘tooltip<-’
    experim.hist.distr: no visible global function definition for ‘tag’
    experim.hist.distr: no visible global function definition for ‘gframe’
    experim.hist.distr: no visible global function definition for ‘glayout’
    experim.hist.distr: no visible binding for global variable ‘svalue’
    experim.hist.distr: no visible global function definition for ‘svalue’
    experim.hist.distr: no visible global function definition for
     ‘gcheckbox’
    experim.hist.distr: no visible global function definition for
     ‘tooltip<-’
    experim.hist.draw: no visible global function definition for ‘tag’
    experim.hist.draw: no visible global function definition for
     ‘ggraphics’
    experim.hist.draw: no visible global function definition for ‘tag<-’
    experim.hist.gof: no visible global function definition for ‘gframe’
    experim.hist.gof: no visible global function definition for ‘glayout’
    experim.hist.gof: no visible global function definition for ‘glabel’
    experim.hist.pvals.plot: no visible global function definition for
     ‘tag’
    experim.hist.pvals.plot: no visible global function definition for
     ‘ggraphics’
    experim.hist.pvals.plot: no visible global function definition for
     ‘plot.rvgt.htest’
    experim.hist.pvals.plot: no visible global function definition for
     ‘tag<-’
    experim.hist.update: no visible global function definition for ‘tag’
    experim.hist.update: no visible global function definition for ‘svalue’
    experim.hist.update: no visible global function definition for
     ‘svalue<-’
    experim.hist.update: no visible global function definition for ‘tag<-’
    experim.histtest: no visible global function definition for ‘tag’
    experim.histtest: no visible global function definition for ‘ggroup’
    experim.histtest: no visible global function definition for ‘tag<-’
    experim.ierror: no visible global function definition for ‘tag’
    experim.ierror: no visible global function definition for ‘svalue’
    experim.ierror: no visible global function definition for ‘tag<-’
    experim.ierror : aqdist: no visible global function definition for ‘uq’
    experim.ierror : aqdist: no visible global function definition for
     ‘tag’
    experim.ierror: no visible global function definition for ‘uerror’
    experim.ierror: no visible global function definition for ‘xerror’
    experim.ierror: no visible global function definition for ‘svalue<-’
    experim.ierror.plot: no visible global function definition for ‘svalue’
    experim.ierror.plot: no visible global function definition for ‘tag’
    experim.ierror.plot: no visible global function definition for
     ‘ggraphics’
    experim.ierror.plot: no visible global function definition for ‘tag<-’
    experim.inverror: no visible global function definition for ‘tag’
    experim.inverror: no visible global function definition for ‘ggroup’
    experim.inverror: no visible global function definition for ‘tag<-’
    experim.notebook: no visible global function definition for ‘ggroup’
    experim.notebook: no visible global function definition for ‘gaction’
    experim.notebook : <anonymous>: no visible global function definition
     for ‘dispose’
    experim.notebook : <anonymous>: no visible global function definition
     for ‘tag’
    experim.notebook: no visible global function definition for ‘enabled<-’
    experim.notebook: no visible global function definition for ‘gtoolbar’
    experim.notebook: no visible global function definition for ‘gnotebook’
    experim.notebook: no visible global function definition for ‘tag<-’
    experim.notebook: no visible global function definition for
     ‘addHandlerChanged’
    experim.notebook : <anonymous>: no visible global function definition
     for ‘svalue’
    experim.notebook : <anonymous>: no visible global function definition
     for ‘enabled<-’
    experim.notebook : <anonymous>: no visible global function definition
     for ‘tag<-’
    experim.properties: no visible global function definition for ‘tag’
    experim.properties: no visible global function definition for ‘gtext’
    experim.properties: no visible global function definition for ‘tag<-’
    gcheckedit: no visible global function definition for ‘gedit’
    gcheckedit: no visible global function definition for ‘tag<-’
    gcheckedit: no visible global function definition for ‘enabled<-’
    gcheckedit: no visible global function definition for ‘tooltip<-’
    gcheckedit: no visible global function definition for ‘gcheckbox’
    gcheckedit : <anonymous>: no visible global function definition for
     ‘enabled<-’
    gcheckedit : <anonymous>: no visible global function definition for
     ‘tag<-’
    gcheckedit : <anonymous>: no visible global function definition for
     ‘svalue’
    mygmessage: no visible global function definition for ‘galert’
    mygmessage: no visible global function definition for ‘gmessage’
    param.action: no visible global function definition for ‘gframe’
    param.action: no visible global function definition for ‘glayout’
    param.action: no visible global function definition for ‘tag’
    param.action: no visible global function definition for ‘gedit’
    param.action: no visible global function definition for ‘gseparator’
    param.action: no visible global function definition for ‘gcheckbox’
    param.action: no visible global function definition for ‘tag<-’
    param.buttons: no visible global function definition for ‘ggroup’
    param.buttons: no visible global function definition for ‘gbutton’
    param.buttons: no visible global function definition for ‘gaction’
    param.buttons : <anonymous>: no visible global function definition for
     ‘dispose’
    param.buttons: no visible global function definition for ‘tag’
    param.check: no visible global function definition for ‘tag’
    param.check: no visible global function definition for ‘svalue’
    param.clearup: no visible global function definition for ‘delete’
    param.clearup: no visible global function definition for ‘tag’
    param.clearup: no visible global function definition for ‘tag<-’
    param.distr: no visible global function definition for ‘tag’
    param.distr: no visible global function definition for ‘gframe’
    param.distr: no visible global function definition for ‘ggroup’
    param.distr: no visible global function definition for ‘glabel’
    param.distr: no visible global function definition for ‘addSpring’
    param.distr: no visible global function definition for ‘gimage’
    param.distr: no visible global function definition for ‘tag<-’
    param.distr.ARS: no visible global function definition for ‘glayout’
    param.distr.ARS: no visible global function definition for ‘gedit’
    param.distr.ARS: no visible global function definition for ‘tooltip<-’
    param.distr.ARS: no visible global function definition for ‘tag<-’
    param.distr.ARS: no visible global function definition for ‘gcheckbox’
    param.distr.ARS: no visible global function definition for ‘enabled<-’
    param.distr.DARI: no visible global function definition for ‘glayout’
    param.distr.DARI: no visible global function definition for ‘gedit’
    param.distr.DARI: no visible global function definition for ‘tooltip<-’
    param.distr.DARI: no visible global function definition for ‘tag<-’
    param.distr.DAU: no visible global function definition for ‘glayout’
    param.distr.DAU: no visible global function definition for ‘gedit’
    param.distr.DAU: no visible global function definition for ‘tooltip<-’
    param.distr.DAU: no visible global function definition for ‘tag<-’
    param.distr.ITDR: no visible global function definition for ‘glayout’
    param.distr.ITDR: no visible global function definition for ‘gedit’
    param.distr.ITDR: no visible global function definition for ‘tooltip<-’
    param.distr.ITDR: no visible global function definition for ‘tag<-’
    param.distr.ITDR: no visible global function definition for ‘gcheckbox’
    param.distr.PINV: no visible global function definition for ‘glayout’
    param.distr.PINV: no visible global function definition for ‘gedit’
    param.distr.PINV: no visible global function definition for ‘tooltip<-’
    param.distr.PINV: no visible global function definition for ‘tag<-’
    param.distr.PINV: no visible global function definition for ‘gcheckbox’
    param.distr.SROU: no visible global function definition for ‘glayout’
    param.distr.SROU: no visible global function definition for ‘gedit’
    param.distr.SROU: no visible global function definition for ‘tooltip<-’
    param.distr.SROU: no visible global function definition for ‘tag<-’
    param.distr.SROU: no visible global function definition for ‘gcheckbox’
    param.distr.TDR: no visible global function definition for ‘glayout’
    param.distr.TDR: no visible global function definition for ‘gedit’
    param.distr.TDR: no visible global function definition for ‘tooltip<-’
    param.distr.TDR: no visible global function definition for ‘tag<-’
    param.distr.TDR: no visible global function definition for ‘gcheckbox’
    param.distr.builtin: no visible global function definition for ‘tag’
    param.distr.builtin: no visible global function definition for ‘gframe’
    param.distr.builtin: no visible global function definition for ‘tag<-’
    param.distr.domain: no visible global function definition for ‘tag’
    param.distr.domain: no visible global function definition for ‘glabel’
    param.distr.domain: no visible global function definition for ‘ggroup’
    param.distr.domain: no visible global function definition for
     ‘addSpace’
    param.distr.domain: no visible global function definition for ‘gedit’
    param.distr.domain: no visible global function definition for ‘tag<-’
    param.distr.domain: no visible global function definition for ‘svalue’
    param.distr.domain: no visible global function definition for
     ‘svalue<-’
    param.distr.domain: no visible global function definition for
     ‘addHandlerKeystroke’
    param.distr.domain : <anonymous>: no visible global function definition
     for ‘svalue<-’
    param.distr.domain : <anonymous>: no visible global function definition
     for ‘svalue’
    param.distr.generic: no visible global function definition for ‘tag’
    param.distr.generic: no visible global function definition for
     ‘glayout’
    param.distr.generic: no visible global function definition for ‘gedit’
    param.distr.userdef: no visible global function definition for ‘tag’
    param.distr.userdef: no visible global function definition for ‘gframe’
    param.distr.userdef: no visible global function definition for ‘tag<-’
    param.evaluate: no visible global function definition for ‘tag’
    param.evaluate: no visible global function definition for ‘svalue’
    param.get.Rcode: no visible global function definition for ‘tag’
    param.get.Rcode: no visible global function definition for ‘svalue’
    param.get.Rcode: no visible binding for global variable ‘svalue’
    param.isvalid.val: no visible binding for global variable ‘svalue’
    param.isvalid.val: no visible global function definition for ‘tag’
    param.isvalid.varname: no visible global function definition for
     ‘svalue’
    param.method: no visible global function definition for ‘tag’
    param.method: no visible global function definition for ‘gframe’
    param.method: no visible global function definition for ‘ggroup’
    param.method: no visible global function definition for ‘glabel’
    param.method: no visible global function definition for ‘addSpring’
    param.method: no visible global function definition for ‘gimage’
    param.method: no visible global function definition for ‘tag<-’
    param.method.PINV: no visible global function definition for ‘gframe’
    param.method.PINV: no visible global function definition for ‘tag’
    param.method.PINV: no visible global function definition for ‘glayout’
    param.method.PINV: no visible global function definition for ‘gedit’
    param.method.PINV: no visible global function definition for
     ‘tooltip<-’
    param.method.PINV: no visible global function definition for ‘tag<-’
    param.method.PINV: no visible global function definition for
     ‘gcheckbox’
    param.method.SROU: no visible global function definition for ‘gframe’
    param.method.SROU: no visible global function definition for ‘tag’
    param.method.SROU: no visible global function definition for ‘glayout’
    param.method.SROU: no visible global function definition for ‘gedit’
    param.method.SROU: no visible global function definition for
     ‘tooltip<-’
    param.method.generic: no visible global function definition for
     ‘gframe’
    param.method.generic: no visible global function definition for
     ‘glabel’
    show.help.pages: no visible global function definition for ‘gwindow’
    show.help.pages: no visible global function definition for ‘size<-’
    show.help.pages: no visible global function definition for ‘ggroup’
    show.help.pages: no visible global function definition for ‘gnotebook’
    show.help.pages: no visible global function definition for ‘gtext’
    show.help.pages: no visible global function definition for ‘svalue<-’
    show.help.pages: no visible global function definition for ‘addSpring’
    show.help.pages: no visible global function definition for ‘gbutton’
    show.help.pages : <anonymous>: no visible global function definition
     for ‘dispose’
    stage1: no visible global function definition for ‘ggroup’
    stage1: no visible global function definition for ‘tag<-’
    stage1: no visible global function definition for ‘glabel’
    stage2: no visible global function definition for ‘ggroup’
    stage2: no visible global function definition for ‘tag<-’
    stage3: no visible global function definition for ‘tag’
    stage3: no visible global function definition for ‘gwindow’
    stage3: no visible global function definition for ‘tag<-’
    stage3: no visible global function definition for ‘svalue<-’
    toggle.group: no visible global function definition for ‘tag’
    toggle.group: no visible global function definition for ‘tag<-’
    toggle.group: no visible global function definition for ‘delete’
    type.buttons: no visible global function definition for ‘ggroup’
    type.buttons: no visible global function definition for ‘gbutton’
    type.buttons: no visible global function definition for ‘gaction’
    type.buttons : <anonymous>: no visible global function definition for
     ‘dispose’
    type.clearup: no visible global function definition for ‘delete’
    type.clearup: no visible global function definition for ‘tag’
    type.clearup: no visible global function definition for ‘tag<-’
    type.distribution: no visible global function definition for ‘gframe’
    type.distribution: no visible global function definition for ‘gradio’
    type.distribution: no visible global function definition for ‘addSpace’
    type.distribution: no visible global function definition for
     ‘gseparator’
    type.distribution: no visible global function definition for
     ‘gcombobox’
    type.distribution: no visible global function definition for ‘tag<-’
    type.distribution: no visible global function definition for ‘delete’
    type.evaluate: no visible global function definition for ‘svalue’
    type.evaluate: no visible global function definition for ‘tag’
    type.evaluate: no visible global function definition for ‘tag<-’
    type.method: no visible global function definition for ‘gframe’
    type.method: no visible global function definition for ‘gradio’
    type.method: no visible global function definition for ‘gcombobox’
    type.method: no visible global function definition for ‘tag<-’
    type.method: no visible global function definition for ‘delete’
    type.update.distribution: no visible global function definition for
     ‘tag’
    type.update.distribution: no visible global function definition for
     ‘svalue’
    type.update.method: no visible global function definition for ‘tag’
    type.update.method: no visible global function definition for ‘svalue’
    unuran.gui: no visible global function definition for ‘gwindow’
    unuran.gui: no visible global function definition for ‘id<-’
    unuran.gui: no visible global function definition for ‘tag<-’
    Undefined global functions or variables:
     addHandlerChanged addHandlerKeystroke addSpace addSpring delete
     dispose enabled<- gaction galert gbutton gcheckbox gcombobox gedit
     gframe ggraphics ggroup gimage glabel glayout gmessage gnotebook
     gradio gseparator gtext gtoolbar gwindow id id<- plot.rvgt.htest
     rvgt.Mtest rvgt.chisq rvgt.ftable size<- svalue svalue<- tag tag<-
     tooltip<- uerror uq ur xerror
Flavor: r-devel-osx-x86_64-clang

Version: 0.1
Check: R code for possible problems
Result: NOTE
    param.evaluate: warning in assign(distr.var, val = distr.obj, envir =
     tag(main, "envir")): partial argument match of ‘val’ to ‘value’
    param.evaluate: warning in assign(gen.var, val = gen.obj, envir =
     tag(main, "envir")): partial argument match of ‘val’ to ‘value’
    param.evaluate: warning in assign(sample.var, val = x, envir =
     tag(main, "envir")): partial argument match of ‘val’ to ‘value’
    emul.set.edit: no visible global function definition for ‘svalue<-’
    emul.set.select: no visible global function definition for ‘tag’
    emul.set.select: no visible global function definition for ‘svalue<-’
    emul.stage1: no visible global function definition for ‘id’
    emul.stage1: no visible global function definition for ‘tag’
    emul.stage1: no visible global function definition for ‘dispose’
    emul.stage2: no visible global function definition for ‘id’
    emul.stage2: no visible global function definition for ‘tag’
    emul.stage2: no visible global function definition for ‘dispose’
    experim.Rcode: no visible global function definition for ‘gtext’
    experim.Rcode: no visible global function definition for ‘tag<-’
    experim.Rcode: no visible global function definition for ‘tag’
    experim.aerror.data: no visible global function definition for ‘gframe’
    experim.aerror.data: no visible global function definition for
     ‘addSpace’
    experim.aerror.data: no visible global function definition for ‘gradio’
    experim.aerror.data: no visible global function definition for ‘glabel’
    experim.aerror.data: no visible global function definition for
     ‘glayout’
    experim.aerror.data: no visible global function definition for ‘gedit’
    experim.aerror.data: no visible global function definition for
     ‘tooltip<-’
    experim.aerror.data: no visible global function definition for ‘tag’
    experim.aerror.data: no visible global function definition for ‘svalue’
    experim.aerror.distr: no visible global function definition for
     ‘svalue<-’
    experim.aerror.distr: no visible global function definition for
     ‘enabled<-’
    experim.aerror.result: no visible global function definition for
     ‘gframe’
    experim.aerror.result: no visible global function definition for
     ‘glayout’
    experim.aerror.result: no visible global function definition for
     ‘glabel’
    experim.aerror.update: no visible global function definition for ‘tag’
    experim.aerror.update: no visible global function definition for
     ‘svalue’
    experim.aerror.update: no visible global function definition for
     ‘svalue<-’
    experim.ftable: no visible global function definition for ‘tag’
    experim.ftable: no visible global function definition for ‘svalue’
    experim.ftable: no visible global function definition for ‘tag<-’
    experim.ftable : rdist: no visible global function definition for ‘ur’
    experim.ftable : rdist: no visible global function definition for ‘tag’
    experim.ftable: no visible global function definition for ‘rvgt.ftable’
    experim.ftable: no visible global function definition for ‘rvgt.chisq’
    experim.ftable: no visible global function definition for ‘rvgt.Mtest’
    experim.ftable: no visible global function definition for ‘svalue<-’
    experim.hist.data: no visible global function definition for ‘gframe’
    experim.hist.data: no visible global function definition for ‘glayout’
    experim.hist.data: no visible global function definition for ‘gedit’
    experim.hist.data: no visible global function definition for
     ‘addHandlerKeystroke’
    experim.hist.data: no visible global function definition for
     ‘tooltip<-’
    experim.hist.distr: no visible global function definition for ‘tag’
    experim.hist.distr: no visible global function definition for ‘gframe’
    experim.hist.distr: no visible global function definition for ‘glayout’
    experim.hist.distr: no visible binding for global variable ‘svalue’
    experim.hist.distr: no visible global function definition for ‘svalue’
    experim.hist.distr: no visible global function definition for
     ‘gcheckbox’
    experim.hist.distr: no visible global function definition for
     ‘tooltip<-’
    experim.hist.draw: no visible global function definition for ‘tag’
    experim.hist.draw: no visible global function definition for
     ‘ggraphics’
    experim.hist.draw: no visible global function definition for ‘tag<-’
    experim.hist.gof: no visible global function definition for ‘gframe’
    experim.hist.gof: no visible global function definition for ‘glayout’
    experim.hist.gof: no visible global function definition for ‘glabel’
    experim.hist.pvals.plot: no visible global function definition for
     ‘tag’
    experim.hist.pvals.plot: no visible global function definition for
     ‘ggraphics’
    experim.hist.pvals.plot: no visible global function definition for
     ‘plot.rvgt.htest’
    experim.hist.pvals.plot: no visible global function definition for
     ‘tag<-’
    experim.hist.update: no visible global function definition for ‘tag’
    experim.hist.update: no visible global function definition for ‘svalue’
    experim.hist.update: no visible global function definition for
     ‘svalue<-’
    experim.hist.update: no visible global function definition for ‘tag<-’
    experim.histtest: no visible global function definition for ‘tag’
    experim.histtest: no visible global function definition for ‘ggroup’
    experim.histtest: no visible global function definition for ‘tag<-’
    experim.ierror: no visible global function definition for ‘tag’
    experim.ierror: no visible global function definition for ‘svalue’
    experim.ierror: no visible global function definition for ‘tag<-’
    experim.ierror : aqdist: no visible global function definition for ‘uq’
    experim.ierror : aqdist: no visible global function definition for
     ‘tag’
    experim.ierror: no visible global function definition for ‘uerror’
    experim.ierror: no visible global function definition for ‘xerror’
    experim.ierror: no visible global function definition for ‘svalue<-’
    experim.ierror.plot: no visible global function definition for ‘svalue’
    experim.ierror.plot: no visible global function definition for ‘tag’
    experim.ierror.plot: no visible global function definition for
     ‘ggraphics’
    experim.ierror.plot: no visible global function definition for ‘tag<-’
    experim.inverror: no visible global function definition for ‘tag’
    experim.inverror: no visible global function definition for ‘ggroup’
    experim.inverror: no visible global function definition for ‘tag<-’
    experim.notebook: no visible global function definition for ‘ggroup’
    experim.notebook: no visible global function definition for ‘gaction’
    experim.notebook : <anonymous>: no visible global function definition
     for ‘dispose’
    experim.notebook : <anonymous>: no visible global function definition
     for ‘tag’
    experim.notebook: no visible global function definition for ‘enabled<-’
    experim.notebook: no visible global function definition for ‘gtoolbar’
    experim.notebook: no visible global function definition for ‘gnotebook’
    experim.notebook: no visible global function definition for ‘tag<-’
    experim.notebook: no visible global function definition for
     ‘addHandlerChanged’
    experim.notebook : <anonymous>: no visible global function definition
     for ‘svalue’
    experim.notebook : <anonymous>: no visible global function definition
     for ‘enabled<-’
    experim.notebook : <anonymous>: no visible global function definition
     for ‘tag<-’
    experim.properties: no visible global function definition for ‘tag’
    experim.properties: no visible global function definition for ‘gtext’
    experim.properties: no visible global function definition for ‘tag<-’
    gcheckedit: no visible global function definition for ‘gedit’
    gcheckedit: no visible global function definition for ‘tag<-’
    gcheckedit: no visible global function definition for ‘enabled<-’
    gcheckedit: no visible global function definition for ‘tooltip<-’
    gcheckedit: no visible global function definition for ‘gcheckbox’
    gcheckedit : <anonymous>: no visible global function definition for
     ‘enabled<-’
    gcheckedit : <anonymous>: no visible global function definition for
     ‘tag<-’
    gcheckedit : <anonymous>: no visible global function definition for
     ‘svalue’
    mygmessage: no visible global function definition for ‘galert’
    mygmessage: no visible global function definition for ‘gmessage’
    param.action: no visible global function definition for ‘gframe’
    param.action: no visible global function definition for ‘glayout’
    param.action: no visible global function definition for ‘tag’
    param.action: no visible global function definition for ‘gedit’
    param.action: no visible global function definition for ‘gseparator’
    param.action: no visible global function definition for ‘gcheckbox’
    param.action: no visible global function definition for ‘tag<-’
    param.buttons: no visible global function definition for ‘ggroup’
    param.buttons: no visible global function definition for ‘gbutton’
    param.buttons: no visible global function definition for ‘gaction’
    param.buttons : <anonymous>: no visible global function definition for
     ‘dispose’
    param.buttons: no visible global function definition for ‘tag’
    param.check: no visible global function definition for ‘tag’
    param.check: no visible global function definition for ‘svalue’
    param.clearup: no visible global function definition for ‘delete’
    param.clearup: no visible global function definition for ‘tag’
    param.clearup: no visible global function definition for ‘tag<-’
    param.distr: no visible global function definition for ‘tag’
    param.distr: no visible global function definition for ‘gframe’
    param.distr: no visible global function definition for ‘ggroup’
    param.distr: no visible global function definition for ‘glabel’
    param.distr: no visible global function definition for ‘addSpring’
    param.distr: no visible global function definition for ‘gimage’
    param.distr: no visible global function definition for ‘tag<-’
    param.distr.ARS: no visible global function definition for ‘glayout’
    param.distr.ARS: no visible global function definition for ‘gedit’
    param.distr.ARS: no visible global function definition for ‘tooltip<-’
    param.distr.ARS: no visible global function definition for ‘tag<-’
    param.distr.ARS: no visible global function definition for ‘gcheckbox’
    param.distr.ARS: no visible global function definition for ‘enabled<-’
    param.distr.DARI: no visible global function definition for ‘glayout’
    param.distr.DARI: no visible global function definition for ‘gedit’
    param.distr.DARI: no visible global function definition for ‘tooltip<-’
    param.distr.DARI: no visible global function definition for ‘tag<-’
    param.distr.DAU: no visible global function definition for ‘glayout’
    param.distr.DAU: no visible global function definition for ‘gedit’
    param.distr.DAU: no visible global function definition for ‘tooltip<-’
    param.distr.DAU: no visible global function definition for ‘tag<-’
    param.distr.ITDR: no visible global function definition for ‘glayout’
    param.distr.ITDR: no visible global function definition for ‘gedit’
    param.distr.ITDR: no visible global function definition for ‘tooltip<-’
    param.distr.ITDR: no visible global function definition for ‘tag<-’
    param.distr.ITDR: no visible global function definition for ‘gcheckbox’
    param.distr.PINV: no visible global function definition for ‘glayout’
    param.distr.PINV: no visible global function definition for ‘gedit’
    param.distr.PINV: no visible global function definition for ‘tooltip<-’
    param.distr.PINV: no visible global function definition for ‘tag<-’
    param.distr.PINV: no visible global function definition for ‘gcheckbox’
    param.distr.SROU: no visible global function definition for ‘glayout’
    param.distr.SROU: no visible global function definition for ‘gedit’
    param.distr.SROU: no visible global function definition for ‘tooltip<-’
    param.distr.SROU: no visible global function definition for ‘tag<-’
    param.distr.SROU: no visible global function definition for ‘gcheckbox’
    param.distr.TDR: no visible global function definition for ‘glayout’
    param.distr.TDR: no visible global function definition for ‘gedit’
    param.distr.TDR: no visible global function definition for ‘tooltip<-’
    param.distr.TDR: no visible global function definition for ‘tag<-’
    param.distr.TDR: no visible global function definition for ‘gcheckbox’
    param.distr.builtin: no visible global function definition for ‘tag’
    param.distr.builtin: no visible global function definition for ‘gframe’
    param.distr.builtin: no visible global function definition for ‘tag<-’
    param.distr.domain: no visible global function definition for ‘tag’
    param.distr.domain: no visible global function definition for ‘glabel’
    param.distr.domain: no visible global function definition for ‘ggroup’
    param.distr.domain: no visible global function definition for
     ‘addSpace’
    param.distr.domain: no visible global function definition for ‘gedit’
    param.distr.domain: no visible global function definition for ‘tag<-’
    param.distr.domain: no visible global function definition for ‘svalue’
    param.distr.domain: no visible global function definition for
     ‘svalue<-’
    param.distr.domain: no visible global function definition for
     ‘addHandlerKeystroke’
    param.distr.domain : <anonymous>: no visible global function definition
     for ‘svalue<-’
    param.distr.domain : <anonymous>: no visible global function definition
     for ‘svalue’
    param.distr.generic: no visible global function definition for ‘tag’
    param.distr.generic: no visible global function definition for
     ‘glayout’
    param.distr.generic: no visible global function definition for ‘gedit’
    param.distr.userdef: no visible global function definition for ‘tag’
    param.distr.userdef: no visible global function definition for ‘gframe’
    param.distr.userdef: no visible global function definition for ‘tag<-’
    param.evaluate: no visible global function definition for ‘tag’
    param.evaluate: no visible global function definition for ‘svalue’
    param.get.Rcode: no visible global function definition for ‘tag’
    param.get.Rcode: no visible global function definition for ‘svalue’
    param.get.Rcode: no visible binding for global variable ‘svalue’
    param.isvalid.val: no visible binding for global variable ‘svalue’
    param.isvalid.val: no visible global function definition for ‘tag’
    param.isvalid.varname: no visible global function definition for
     ‘svalue’
    param.method: no visible global function definition for ‘tag’
    param.method: no visible global function definition for ‘gframe’
    param.method: no visible global function definition for ‘ggroup’
    param.method: no visible global function definition for ‘glabel’
    param.method: no visible global function definition for ‘addSpring’
    param.method: no visible global function definition for ‘gimage’
    param.method: no visible global function definition for ‘tag<-’
    param.method.PINV: no visible global function definition for ‘gframe’
    param.method.PINV: no visible global function definition for ‘tag’
    param.method.PINV: no visible global function definition for ‘glayout’
    param.method.PINV: no visible global function definition for ‘gedit’
    param.method.PINV: no visible global function definition for
     ‘tooltip<-’
    param.method.PINV: no visible global function definition for ‘tag<-’
    param.method.PINV: no visible global function definition for
     ‘gcheckbox’
    param.method.SROU: no visible global function definition for ‘gframe’
    param.method.SROU: no visible global function definition for ‘tag’
    param.method.SROU: no visible global function definition for ‘glayout’
    param.method.SROU: no visible global function definition for ‘gedit’
    param.method.SROU: no visible global function definition for
     ‘tooltip<-’
    param.method.generic: no visible global function definition for
     ‘gframe’
    param.method.generic: no visible global function definition for
     ‘glabel’
    show.help.pages: no visible global function definition for ‘gwindow’
    show.help.pages: no visible global function definition for ‘size<-’
    show.help.pages: no visible global function definition for ‘ggroup’
    show.help.pages: no visible global function definition for ‘gnotebook’
    show.help.pages: no visible global function definition for ‘gtext’
    show.help.pages: no visible global function definition for ‘svalue<-’
    show.help.pages: no visible global function definition for ‘addSpring’
    show.help.pages: no visible global function definition for ‘gbutton’
    show.help.pages : <anonymous>: no visible global function definition
     for ‘dispose’
    stage1: no visible global function definition for ‘ggroup’
    stage1: no visible global function definition for ‘tag<-’
    stage1: no visible global function definition for ‘glabel’
    stage2: no visible global function definition for ‘ggroup’
    stage2: no visible global function definition for ‘tag<-’
    stage3: no visible global function definition for ‘tag’
    stage3: no visible global function definition for ‘gwindow’
    stage3: no visible global function definition for ‘tag<-’
    stage3: no visible global function definition for ‘svalue<-’
    toggle.group: no visible global function definition for ‘tag’
    toggle.group: no visible global function definition for ‘tag<-’
    toggle.group: no visible global function definition for ‘delete’
    type.buttons: no visible global function definition for ‘ggroup’
    type.buttons: no visible global function definition for ‘gbutton’
    type.buttons: no visible global function definition for ‘gaction’
    type.buttons : <anonymous>: no visible global function definition for
     ‘dispose’
    type.clearup: no visible global function definition for ‘delete’
    type.clearup: no visible global function definition for ‘tag’
    type.clearup: no visible global function definition for ‘tag<-’
    type.distribution: no visible global function definition for ‘gframe’
    type.distribution: no visible global function definition for ‘gradio’
    type.distribution: no visible global function definition for ‘addSpace’
    type.distribution: no visible global function definition for
     ‘gseparator’
    type.distribution: no visible global function definition for
     ‘gcombobox’
    type.distribution: no visible global function definition for ‘tag<-’
    type.distribution: no visible global function definition for ‘delete’
    type.evaluate: no visible global function definition for ‘svalue’
    type.evaluate: no visible global function definition for ‘tag’
    type.evaluate: no visible global function definition for ‘tag<-’
    type.method: no visible global function definition for ‘gframe’
    type.method: no visible global function definition for ‘gradio’
    type.method: no visible global function definition for ‘gcombobox’
    type.method: no visible global function definition for ‘tag<-’
    type.method: no visible global function definition for ‘delete’
    type.update.distribution: no visible global function definition for
     ‘tag’
    type.update.distribution: no visible global function definition for
     ‘svalue’
    type.update.method: no visible global function definition for ‘tag’
    type.update.method: no visible global function definition for ‘svalue’
    unuran.gui: no visible global function definition for ‘gwindow’
    unuran.gui: no visible global function definition for ‘id<-’
    unuran.gui: no visible global function definition for ‘tag<-’
Flavors: r-patched-linux-x86_64, r-patched-solaris-sparc, r-patched-solaris-x86, r-release-linux-x86_64, r-release-osx-x86_64-mavericks, r-release-windows-ix86+x86_64, r-oldrel-windows-ix86+x86_64