CRAN Package Check Results for Package RunuranGUI

Last updated on 2018-05-27 00:46:53 CEST.

Flavor Version Tinstall Tcheck Ttotal Status Flags
r-devel-linux-x86_64-debian-clang 0.3 5.75 58.72 64.47 OK
r-devel-linux-x86_64-debian-gcc 0.3 4.21 46.08 50.29 OK
r-devel-linux-x86_64-fedora-clang 0.3 83.80 NOTE
r-devel-linux-x86_64-fedora-gcc 0.3 75.82 NOTE
r-devel-windows-ix86+x86_64 0.3 7.00 89.00 96.00 OK
r-patched-linux-x86_64 0.3 4.79 53.33 58.12 OK
r-patched-solaris-x86 0.3 112.40 NOTE
r-release-linux-x86_64 0.3 4.56 52.63 57.19 OK
r-release-windows-ix86+x86_64 0.3 12.00 75.00 87.00 OK
r-release-osx-x86_64 0.3 ERROR
r-oldrel-windows-ix86+x86_64 0.3 9.00 61.00 70.00 OK
r-oldrel-osx-x86_64 0.3 ERROR

Check Details

Version: 0.3
Check: dependencies in R code
Result: NOTE
    Namespace in Imports field not imported from: ‘RGtk2’
     All declared Imports should be used.
Flavors: r-devel-linux-x86_64-fedora-clang, r-devel-linux-x86_64-fedora-gcc, r-patched-solaris-x86

Version: 0.3
Check: package dependencies
Result: ERROR
    Packages required but not available: ‘cairoDevice’ ‘gWidgetsRGtk2’ ‘RGtk2’
    
    See section ‘The DESCRIPTION file’ in the ‘Writing R Extensions’
    manual.
Flavors: r-release-osx-x86_64, r-oldrel-osx-x86_64