CRAN Package Check Results for Package RunuranGUI

Last updated on 2019-03-24 03:47:25 CET.

Flavor Version Tinstall Tcheck Ttotal Status Flags
r-devel-linux-x86_64-debian-clang 0.3 7.32 55.90 63.22 OK
r-devel-linux-x86_64-debian-gcc 0.3 5.70 46.37 52.07 OK
r-devel-linux-x86_64-fedora-clang 0.3 79.20 NOTE
r-devel-linux-x86_64-fedora-gcc 0.3 74.90 NOTE
r-devel-windows-ix86+x86_64 0.3 18.00 84.00 102.00 OK
r-patched-linux-x86_64 0.3 4.84 54.07 58.91 OK
r-patched-solaris-x86 0.3 118.40 NOTE
r-release-linux-x86_64 0.3 0.25 2.05 2.30 ERROR
r-release-windows-ix86+x86_64 0.3 7.00 66.00 73.00 OK
r-release-osx-x86_64 0.3 ERROR
r-oldrel-windows-ix86+x86_64 0.3 7.00 66.00 73.00 OK
r-oldrel-osx-x86_64 0.3 ERROR

Check Details

Version: 0.3
Check: dependencies in R code
Result: NOTE
    Namespace in Imports field not imported from: ‘RGtk2’
     All declared Imports should be used.
Flavors: r-devel-linux-x86_64-fedora-clang, r-devel-linux-x86_64-fedora-gcc, r-patched-solaris-x86

Version: 0.3
Check: whether package can be installed
Result: ERROR
    Installation failed.
Flavor: r-release-linux-x86_64

Version: 0.3
Check: package dependencies
Result: ERROR
    Packages required but not available: ‘cairoDevice’ ‘gWidgetsRGtk2’ ‘RGtk2’
    
    See section ‘The DESCRIPTION file’ in the ‘Writing R Extensions’
    manual.
Flavors: r-release-osx-x86_64, r-oldrel-osx-x86_64