CRAN Package Check Results for Package Rvcg

Last updated on 2020-07-04 14:48:38 CEST.

Flavor Version Tinstall Tcheck Ttotal Status Flags
r-devel-linux-x86_64-debian-clang 0.19.1 701.56 43.50 745.06 OK
r-devel-linux-x86_64-debian-gcc 0.19.1 566.24 38.34 604.58 OK
r-devel-linux-x86_64-fedora-clang 0.19.1 1099.07 NOTE
r-devel-linux-x86_64-fedora-gcc 0.19.1 1020.48 OK
r-devel-windows-ix86+x86_64 0.19.1 1675.00 141.00 1816.00 NOTE
r-patched-linux-x86_64 0.19.1 596.55 48.17 644.72 OK
r-patched-solaris-x86 0.19.1 831.10 OK
r-release-linux-x86_64 0.19.1 595.26 48.39 643.65 OK
r-release-osx-x86_64 0.19.1 NOTE
r-release-windows-ix86+x86_64 0.19.1 1239.00 110.00 1349.00 NOTE
r-oldrel-osx-x86_64 0.19.1 NOTE
r-oldrel-windows-ix86+x86_64 0.19.1 1298.00 160.00 1458.00 NOTE

Check Details

Version: 0.19.1
Check: installed package size
Result: NOTE
     installed size is 58.6Mb
     sub-directories of 1Mb or more:
     libs 57.8Mb
Flavors: r-devel-linux-x86_64-fedora-clang, r-devel-windows-ix86+x86_64, r-release-osx-x86_64, r-release-windows-ix86+x86_64, r-oldrel-osx-x86_64, r-oldrel-windows-ix86+x86_64