CRAN Package Check Results for Package Rvmmin

Last updated on 2014-04-24 09:49:10.

Flavor Version Tinstall Tcheck Ttotal Status Flags
r-devel-linux-x86_64-debian-clang 2013-11.11 0.66 11.54 12.20 NOTE
r-devel-linux-x86_64-debian-gcc 2013-11.11 0.64 11.38 12.03 NOTE
r-devel-linux-x86_64-fedora-clang 2013-11.11 23.41 NOTE
r-devel-linux-x86_64-fedora-gcc 2013-11.11 22.02 NOTE
r-devel-osx-x86_64-clang 2013-11.11 24.56 NOTE
r-devel-osx-x86_64-gcc 2013-11.11 NOTE
r-devel-windows-ix86+x86_64 2013-11.11 2.00 18.00 20.00 NOTE
r-patched-linux-x86_64 2013-11.11 0.66 11.24 11.91 NOTE
r-patched-solaris-sparc 2013-11.11 144.00 NOTE
r-patched-solaris-x86 2013-11.11 32.80 NOTE
r-release-linux-ix86 2013-11.11 1.00 25.00 26.00 NOTE
r-release-linux-x86_64 2013-11.11 0.64 11.51 12.16 NOTE
r-release-osx-x86_64-mavericks 2013-11.11 WARN
r-release-osx-x86_64-snowleopard 2013-11.11 OK
r-release-windows-ix86+x86_64 2013-11.11 4.00 26.00 30.00 NOTE
r-oldrel-windows-ix86+x86_64 2013-11.11 2.00 20.00 22.00 NOTE

Check Details

Version: 2013-11.11
Check: dependencies in R code
Result: NOTE
    Package in Depends field not imported from: ‘optextras’
     These packages need to be imported from (in the NAMESPACE file)
     for when this namespace is loaded but not attached.
    See the information on DESCRIPTION files in the chapter ‘Creating R
    packages’ of the ‘Writing R Extensions’ manual.
Flavors: r-devel-linux-x86_64-debian-clang, r-devel-linux-x86_64-debian-gcc, r-devel-linux-x86_64-fedora-clang, r-devel-linux-x86_64-fedora-gcc, r-devel-osx-x86_64-clang, r-devel-osx-x86_64-gcc, r-devel-windows-ix86+x86_64, r-patched-linux-x86_64, r-patched-solaris-sparc, r-patched-solaris-x86, r-release-linux-ix86, r-release-linux-x86_64, r-release-osx-x86_64-mavericks, r-release-windows-ix86+x86_64, r-oldrel-windows-ix86+x86_64

Version: 2013-11.11
Check: PDF version of manual
Result: WARNING
    LaTeX errors when creating PDF version.
    This typically indicates Rd problems.
    LaTeX errors found:
    ! LaTeX Error: File `upquote.sty' not found.
    
    Type X to quit or <RETURN> to proceed,
    or enter new name. (Default extension: sty)
    
    186bfdfb/Rd2.tex:8: ==> Fatal error occurred, no output PDF file produced!
Flavor: r-release-osx-x86_64-mavericks