CRAN Package Check Results for Package Rvmmin

Last updated on 2014-07-30 03:48:27.

Flavor Version Tinstall Tcheck Ttotal Status Flags
r-devel-linux-x86_64-debian-clang 2013-11.11 0.57 11.28 11.85 NOTE
r-devel-linux-x86_64-debian-gcc 2013-11.11 0.60 10.86 11.46 NOTE
r-devel-linux-x86_64-fedora-clang 2013-11.11 23.03 NOTE
r-devel-linux-x86_64-fedora-gcc 2013-11.11 21.17 NOTE
r-devel-osx-x86_64-clang 2013-11.11 25.87 NOTE
r-devel-windows-ix86+x86_64 2013-11.11 3.00 18.00 21.00 NOTE
r-patched-linux-x86_64 2013-11.11 0.60 11.00 11.60 NOTE
r-patched-solaris-sparc 2013-11.11 144.00 NOTE
r-patched-solaris-x86 2013-11.11 32.40 NOTE
r-release-linux-ix86 2013-11.11 0.93 17.24 18.17 NOTE
r-release-linux-x86_64 2013-11.11 0.62 11.13 11.75 NOTE
r-release-osx-x86_64-mavericks 2013-11.11 NOTE
r-release-osx-x86_64-snowleopard 2013-11.11 OK
r-release-windows-ix86+x86_64 2013-11.11 3.00 22.00 25.00 NOTE
r-oldrel-windows-ix86+x86_64 2013-11.11 2.00 20.00 22.00 NOTE

Check Details

Version: 2013-11.11
Check: dependencies in R code
Result: NOTE
    Package in Depends field not imported from: optextras
     These packages need to be imported from (in the NAMESPACE file)
     for when this namespace is loaded but not attached.
    See the information on DESCRIPTION files in the chapter Creating R
    packages of the Writing R Extensions manual.
Flavors: r-devel-linux-x86_64-debian-clang, r-devel-linux-x86_64-debian-gcc, r-devel-linux-x86_64-fedora-clang, r-devel-linux-x86_64-fedora-gcc, r-devel-osx-x86_64-clang, r-devel-windows-ix86+x86_64, r-patched-linux-x86_64, r-patched-solaris-sparc, r-patched-solaris-x86, r-release-linux-ix86, r-release-linux-x86_64, r-release-osx-x86_64-mavericks, r-release-windows-ix86+x86_64, r-oldrel-windows-ix86+x86_64