CRAN Package Check Results for Package Rvmmin

Last updated on 2014-08-27 11:51:02.

Flavor Version Tinstall Tcheck Ttotal Status Flags
r-devel-linux-x86_64-debian-clang 2013-11.11 0.56 11.00 11.56 NOTE
r-devel-linux-x86_64-debian-gcc 2013-11.11 0.54 11.28 11.82 NOTE
r-devel-linux-x86_64-fedora-clang 2013-11.11 23.42 NOTE
r-devel-linux-x86_64-fedora-gcc 2013-11.11 22.12 NOTE
r-devel-osx-x86_64-clang 2013-11.11 25.04 NOTE
r-devel-windows-ix86+x86_64 2013-11.11 2.00 20.00 22.00 NOTE
r-patched-linux-x86_64 2013-11.11 0.60 11.08 11.68 NOTE
r-patched-solaris-sparc 2013-11.11 136.10 NOTE
r-patched-solaris-x86 2013-11.11 32.20 NOTE
r-release-linux-ix86 2013-11.11 0.94 17.38 18.32 NOTE
r-release-linux-x86_64 2013-11.11 0.63 11.76 12.39 NOTE
r-release-osx-x86_64-mavericks 2013-11.11 NOTE
r-release-osx-x86_64-snowleopard 2013-11.11 OK
r-release-windows-ix86+x86_64 2013-11.11 3.00 22.00 25.00 NOTE
r-oldrel-windows-ix86+x86_64 2013-11.11 2.00 20.00 22.00 NOTE

Check Details

Version: 2013-11.11
Check: dependencies in R code
Result: NOTE
    Package in Depends field not imported from: ‘optextras’
     These packages need to be imported from (in the NAMESPACE file)
     for when this namespace is loaded but not attached.
    See the information on DESCRIPTION files in the chapter ‘Creating R
    packages’ of the ‘Writing R Extensions’ manual.
Flavors: r-devel-linux-x86_64-debian-clang, r-devel-linux-x86_64-debian-gcc, r-devel-linux-x86_64-fedora-clang, r-devel-linux-x86_64-fedora-gcc, r-devel-osx-x86_64-clang, r-devel-windows-ix86+x86_64, r-patched-linux-x86_64, r-patched-solaris-sparc, r-patched-solaris-x86, r-release-linux-ix86, r-release-linux-x86_64, r-release-osx-x86_64-mavericks, r-release-windows-ix86+x86_64, r-oldrel-windows-ix86+x86_64

Version: 2013-11.11
Check: R code for possible problems
Result: NOTE
    Rvmmin: no visible global function definition for ‘grchk’
    Rvmmin: no visible global function definition for ‘bmchk’
Flavors: r-devel-linux-x86_64-debian-clang, r-devel-linux-x86_64-debian-gcc, r-devel-linux-x86_64-fedora-clang, r-devel-linux-x86_64-fedora-gcc, r-devel-osx-x86_64-clang, r-devel-windows-ix86+x86_64