Last updated on 2022-08-18 21:49:59 CEST.
Flavor | Version | Tinstall | Tcheck | Ttotal | Status | Flags |
---|---|---|---|---|---|---|
r-devel-linux-x86_64-debian-clang | 2.6-0 | 21.42 | 94.13 | 115.55 | NOTE | |
r-devel-linux-x86_64-debian-gcc | 2.6-0 | 18.40 | 70.65 | 89.05 | NOTE | |
r-devel-linux-x86_64-fedora-clang | 2.6-0 | 160.22 | NOTE | |||
r-devel-linux-x86_64-fedora-gcc | 2.6-0 | 147.53 | NOTE | |||
r-devel-windows-x86_64 | 2.6-0 | 103.00 | 142.00 | 245.00 | NOTE | |
r-patched-linux-x86_64 | 2.6-0 | 21.15 | 89.93 | 111.08 | OK | |
r-release-linux-x86_64 | 2.6-0 | OK | ||||
r-release-macos-arm64 | 2.6-0 | 44.00 | OK | |||
r-release-macos-x86_64 | 2.6-0 | 65.00 | OK | |||
r-release-windows-x86_64 | 2.6-0 | 66.00 | 132.00 | 198.00 | OK | |
r-oldrel-macos-arm64 | 2.6-0 | 45.00 | OK | |||
r-oldrel-macos-x86_64 | 2.6-0 | 72.00 | OK | |||
r-oldrel-windows-ix86+x86_64 | 2.6-0 | 69.00 | 151.00 | 220.00 | OK |
Version: 2.6-0
Check: Rd files
Result: NOTE
checkRd: (-1) DOG.Rd:32: Escaped LaTeX specials: \_ \_
checkRd: (-1) DOG.Rd:33: Escaped LaTeX specials: \_
checkRd: (-1) DOG.Rd:48: Escaped LaTeX specials: \_ \_
checkRd: (-1) DOG.Rd:51: Escaped LaTeX specials: \_
checkRd: (-1) cgt.Rd:36: Escaped LaTeX specials: \_ \_
checkRd: (-1) cwt.Rd:29: Escaped LaTeX specials: \_ \_
checkRd: (-1) cwt.Rd:30: Escaped LaTeX specials: \_
checkRd: (-1) cwt.Rd:43: Escaped LaTeX specials: \_ \_
checkRd: (-1) cwt.Rd:45: Escaped LaTeX specials: \_
checkRd: (-1) cwtimage.Rd:25: Escaped LaTeX specials: \_ \_
checkRd: (-1) cwtimage.Rd:27: Escaped LaTeX specials: \_
checkRd: (-1) cwtpolar.Rd:38: Escaped LaTeX specials: \_
Flavors: r-devel-linux-x86_64-debian-clang, r-devel-linux-x86_64-debian-gcc, r-devel-linux-x86_64-fedora-clang, r-devel-linux-x86_64-fedora-gcc, r-devel-windows-x86_64