CRAN Package Check Results for Package Rwave

Last updated on 2014-04-25 09:52:23.

Flavor Version Tinstall Tcheck Ttotal Status Flags
r-devel-linux-x86_64-debian-clang 2.1 6.42 26.02 32.44 WARN
r-devel-linux-x86_64-debian-gcc 2.1 7.92 26.04 33.96 WARN
r-devel-linux-x86_64-fedora-clang 2.1 60.15 WARN
r-devel-linux-x86_64-fedora-gcc 2.1 60.04 WARN
r-devel-osx-x86_64-clang 2.1 50.30 WARN
r-devel-osx-x86_64-gcc 2.1 OK
r-devel-windows-ix86+x86_64 2.1 61.00 40.00 101.00 WARN
r-patched-linux-x86_64 2.1 7.96 26.26 34.22 WARN
r-patched-solaris-sparc 2.1 353.40 OK
r-patched-solaris-x86 2.1 79.50 OK
r-release-linux-ix86 2.1 15.00 46.00 61.00 WARN
r-release-linux-x86_64 2.1 7.86 26.33 34.19 WARN
r-release-osx-x86_64-mavericks 2.1 WARN
r-release-windows-ix86+x86_64 2.1 109.00 56.00 165.00 WARN
r-oldrel-windows-ix86+x86_64 2.1 61.00 45.00 106.00 OK

Check Details

Version: 2.1
Check: whether package can be installed
Result: WARNING
    Found the following significant warnings:
     dau_wave.c:103:1: warning: control reaches end of non-void function [-Wreturn-type]
     dau_wave.c:134:1: warning: control reaches end of non-void function [-Wreturn-type]
    See ‘/home/hornik/tmp/R.check/r-devel-clang/Work/PKGS/Rwave.Rcheck/00install.out’ for details.
Flavor: r-devel-linux-x86_64-debian-clang

Version: 2.1
Check: whether package can be installed
Result: WARNING
    Found the following significant warnings:
     dau_wave.c:103:1: warning: control reaches end of non-void function [-Wreturn-type]
     dau_wave.c:134:1: warning: control reaches end of non-void function [-Wreturn-type]
    See ‘/home/hornik/tmp/R.check/r-devel-gcc/Work/PKGS/Rwave.Rcheck/00install.out’ for details.
Flavor: r-devel-linux-x86_64-debian-gcc

Version: 2.1
Check: whether package can be installed
Result: WARNING
    Found the following significant warnings:
     dau_wave.c:103:1: warning: control reaches end of non-void function [-Wreturn-type]
     dau_wave.c:134:1: warning: control reaches end of non-void function [-Wreturn-type]
    See ‘/data/gannet/ripley/R/packages/tests-clang/Rwave.Rcheck/00install.out’ for details.
Flavor: r-devel-linux-x86_64-fedora-clang

Version: 2.1
Check: Rd line widths
Result: NOTE
    Rd file 'fastkernel.Rd':
     \examples lines wider than 100 characters:
     function(node, phinode, nvoice, x.inc = 1, x.min = node[1], x.max = node[length(node)], w0 = 2 * pi, plot = F)
    
    These lines will be truncated in the PDF manual.
Flavors: r-devel-linux-x86_64-fedora-clang, r-devel-linux-x86_64-fedora-gcc

Version: 2.1
Check: whether package can be installed
Result: WARNING
    Found the following significant warnings:
     dau_wave.c:103:1: warning: control reaches end of non-void function [-Wreturn-type]
     dau_wave.c:134:1: warning: control reaches end of non-void function [-Wreturn-type]
    See ‘/data/gannet/ripley/R/packages/tests-devel/Rwave.Rcheck/00install.out’ for details.
Flavor: r-devel-linux-x86_64-fedora-gcc

Version: 2.1
Check: whether package can be installed
Result: WARNING
    Found the following significant warnings:
     dau_wave.c:103:1: warning: control reaches end of non-void function [-Wreturn-type]
     dau_wave.c:134:1: warning: control reaches end of non-void function [-Wreturn-type]
    See ‘/Users/ripley/R/packages/tests-devel/Rwave.Rcheck/00install.out’ for details.
Flavor: r-devel-osx-x86_64-clang

Version: 2.1
Check: whether package can be installed
Result: WARNING
    Found the following significant warnings:
     dau_wave.c:134:1: warning: control reaches end of non-void function [-Wreturn-type]
     dau_wave.c:103:1: warning: control reaches end of non-void function [-Wreturn-type]
     dau_wave.c:134:1: warning: control reaches end of non-void function [-Wreturn-type]
     dau_wave.c:103:1: warning: control reaches end of non-void function [-Wreturn-type]
    See 'd:/Rcompile/CRANpkg/local/3.2/Rwave.Rcheck/00install.out' for details.
Flavor: r-devel-windows-ix86+x86_64

Version: 2.1
Check: whether package can be installed
Result: WARNING
    Found the following significant warnings:
     dau_wave.c:103:1: warning: control reaches end of non-void function [-Wreturn-type]
     dau_wave.c:134:1: warning: control reaches end of non-void function [-Wreturn-type]
    See ‘/home/hornik/tmp/R.check/r-patched-gcc/Work/PKGS/Rwave.Rcheck/00install.out’ for details.
Flavor: r-patched-linux-x86_64

Version: 2.1
Check: whether package can be installed
Result: WARNING
    Found the following significant warnings:
     dau_wave.c:103:1: warning: control reaches end of non-void function [-Wreturn-type]
     dau_wave.c:134:1: warning: control reaches end of non-void function [-Wreturn-type]
    See ‘/home/hornik/tmp/R.check/r-release-gcc/Work/PKGS/Rwave.Rcheck/00install.out’ for details.
Flavors: r-release-linux-ix86, r-release-linux-x86_64

Version: 2.1
Check: whether package can be installed
Result: WARNING
    Found the following significant warnings:
     dau_wave.c:103:1: warning: control reaches end of non-void function [-Wreturn-type]
     dau_wave.c:134:1: warning: control reaches end of non-void function [-Wreturn-type]
    See ‘/Builds/CRAN-QA-Simon/packages/mavericks-x86_64/results/3.1/Rwave.Rcheck/00install.out’ for details.
Flavor: r-release-osx-x86_64-mavericks

Version: 2.1
Check: whether package can be installed
Result: WARNING
    Found the following significant warnings:
     dau_wave.c:134:1: warning: control reaches end of non-void function [-Wreturn-type]
     dau_wave.c:103:1: warning: control reaches end of non-void function [-Wreturn-type]
     dau_wave.c:134:1: warning: control reaches end of non-void function [-Wreturn-type]
     dau_wave.c:103:1: warning: control reaches end of non-void function [-Wreturn-type]
    See 'd:/Rcompile/CRANpkg/local/3.1/Rwave.Rcheck/00install.out' for details.
Flavor: r-release-windows-ix86+x86_64