CRAN Package Check Results for Package Rwinsteps

Last updated on 2018-12-19 02:48:27 CET.

Flavor Version Tinstall Tcheck Ttotal Status Flags
r-devel-linux-x86_64-debian-clang 1.0-1 1.07 18.79 19.86 NOTE
r-devel-linux-x86_64-debian-gcc 1.0-1 1.02 15.21 16.23 NOTE
r-devel-linux-x86_64-fedora-clang 1.0-1 23.82 NOTE
r-devel-linux-x86_64-fedora-gcc 1.0-1 22.69 NOTE
r-devel-windows-ix86+x86_64 1.0-1 4.00 36.00 40.00 NOTE
r-patched-linux-x86_64 1.0-1 1.38 17.56 18.94 NOTE
r-patched-solaris-x86 1.0-1 34.10 NOTE
r-release-linux-x86_64 1.0-1 1.23 17.69 18.92 NOTE
r-release-windows-ix86+x86_64 1.0-1 4.00 29.00 33.00 NOTE
r-release-osx-x86_64 1.0-1 NOTE
r-oldrel-windows-ix86+x86_64 1.0-1 2.00 26.00 28.00 NOTE
r-oldrel-osx-x86_64 1.0-1 NOTE

Check Details

Version: 1.0-1
Check: top-level files
Result: NOTE
    File
     LICENSE
    is not mentioned in the DESCRIPTION file.
Flavors: r-devel-linux-x86_64-debian-clang, r-devel-linux-x86_64-debian-gcc, r-devel-linux-x86_64-fedora-clang, r-devel-linux-x86_64-fedora-gcc, r-devel-windows-ix86+x86_64, r-patched-linux-x86_64, r-patched-solaris-x86, r-release-linux-x86_64, r-release-windows-ix86+x86_64, r-release-osx-x86_64, r-oldrel-windows-ix86+x86_64, r-oldrel-osx-x86_64

Version: 1.0-1
Check: S3 generic/method consistency
Result: NOTE
    Found the following apparent S3 methods exported but not registered:
     lines.rief lines.riif lines.rirf plot.ifile plot.rief plot.riif
     plot.rirf plot.rtef plot.rtif plot.rtrf print.wcmd print.winsteps
    See section ‘Registering S3 methods’ in the ‘Writing R Extensions’
    manual.
Flavors: r-devel-linux-x86_64-debian-clang, r-devel-linux-x86_64-debian-gcc, r-devel-linux-x86_64-fedora-clang, r-devel-linux-x86_64-fedora-gcc, r-patched-linux-x86_64, r-patched-solaris-x86, r-release-linux-x86_64

Version: 1.0-1
Check: R code for possible problems
Result: NOTE
    getcolors: no visible global function definition for ‘rainbow’
    lines.rief: no visible global function definition for ‘lines.default’
    lines.riif: no visible global function definition for ‘lines.default’
    lines.rirf: no visible global function definition for ‘lines.default’
    plot.ifile: no visible global function definition for ‘plot’
    plot.rief: no visible global function definition for ‘plot.default’
    plot.rief: no visible global function definition for ‘lines’
    plot.riif: no visible global function definition for ‘plot.default’
    plot.riif: no visible global function definition for ‘lines’
    plot.rirf: no visible global function definition for ‘plot.default’
    plot.rirf: no visible global function definition for ‘lines’
    plot.rtef: no visible global function definition for ‘plot.default’
    plot.rtif: no visible global function definition for ‘plot.default’
    plot.rtrf: no visible global function definition for ‘plot.default’
    read.ifile: no visible global function definition for ‘read.table’
    read.pfile: no visible global function definition for ‘read.table’
    write.wdat: no visible global function definition for ‘write.table’
    Undefined global functions or variables:
     lines lines.default plot plot.default rainbow read.table write.table
    Consider adding
     importFrom("grDevices", "rainbow")
     importFrom("graphics", "lines", "lines.default", "plot",
     "plot.default")
     importFrom("utils", "read.table", "write.table")
    to your NAMESPACE file.
Flavors: r-devel-linux-x86_64-debian-clang, r-devel-linux-x86_64-debian-gcc, r-devel-linux-x86_64-fedora-clang, r-devel-linux-x86_64-fedora-gcc, r-devel-windows-ix86+x86_64, r-patched-linux-x86_64, r-patched-solaris-x86, r-release-linux-x86_64, r-release-windows-ix86+x86_64, r-release-osx-x86_64, r-oldrel-windows-ix86+x86_64, r-oldrel-osx-x86_64