CRAN Package Check Results for Package Rwinsteps

Last updated on 2019-09-18 11:49:05 CEST.

Flavor Version Tinstall Tcheck Ttotal Status Flags
r-devel-linux-x86_64-debian-clang 1.0-1.1 2.36 17.94 20.30 NOTE
r-devel-linux-x86_64-debian-gcc 1.0-1.1 1.80 14.55 16.35 NOTE
r-devel-linux-x86_64-fedora-clang 1.0-1.1 25.11 NOTE
r-devel-linux-x86_64-fedora-gcc 1.0-1.1 24.95 NOTE
r-devel-windows-ix86+x86_64 1.0-1.1 7.00 38.00 45.00 NOTE
r-patched-linux-x86_64 1.0-1.1 2.06 17.78 19.84 NOTE
r-patched-solaris-x86 1.0-1.1 37.00 NOTE
r-release-linux-x86_64 1.0-1.1 1.87 17.89 19.76 NOTE
r-release-windows-ix86+x86_64 1.0-1.1 4.00 37.00 41.00 NOTE
r-release-osx-x86_64 1.0-1.1 NOTE
r-oldrel-windows-ix86+x86_64 1.0-1.1 3.00 28.00 31.00 NOTE
r-oldrel-osx-x86_64 1.0-1.1 NOTE

Check Details

Version: 1.0-1.1
Check: top-level files
Result: NOTE
    File
     LICENSE
    is not mentioned in the DESCRIPTION file.
Flavors: r-devel-linux-x86_64-debian-clang, r-devel-linux-x86_64-debian-gcc, r-devel-linux-x86_64-fedora-clang, r-devel-linux-x86_64-fedora-gcc, r-devel-windows-ix86+x86_64, r-patched-linux-x86_64, r-patched-solaris-x86, r-release-linux-x86_64, r-release-windows-ix86+x86_64, r-release-osx-x86_64, r-oldrel-windows-ix86+x86_64, r-oldrel-osx-x86_64