CRAN Package Check Results for Package Rwinsteps

Last updated on 2019-02-23 20:52:59 CET.

Flavor Version Tinstall Tcheck Ttotal Status Flags
r-devel-linux-x86_64-debian-clang 1.0-1.1 1.72 18.86 20.58 NOTE
r-devel-linux-x86_64-debian-gcc 1.0-1.1 1.20 15.09 16.29 NOTE
r-devel-linux-x86_64-fedora-clang 1.0-1.1 25.48 NOTE
r-devel-linux-x86_64-fedora-gcc 1.0-1.1 23.04 NOTE
r-devel-windows-ix86+x86_64 1.0-1.1 5.00 28.00 33.00 NOTE
r-patched-linux-x86_64 1.0-1.1 1.34 17.71 19.05 NOTE
r-patched-solaris-x86 1.0-1.1 33.80 NOTE
r-release-linux-x86_64 1.0-1.1 1.03 17.28 18.31 NOTE
r-release-windows-ix86+x86_64 1.0-1.1 3.00 28.00 31.00 NOTE
r-release-osx-x86_64 1.0-1.1 NOTE
r-oldrel-windows-ix86+x86_64 1.0-1.1 3.00 25.00 28.00 NOTE
r-oldrel-osx-x86_64 1.0-1.1 NOTE

Check Details

Version: 1.0-1.1
Check: top-level files
Result: NOTE
    File
     LICENSE
    is not mentioned in the DESCRIPTION file.
Flavors: r-devel-linux-x86_64-debian-clang, r-devel-linux-x86_64-debian-gcc, r-devel-linux-x86_64-fedora-clang, r-devel-linux-x86_64-fedora-gcc, r-devel-windows-ix86+x86_64, r-patched-linux-x86_64, r-patched-solaris-x86, r-release-linux-x86_64, r-release-windows-ix86+x86_64, r-release-osx-x86_64, r-oldrel-windows-ix86+x86_64, r-oldrel-osx-x86_64