CRAN Package Check Results for Package Rwinsteps

Last updated on 2018-10-22 22:56:57 CEST.

Flavor Version Tinstall Tcheck Ttotal Status Flags
r-devel-linux-x86_64-debian-clang 1.0-1 1.47 19.38 20.85 ERROR
r-devel-linux-x86_64-debian-gcc 1.0-1 1.11 15.82 16.93 ERROR
r-devel-linux-x86_64-fedora-clang 1.0-1 24.16 NOTE
r-devel-linux-x86_64-fedora-gcc 1.0-1 22.71 NOTE
r-devel-windows-ix86+x86_64 1.0-1 4.00 39.00 43.00 NOTE
r-patched-linux-x86_64 1.0-1 0.99 17.49 18.48 NOTE
r-patched-solaris-x86 1.0-1 34.00 NOTE
r-release-linux-x86_64 1.0-1 1.20 17.65 18.85 NOTE
r-release-windows-ix86+x86_64 1.0-1 4.00 29.00 33.00 NOTE
r-release-osx-x86_64 1.0-1 NOTE
r-oldrel-windows-ix86+x86_64 1.0-1 2.00 25.00 27.00 NOTE
r-oldrel-osx-x86_64 1.0-1 NOTE

Check Details

Version: 1.0-1
Check: top-level files
Result: NOTE
    File
     LICENSE
    is not mentioned in the DESCRIPTION file.
Flavors: r-devel-linux-x86_64-debian-clang, r-devel-linux-x86_64-debian-gcc, r-devel-linux-x86_64-fedora-clang, r-devel-linux-x86_64-fedora-gcc, r-devel-windows-ix86+x86_64, r-patched-linux-x86_64, r-patched-solaris-x86, r-release-linux-x86_64, r-release-windows-ix86+x86_64, r-release-osx-x86_64, r-oldrel-windows-ix86+x86_64, r-oldrel-osx-x86_64

Version: 1.0-1
Check: S3 generic/method consistency
Result: NOTE
    Found the following apparent S3 methods exported but not registered:
     lines.rief lines.riif lines.rirf plot.ifile plot.rief plot.riif
     plot.rirf plot.rtef plot.rtif plot.rtrf print.wcmd print.winsteps
    See section ‘Registering S3 methods’ in the ‘Writing R Extensions’
    manual.
Flavors: r-devel-linux-x86_64-debian-clang, r-devel-linux-x86_64-debian-gcc, r-devel-linux-x86_64-fedora-clang, r-devel-linux-x86_64-fedora-gcc, r-patched-linux-x86_64, r-patched-solaris-x86, r-release-linux-x86_64

Version: 1.0-1
Check: R code for possible problems
Result: NOTE
    getcolors: no visible global function definition for ‘rainbow’
    lines.rief: no visible global function definition for ‘lines.default’
    lines.riif: no visible global function definition for ‘lines.default’
    lines.rirf: no visible global function definition for ‘lines.default’
    plot.ifile: no visible global function definition for ‘plot’
    plot.rief: no visible global function definition for ‘plot.default’
    plot.rief: no visible global function definition for ‘lines’
    plot.riif: no visible global function definition for ‘plot.default’
    plot.riif: no visible global function definition for ‘lines’
    plot.rirf: no visible global function definition for ‘plot.default’
    plot.rirf: no visible global function definition for ‘lines’
    plot.rtef: no visible global function definition for ‘plot.default’
    plot.rtif: no visible global function definition for ‘plot.default’
    plot.rtrf: no visible global function definition for ‘plot.default’
    read.ifile: no visible global function definition for ‘read.table’
    read.pfile: no visible global function definition for ‘read.table’
    write.wdat: no visible global function definition for ‘write.table’
    Undefined global functions or variables:
     lines lines.default plot plot.default rainbow read.table write.table
    Consider adding
     importFrom("grDevices", "rainbow")
     importFrom("graphics", "lines", "lines.default", "plot",
     "plot.default")
     importFrom("utils", "read.table", "write.table")
    to your NAMESPACE file.
Flavors: r-devel-linux-x86_64-debian-clang, r-devel-linux-x86_64-debian-gcc, r-devel-linux-x86_64-fedora-clang, r-devel-linux-x86_64-fedora-gcc, r-devel-windows-ix86+x86_64, r-patched-linux-x86_64, r-patched-solaris-x86, r-release-linux-x86_64, r-release-windows-ix86+x86_64, r-release-osx-x86_64, r-oldrel-windows-ix86+x86_64, r-oldrel-osx-x86_64

Version: 1.0-1
Check: examples
Result: ERROR
    Running examples in ‘Rwinsteps-Ex.R’ failed
    The error most likely occurred in:
    
    > base::assign(".ptime", proc.time(), pos = "CheckExEnv")
    > ### Name: wdat
    > ### Title: Winsteps Data File
    > ### Aliases: wdat read.wdat write.wdat
    > ### Keywords: methods
    >
    > ### ** Examples
    >
    > # Simulate data, with missings
    > set.seed(82911)
    > b <- seq(-3, 3, length = 15)
    > theta <- rnorm(100, 1)
    > rmat <- ifelse(rirf(b, theta)$p > runif(1500), 1, 0)
    > rmat[sample(1500, 30)] <- NA
    > rmat <- data.frame(rmat)
    >
    > # Item and person labels
    > colnames(rmat) <- paste("i", 1:15, sep = "")
    > rmat$name <- paste("p", 1:100, sep = "")
    >
    > # Create command file
    > tempdat <- tempfile()
    > cmd <- wcmd(title = "R2Winsteps Example", data = tempdat,
    + item1 = 1, ni = 15, name1 = 16, namelen = 5,
    + labels = paste("i", 1:15, sep = ""), hlines = "Y")
    >
    > # Write to temp file and read back in
    > write.wdat(rmat, cmd, na = "N")
    > rmat2 <- read.wdat(cmd, na = "N")
    Error in `[<-.data.frame`(`*tmp*`, out[, i + 1] == na, i + 1, value = NA) :
     replacement has 1 row, data has 0
    Calls: read.wdat -> [<- -> [<-.data.frame
    Execution halted
Flavors: r-devel-linux-x86_64-debian-clang, r-devel-linux-x86_64-debian-gcc