CRAN Package Check Results for Package Rwinsteps

Last updated on 2019-06-18 20:47:32 CEST.

Flavor Version Tinstall Tcheck Ttotal Status Flags
r-devel-linux-x86_64-debian-clang 1.0-1.1 1.50 18.26 19.76 NOTE
r-devel-linux-x86_64-debian-gcc 1.0-1.1 1.65 15.12 16.77 NOTE
r-devel-linux-x86_64-fedora-clang 1.0-1.1 24.66 NOTE
r-devel-linux-x86_64-fedora-gcc 1.0-1.1 23.85 NOTE
r-devel-windows-ix86+x86_64 1.0-1.1 4.00 30.00 34.00 NOTE
r-patched-linux-x86_64 1.0-1.1 1.73 18.49 20.22 NOTE
r-patched-solaris-x86 1.0-1.1 38.40 NOTE
r-release-linux-x86_64 1.0-1.1 2.06 18.62 20.68 NOTE
r-release-windows-ix86+x86_64 1.0-1.1 4.00 37.00 41.00 NOTE
r-release-osx-x86_64 1.0-1.1 NOTE
r-oldrel-windows-ix86+x86_64 1.0-1.1 3.00 28.00 31.00 NOTE
r-oldrel-osx-x86_64 1.0-1.1 NOTE

Check Details

Version: 1.0-1.1
Check: top-level files
Result: NOTE
    File
     LICENSE
    is not mentioned in the DESCRIPTION file.
Flavors: r-devel-linux-x86_64-debian-clang, r-devel-linux-x86_64-debian-gcc, r-devel-linux-x86_64-fedora-clang, r-devel-linux-x86_64-fedora-gcc, r-devel-windows-ix86+x86_64, r-patched-linux-x86_64, r-patched-solaris-x86, r-release-linux-x86_64, r-release-windows-ix86+x86_64, r-release-osx-x86_64, r-oldrel-windows-ix86+x86_64, r-oldrel-osx-x86_64