CRAN Package Check Results for Package Rwordseg

Last updated on 2022-12-05 10:57:25 CET.

Flavor Version Tinstall Tcheck Ttotal Status Flags
r-devel-linux-x86_64-debian-clang 0.3-2 2.42 36.94 39.36 OK
r-devel-linux-x86_64-debian-gcc 0.3-2 2.67 29.60 32.27 OK
r-devel-linux-x86_64-fedora-clang 0.3-2 62.06 NOTE
r-devel-linux-x86_64-fedora-gcc 0.3-2 60.38 NOTE
r-devel-windows-x86_64 0.3-2 6.00 67.00 73.00 OK
r-patched-linux-x86_64 0.3-2 2.99 36.12 39.11 OK
r-release-linux-x86_64 0.3-2 3.78 36.59 40.37 OK
r-release-macos-arm64 0.3-2 20.00 NOTE
r-release-macos-x86_64 0.3-2 30.00 NOTE
r-release-windows-x86_64 0.3-2 22.00 67.00 89.00 OK
r-oldrel-macos-arm64 0.3-2 24.00 NOTE
r-oldrel-macos-x86_64 0.3-2 43.00 NOTE
r-oldrel-windows-ix86+x86_64 0.3-2 7.00 63.00 70.00 OK

Check Details

Version: 0.3-2
Check: Rd cross-references
Result: NOTE
    Undeclared package ‘tm’ in Rd xrefs
Flavor: r-devel-linux-x86_64-fedora-clang

Version: 0.3-2
Check: data for non-ASCII characters
Result: NOTE
     Note: found 2016 marked UTF-8 strings
Flavors: r-devel-linux-x86_64-fedora-clang, r-devel-linux-x86_64-fedora-gcc, r-release-macos-arm64, r-release-macos-x86_64, r-oldrel-macos-arm64, r-oldrel-macos-x86_64