CRAN Package Check Results for Package RxODE

Last updated on 2019-03-24 10:47:07 CET.

Flavor Version Tinstall Tcheck Ttotal Status Flags
r-devel-linux-x86_64-debian-clang 0.8.0-9 129.73 146.15 275.88 OK
r-devel-linux-x86_64-debian-gcc 0.8.0-9 141.94 122.07 264.01 OK
r-devel-linux-x86_64-fedora-clang 0.8.0-9 395.40 NOTE
r-devel-linux-x86_64-fedora-gcc 0.8.0-9 408.29 NOTE
r-devel-windows-ix86+x86_64 0.8.0-9 393.00 368.00 761.00 NOTE
r-patched-linux-x86_64 0.8.0-9 155.65 145.39 301.04 OK
r-patched-solaris-x86 0.8.0-9 403.80 NOTE
r-release-linux-x86_64 0.8.0-9 0.82 4.35 5.17 ERROR
r-release-windows-ix86+x86_64 0.8.0-9 302.00 266.00 568.00 NOTE
r-release-osx-x86_64 0.8.0-9 NOTE
r-oldrel-windows-ix86+x86_64 0.8.0-9 291.00 293.00 584.00 NOTE
r-oldrel-osx-x86_64 0.8.0-9 NOTE

Check Details

Version: 0.8.0-9
Check: installed package size
Result: NOTE
     installed size is 13.6Mb
     sub-directories of 1Mb or more:
     doc 1.6Mb
     libs 11.2Mb
Flavors: r-devel-linux-x86_64-fedora-clang, r-devel-windows-ix86+x86_64, r-release-windows-ix86+x86_64, r-oldrel-windows-ix86+x86_64

Version: 0.8.0-9
Check: dependencies in R code
Result: NOTE
    Namespace in Imports field not imported from: ‘n1qn1’
     All declared Imports should be used.
Flavors: r-devel-linux-x86_64-fedora-clang, r-devel-linux-x86_64-fedora-gcc, r-patched-solaris-x86, r-release-osx-x86_64, r-oldrel-osx-x86_64

Version: 0.8.0-9
Check: package dependencies
Result: NOTE
    Package suggested but not available for checking: 'SnakeCharmR'
Flavors: r-devel-windows-ix86+x86_64, r-release-windows-ix86+x86_64, r-oldrel-windows-ix86+x86_64

Version: 0.8.0-9
Check: whether package can be installed
Result: NOTE
    Found the following notes/warnings:
     Non-staged installation was used
Flavor: r-devel-windows-ix86+x86_64

Version: 0.8.0-9
Check: whether package can be installed
Result: ERROR
    Installation failed.
Flavor: r-release-linux-x86_64