CRAN Package Check Results for Package Rxnat

Last updated on 2019-07-19 12:55:32 CEST.

Flavor Version Tinstall Tcheck Ttotal Status Flags
r-devel-linux-x86_64-debian-clang 1.0.6 2.13 30.10 32.23 OK
r-devel-linux-x86_64-debian-gcc 1.0.6 2.10 24.59 26.69 OK
r-devel-linux-x86_64-fedora-clang 1.0.6 37.73 OK
r-devel-linux-x86_64-fedora-gcc 1.0.6 37.19 OK
r-devel-windows-ix86+x86_64 1.0.6 7.00 104.00 111.00 OK
r-patched-linux-x86_64 1.0.6 2.55 30.00 32.55 OK
r-patched-solaris-x86 1.0.6 60.90 OK
r-release-linux-x86_64 1.0.6 2.41 30.02 32.43 OK
r-release-windows-ix86+x86_64 1.0.6 5.00 76.00 81.00 WARN
r-release-osx-x86_64 1.0.6 OK
r-oldrel-windows-ix86+x86_64 1.0.6 4.00 88.00 92.00 OK
r-oldrel-osx-x86_64 1.0.6 OK

Check Details

Version: 1.0.6
Check: re-building of vignette outputs
Result: WARN
    Error(s) in re-building vignettes:
    --- re-building 'rxnat.Rmd' using rmarkdown
    Quitting from lines 98-100 (rxnat.Rmd)
    Error: processing vignette 'rxnat.Rmd' failed with diagnostics:
    embedded nul in string: '<e1><U+00AF>N<c0><d9>G<c9><cf><e0><U+03FF>\002#<U+00B7>b\rf<U+0096>^<U+0093><U+00A4><f1>3x|<fe>g<U+009C>VA\0015b<fd><U+00B9><U+009D><U+00BE>:<U+00AD><U+00BE><U+00BE>\rr]3\036o\004\f<U+0096><e0><U+05B5><d6>q\002<ee>\177<U+00A8><U+831B>+<U+00B1>~\005<U+00A7> <U+008D>'
    --- failed re-building 'rxnat.Rmd'
    
    SUMMARY: processing the following file failed:
     'rxnat.Rmd'
    
    Error: Vignette re-building failed.
    Execution halted
Flavor: r-release-windows-ix86+x86_64