CRAN Package Check Results for Package Rxnat

Last updated on 2019-05-25 07:46:57 CEST.

Flavor Version Tinstall Tcheck Ttotal Status Flags
r-devel-linux-x86_64-debian-clang 1.0.4 1.92 35.68 37.60 ERROR
r-devel-linux-x86_64-debian-gcc 1.0.4 2.02 28.81 30.83 OK
r-devel-linux-x86_64-fedora-clang 1.0.4 28.88 ERROR
r-devel-linux-x86_64-fedora-gcc 1.0.4 40.20 ERROR
r-devel-windows-ix86+x86_64 1.0.4 6.00 181.00 187.00 OK
r-patched-linux-x86_64 1.0.4 ERROR
r-patched-solaris-x86 1.0.4 64.70 OK
r-release-linux-x86_64 1.0.4 2.37 35.40 37.77 ERROR
r-release-windows-ix86+x86_64 1.0.4 9.00 149.00 158.00 WARN
r-release-osx-x86_64 1.0.4 OK
r-oldrel-windows-ix86+x86_64 1.0.4 5.00 163.00 168.00 OK
r-oldrel-osx-x86_64 1.0.4 OK

Check Details

Version: 1.0.4
Check: examples
Result: ERROR
    Running examples in 'Rxnat-Ex.R' failed
    The error most likely occurred in:
    
    > base::assign(".ptime", proc.time(), pos = "CheckExEnv")
    > ### Name: get_scan_resources
    > ### Title: Get scan resources for a specific experiment ID
    > ### Aliases: get_scan_resources
    >
    > ### ** Examples
    >
    > ## Connect to XNAT CENTRAL
    > xnat_central_conn <- xnat_connect('https://central.xnat.org', xnat_name="CENTRAL")
    Error in function (type, msg, asError = TRUE) : Empty reply from server
    Calls: xnat_connect -> curlPerform -> <Anonymous> -> fun
    Execution halted
Flavors: r-devel-linux-x86_64-debian-clang, r-patched-linux-x86_64, r-release-linux-x86_64

Version: 1.0.4
Check: examples
Result: ERROR
    Running examples in ‘Rxnat-Ex.R’ failed
    The error most likely occurred in:
    
    > ### Name: get_scan_resources
    > ### Title: Get scan resources for a specific experiment ID
    > ### Aliases: get_scan_resources
    >
    > ### ** Examples
    >
    > ## Connect to XNAT CENTRAL
    > xnat_central_conn <- xnat_connect('https://central.xnat.org', xnat_name="CENTRAL")
    Error in function (type, msg, asError = TRUE) : Empty reply from server
    Calls: xnat_connect -> curlPerform -> <Anonymous> -> fun
    Execution halted
Flavors: r-devel-linux-x86_64-fedora-clang, r-devel-linux-x86_64-fedora-gcc

Version: 1.0.4
Check: re-building of vignette outputs
Result: WARN
    Error(s) in re-building vignettes:
     ...
    --- re-building ‘rxnat.Rmd’ using rmarkdown
    Quitting from lines 98-100 (rxnat.Rmd)
    Error: processing vignette 'rxnat.Rmd' failed with diagnostics:
    error during HTTP request
    --- failed re-building ‘rxnat.Rmd’
    
    SUMMARY: processing the following file failed:
     ‘rxnat.Rmd’
    
    Error: Vignette re-building failed.
    Execution halted
Flavor: r-patched-linux-x86_64

Version: 1.0.4
Check: re-building of vignette outputs
Result: WARN
    Error(s) in re-building vignettes:
    --- re-building 'rxnat.Rmd' using rmarkdown
    Quitting from lines 98-100 (rxnat.Rmd)
    Error: processing vignette 'rxnat.Rmd' failed with diagnostics:
    error during HTTP request
    --- failed re-building 'rxnat.Rmd'
    
    SUMMARY: processing the following file failed:
     'rxnat.Rmd'
    
    Error: Vignette re-building failed.
    Execution halted
Flavor: r-release-windows-ix86+x86_64