CRAN Package Check Results for Package Ryacas

Last updated on 2014-09-16 19:48:43.

Flavor Version Tinstall Tcheck Ttotal Status Flags
r-devel-linux-x86_64-debian-clang 0.2-12.1 1.22 17.94 19.17 OK
r-devel-linux-x86_64-debian-gcc 0.2-12.1 1.09 17.32 18.40 OK
r-devel-linux-x86_64-fedora-clang 0.2-12.1 22.09 OK
r-devel-linux-x86_64-fedora-gcc 0.2-12.1 20.86 OK
r-devel-osx-x86_64-clang 0.2-12.1 39.59 OK
r-devel-windows-ix86+x86_64 0.2-12.1 4.00 30.00 34.00 OK
r-patched-linux-x86_64 0.2-11 1.16 16.09 17.25 NOTE
r-patched-solaris-sparc 0.2-12.1 204.40 OK
r-patched-solaris-x86 0.2-12.1 43.70 OK
r-release-linux-ix86 0.2-12.1 1.55 25.73 27.28 OK
r-release-linux-x86_64 0.2-12.1 1.19 18.61 19.80 OK
r-release-osx-x86_64-mavericks 0.2-12.1 NOTE
r-release-osx-x86_64-snowleopard 0.2-11 WARN
r-release-windows-ix86+x86_64 0.2-12.1 4.00 29.00 33.00 OK
r-oldrel-windows-ix86+x86_64 0.2-12.1 4.00 33.00 37.00 OK

Check Details

Version: 0.2-11
Check: R code for possible problems
Result: NOTE
    NB: .First.lib is obsolete and will not be used in R >= 3.0.0
    File ‘Ryacas/R/zzz.R’:
     .First.lib calls:
     cat(yacasFile("yacas.exe"), "\n or", yacasFile("scripts.dat"), "\n not found.\n")
     cat("Run yacasInstall() without arguments to install yacas.\n")
    
    Package startup functions should use ‘packageStartupMessage’ to
     generate messages.
    See section ‘Good practice’ in '?.onAttach'.
    
    Eval.Expr: warning in eval(yacas(x, ...)[[1]], env = env): partial
     argument match of ‘env’ to ‘envir’
    Eval.Sym: warning in eval(yacas(unclass(x))[[1]], env = env): partial
     argument match of ‘env’ to ‘envir’
    Eval.yacas: warning in eval(x[[1]], env = env): partial argument match
     of ‘env’ to ‘envir’
    Ver.Expr: no visible global function definition for ‘Version’
    
    Found the following assignments to the global environment:
    File ‘Ryacas/R/yacas.R’:
     assign(".yacCon", socketConnection(host = "127.0.0.1", port = 9734,
     server = FALSE, blocking = FALSE, open = "a+", encoding = getOption("encoding")),
     .GlobalEnv)
Flavor: r-patched-linux-x86_64

Version: 0.2-11
Check: installed files from ‘inst/doc’
Result: NOTE
    The following files should probably not be installed:
     ‘Ryacas-raw.tex’, ‘Ryacas.tex’
    
    Consider the use of a .Rinstignore file: see ‘Writing R Extensions’,
    or move the vignette sources from ‘inst/doc’ to ‘vignettes’.
Flavors: r-patched-linux-x86_64, r-release-osx-x86_64-snowleopard

Version: 0.2-11
Check: for old-style vignette sources
Result: NOTE
    Vignette sources only in ‘inst/doc’:
     ‘Ryacas.Rnw’
    A ‘vignettes’ directory is required as from R 3.1.0
    and these will not be indexed nor checked
Flavors: r-patched-linux-x86_64, r-release-osx-x86_64-snowleopard

Version: 0.2-12.1
Check: re-building of vignette outputs
Result: NOTE
    Error in re-building vignettes:
     ...
    Error in texi2dvi(file = file, pdf = TRUE, clean = clean, quiet = quiet, :
     Running 'texi2dvi' on 'Ryacas.tex' failed.
    LaTeX errors:
    ! LaTeX Error: File `boxedminipage.sty' not found.
    
    Type X to quit or <RETURN> to proceed,
    or enter new name. (Default extension: sty)
    
    ./Ryacas-raw.tex:9: ==> Fatal error occurred, no output PDF file produced!
    Calls: buildVignettes -> texi2pdf -> texi2dvi
    Execution halted
Flavor: r-release-osx-x86_64-mavericks

Version: 0.2-11
Check: R code for possible problems
Result: NOTE
    NB: .First.lib is obsolete and will not be used in R >= 3.0.0
    File 'Ryacas/R/zzz.R':
     .First.lib calls:
     cat(yacasFile("yacas.exe"), "\n or", yacasFile("scripts.dat"), "\n not found.\n")
     cat("Run yacasInstall() without arguments to install yacas.\n")
    
    Package startup functions should use 'packageStartupMessage' to
     generate messages.
    See section 'Good practice' in '?.onAttach'.
    
    Eval.Expr: warning in eval(yacas(x, ...)[[1]], env = env): partial
     argument match of 'env' to 'envir'
    Eval.Sym: warning in eval(yacas(unclass(x))[[1]], env = env): partial
     argument match of 'env' to 'envir'
    Eval.yacas: warning in eval(x[[1]], env = env): partial argument match
     of 'env' to 'envir'
    Ver.Expr: no visible global function definition for 'Version'
Flavor: r-release-osx-x86_64-snowleopard

Version: 0.2-11
Check: examples
Result: WARN
    checking a package with encoding 'latin1' in an ASCII locale
    
     OK
Flavor: r-release-osx-x86_64-snowleopard