CRAN Package Check Results for Package Ryacas

Last updated on 2016-06-27 10:48:07.

Flavor Version Tinstall Tcheck Ttotal Status Flags
r-devel-linux-x86_64-debian-gcc 0.3-1 43.47 20.51 63.99 NOTE
r-devel-linux-x86_64-fedora-clang 0.3-1 124.93 WARN
r-devel-linux-x86_64-fedora-gcc 0.3-1 109.76 NOTE
r-devel-osx-x86_64-clang 0.3-1 88.13 WARN
r-devel-windows-ix86+x86_64 0.3-1 163.00 56.00 219.00 OK
r-patched-linux-x86_64 0.3-1 38.36 21.46 59.82 NOTE
r-patched-solaris-sparc 0.3-1 623.00 NOTE
r-patched-solaris-x86 0.3-1 129.40 NOTE
r-release-linux-x86_64 0.3-1 38.21 22.15 60.36 NOTE
r-release-osx-x86_64-mavericks 0.3-1 NOTE
r-release-windows-ix86+x86_64 0.3-1 152.00 55.00 207.00 OK
r-oldrel-windows-ix86+x86_64 0.2-12.1 4.00 41.00 45.00 OK

Memtest notes: valgrind

Check Details

Version: 0.3-1
Check: installed package size
Result: NOTE
     installed size is 9.5Mb
     sub-directories of 1Mb or more:
     libs 7.7Mb
     yacas 1.5Mb
Flavors: r-devel-linux-x86_64-debian-gcc, r-devel-linux-x86_64-fedora-clang, r-devel-linux-x86_64-fedora-gcc, r-patched-linux-x86_64, r-patched-solaris-sparc, r-patched-solaris-x86, r-release-linux-x86_64, r-release-osx-x86_64-mavericks

Version: 0.3-1
Check: whether package can be installed
Result: WARN
    Found the following significant warnings:
     yacas/include/yacas/utf8/core.h:309:55: warning: multiple unsequenced modifications to 'it' [-Wunsequenced]
     yacas/include/yacas/utf8/core.h:320:39: warning: multiple unsequenced modifications to 'it' [-Wunsequenced]
Flavors: r-devel-linux-x86_64-fedora-clang, r-devel-osx-x86_64-clang