CRAN Package Check Results for Package Ryacas

Last updated on 2016-07-31 04:51:53.

Flavor Version Tinstall Tcheck Ttotal Status Flags
r-devel-linux-x86_64-debian-clang 0.3-1 40.32 21.13 61.45 WARN
r-devel-linux-x86_64-debian-gcc 0.3-1 43.49 21.27 64.75 NOTE
r-devel-linux-x86_64-fedora-clang 0.3-1 127.19 WARN
r-devel-linux-x86_64-fedora-gcc 0.3-1 112.01 NOTE
r-devel-osx-x86_64-clang 0.3-1 88.21 WARN
r-devel-windows-ix86+x86_64 0.3-1 161.00 55.00 216.00 OK
r-patched-linux-x86_64 0.3-1 36.71 20.58 57.30 NOTE
r-patched-solaris-sparc 0.3-1 620.70 OK
r-patched-solaris-x86 0.3-1 126.30 OK
r-release-linux-x86_64 0.3-1 43.43 24.44 67.87 NOTE
r-release-osx-x86_64-mavericks 0.3-1 NOTE
r-release-windows-ix86+x86_64 0.3-1 197.00 74.00 271.00 OK
r-oldrel-windows-ix86+x86_64 0.2-12.1 4.00 41.00 45.00 OK

Memtest notes: valgrind

Check Details

Version: 0.3-1
Check: whether package can be installed
Result: WARN
    Found the following significant warnings:
     yacas/include/yacas/utf8/core.h:309:55: warning: multiple unsequenced modifications to 'it' [-Wunsequenced]
     yacas/include/yacas/utf8/core.h:320:39: warning: multiple unsequenced modifications to 'it' [-Wunsequenced]
Flavors: r-devel-linux-x86_64-debian-clang, r-devel-linux-x86_64-fedora-clang, r-devel-osx-x86_64-clang

Version: 0.3-1
Check: installed package size
Result: NOTE
     installed size is 7.8Mb
     sub-directories of 1Mb or more:
     libs 5.9Mb
     yacas 1.5Mb
Flavors: r-devel-linux-x86_64-debian-clang, r-devel-linux-x86_64-debian-gcc, r-devel-linux-x86_64-fedora-clang, r-devel-linux-x86_64-fedora-gcc, r-patched-linux-x86_64, r-release-linux-x86_64, r-release-osx-x86_64-mavericks