CRAN Package Check Results for Package Ryacas

Last updated on 2016-12-08 06:48:38.

Flavor Version Tinstall Tcheck Ttotal Status Flags
r-devel-linux-x86_64-debian-clang 0.3-1 41.33 24.24 65.57 OK
r-devel-linux-x86_64-debian-gcc 0.3-1 44.99 23.80 68.79 OK
r-devel-linux-x86_64-fedora-clang 0.3-1 136.10 NOTE --no-stop-on-test-error
r-devel-linux-x86_64-fedora-gcc 0.3-1 129.67 NOTE --no-stop-on-test-error
r-devel-macos-x86_64-clang 0.3-1 95.37 WARN --no-stop-on-test-error
r-devel-windows-ix86+x86_64 0.3-1 65.00 6.00 71.00 ERROR
r-patched-linux-x86_64 0.3-1 37.71 20.80 58.50 OK
r-patched-solaris-sparc 0.3-1 620.70 OK
r-patched-solaris-x86 0.3-1 129.10 OK
r-release-linux-x86_64 0.3-1 37.66 20.80 58.46 OK
r-release-osx-x86_64-mavericks 0.3-1 NOTE
r-release-windows-ix86+x86_64 0.3-1 147.00 56.00 203.00 OK
r-oldrel-windows-ix86+x86_64 0.2-12.1 4.00 41.00 45.00 OK

Memtest notes: valgrind

Check Details

Version: 0.3-1
Flags: --no-stop-on-test-error
Check: installed package size
Result: NOTE
     installed size is 8.8Mb
     sub-directories of 1Mb or more:
     libs 6.9Mb
     yacas 1.5Mb
Flavors: r-devel-linux-x86_64-fedora-clang, r-devel-linux-x86_64-fedora-gcc

Version: 0.3-1
Flags: --no-stop-on-test-error
Check: whether package can be installed
Result: WARN
    Found the following significant warnings:
     yacas/include/yacas/utf8/core.h:309:55: warning: multiple unsequenced modifications to 'it' [-Wunsequenced]
     yacas/include/yacas/utf8/core.h:320:39: warning: multiple unsequenced modifications to 'it' [-Wunsequenced]
Flavor: r-devel-macos-x86_64-clang

Version: 0.3-1
Check: whether package can be installed
Result: ERROR
    Installation failed.
Flavor: r-devel-windows-ix86+x86_64

Version: 0.3-1
Check: installed package size
Result: NOTE
     installed size is 9.9Mb
     sub-directories of 1Mb or more:
     libs 8.3Mb
     yacas 1.3Mb
Flavor: r-release-osx-x86_64-mavericks