CRAN Package Check Results for Package Ryacas

Last updated on 2017-02-23 11:49:14.

Flavor Version Tinstall Tcheck Ttotal Status Flags
r-devel-linux-x86_64-debian-clang 0.3-1 41.09 24.73 65.82 NOTE
r-devel-linux-x86_64-debian-gcc 0.3-1 44.96 23.97 68.93 NOTE
r-devel-linux-x86_64-fedora-clang 0.3-1 135.02 NOTE --no-stop-on-test-error
r-devel-linux-x86_64-fedora-gcc 0.3-1 123.82 NOTE --no-stop-on-test-error
r-devel-macos-x86_64-clang 0.3-1 94.87 WARN --no-stop-on-test-error
r-devel-windows-ix86+x86_64 0.3-1 94.00 6.00 100.00 ERROR
r-patched-linux-x86_64 0.3-1 37.72 21.30 59.03 OK
r-patched-solaris-sparc 0.3-1 622.90 OK
r-patched-solaris-x86 0.3-1 131.10 OK
r-release-linux-x86_64 0.3-1 37.80 22.10 59.91 OK
r-release-osx-x86_64-mavericks 0.3-1 NOTE
r-release-windows-ix86+x86_64 0.3-1 245.00 88.00 333.00 OK
r-oldrel-windows-ix86+x86_64 0.2-12.1 4.00 41.00 45.00 OK

Memtest notes: valgrind

Check Details

Version: 0.3-1
Check: compiled code
Result: NOTE
    File ‘Ryacas/libs/Ryacas.so’:
     Found no calls to: ‘R_registerRoutines’, ‘R_useDynamicSymbols’
    
    It is good practice to register native routines and to disable symbol
    search.
    
    See ‘Writing portable packages’ in the ‘Writing R Extensions’ manual.
Flavors: r-devel-linux-x86_64-debian-clang, r-devel-linux-x86_64-debian-gcc

Version: 0.3-1
Flags: --no-stop-on-test-error
Check: installed package size
Result: NOTE
     installed size is 8.8Mb
     sub-directories of 1Mb or more:
     libs 6.9Mb
     yacas 1.5Mb
Flavors: r-devel-linux-x86_64-fedora-clang, r-devel-linux-x86_64-fedora-gcc

Version: 0.3-1
Flags: --no-stop-on-test-error
Check: compiled code
Result: NOTE
    File ‘Ryacas/libs/Ryacas.so’:
     Found no calls to: ‘R_registerRoutines’, ‘R_useDynamicSymbols’
    
    It is good practice to register native routines and to disable symbol
    search.
    
    See ‘Writing portable packages’ in the ‘Writing R Extensions’ manual.
Flavors: r-devel-linux-x86_64-fedora-clang, r-devel-linux-x86_64-fedora-gcc, r-devel-macos-x86_64-clang

Version: 0.3-1
Flags: --no-stop-on-test-error
Check: whether package can be installed
Result: WARN
    Found the following significant warnings:
     yacas/include/yacas/utf8/core.h:309:55: warning: multiple unsequenced modifications to 'it' [-Wunsequenced]
     yacas/include/yacas/utf8/core.h:320:39: warning: multiple unsequenced modifications to 'it' [-Wunsequenced]
Flavor: r-devel-macos-x86_64-clang

Version: 0.3-1
Check: whether package can be installed
Result: ERROR
    Installation failed.
Flavor: r-devel-windows-ix86+x86_64

Version: 0.3-1
Check: installed package size
Result: NOTE
     installed size is 9.9Mb
     sub-directories of 1Mb or more:
     libs 8.3Mb
     yacas 1.3Mb
Flavor: r-release-osx-x86_64-mavericks