CRAN Package Check Results for Package Ryacas

Last updated on 2017-05-28 23:50:16.

Flavor Version Tinstall Tcheck Ttotal Status Flags
r-devel-linux-x86_64-debian-clang 0.3-1 44.40 25.53 69.93 NOTE
r-devel-linux-x86_64-debian-gcc 0.3-1 45.85 24.23 70.08 NOTE
r-devel-linux-x86_64-fedora-clang 0.3-1 142.15 NOTE
r-devel-linux-x86_64-fedora-gcc 0.3-1 128.38 NOTE
r-devel-windows-ix86+x86_64 0.3-1 62.00 7.00 69.00 ERROR
r-patched-linux-x86_64 0.3-1 41.37 26.00 67.37 NOTE
r-patched-solaris-sparc 0.3-1 641.30 OK
r-patched-solaris-x86 0.3-1 132.70 OK
r-release-linux-x86_64 0.3-1 40.23 25.17 65.40 NOTE
r-release-windows-ix86+x86_64 0.3-1 88.00 5.00 93.00 ERROR
r-release-osx-x86_64 0.3-1 WARN
r-oldrel-windows-ix86+x86_64 0.3-1 210.00 98.00 308.00 OK
r-oldrel-osx-x86_64 0.3-1 NOTE

Additional issues

valgrind

Check Details

Version: 0.3-1
Check: compiled code
Result: NOTE
    File ‘Ryacas/libs/Ryacas.so’:
     Found no calls to: ‘R_registerRoutines’, ‘R_useDynamicSymbols’
    
    It is good practice to register native routines and to disable symbol
    search.
    
    See ‘Writing portable packages’ in the ‘Writing R Extensions’ manual.
Flavors: r-devel-linux-x86_64-debian-clang, r-devel-linux-x86_64-debian-gcc, r-devel-linux-x86_64-fedora-clang, r-devel-linux-x86_64-fedora-gcc, r-patched-linux-x86_64, r-release-linux-x86_64

Version: 0.3-1
Check: installed package size
Result: NOTE
     installed size is 9.3Mb
     sub-directories of 1Mb or more:
     libs 7.4Mb
     yacas 1.5Mb
Flavors: r-devel-linux-x86_64-fedora-clang, r-devel-linux-x86_64-fedora-gcc, r-release-osx-x86_64, r-oldrel-osx-x86_64

Version: 0.3-1
Check: whether package can be installed
Result: ERROR
    Installation failed.
Flavors: r-devel-windows-ix86+x86_64, r-release-windows-ix86+x86_64

Version: 0.3-1
Check: package dependencies
Result: NOTE
    Package suggested but not available for checking: ‘devtools’
Flavor: r-release-osx-x86_64

Version: 0.3-1
Check: re-building of vignette outputs
Result: WARN
    Error in re-building vignettes:
     ...
    Error in texi2dvi(file = file, pdf = TRUE, clean = clean, quiet = quiet, :
     Running 'texi2dvi' on 'Ryacas.tex' failed.
    LaTeX errors:
    ! LaTeX Error: File `boxedminipage.sty' not found.
    
    Type X to quit or <RETURN> to proceed,
    or enter new name. (Default extension: sty)
    
    ! Emergency stop.
    <read *>
    
    l.9 ^^M
    
    ! ==> Fatal error occurred, no output PDF file produced!
    Calls: buildVignettes -> texi2pdf -> texi2dvi
    Execution halted
Flavor: r-release-osx-x86_64