CRAN Package Check Results for Package Ryacas

Last updated on 2014-04-23 12:48:27.

Flavor Version Tinstall Tcheck Ttotal Status Flags
r-devel-linux-x86_64-debian-clang 0.2-11 1.23 16.98 18.21 NOTE
r-devel-linux-x86_64-debian-gcc 0.2-11 1.22 16.84 18.06 NOTE
r-devel-linux-x86_64-fedora-clang 0.2-11 38.35 NOTE
r-devel-linux-x86_64-fedora-gcc 0.2-11 36.85 NOTE
r-devel-osx-x86_64-clang 0.2-11 32.50 NOTE
r-devel-osx-x86_64-gcc 0.2-11 ERROR
r-devel-windows-ix86+x86_64 0.2-11 4.00 25.00 29.00 NOTE
r-patched-linux-x86_64 0.2-11 1.28 16.58 17.86 NOTE
r-patched-solaris-sparc 0.2-11 209.20 NOTE
r-patched-solaris-x86 0.2-11 50.10 NOTE
r-release-linux-ix86 0.2-11 3.00 33.00 36.00 NOTE
r-release-linux-x86_64 0.2-11 1.29 16.78 18.07 NOTE
r-release-osx-x86_64-mavericks 0.2-11 WARN
r-release-osx-x86_64-snowleopard 0.2-11 WARN
r-release-windows-ix86+x86_64 0.2-11 7.00 35.00 42.00 NOTE
r-oldrel-windows-ix86+x86_64 0.2-11 4.00 27.00 31.00 NOTE

Check Details

Version: 0.2-11
Check: R code for possible problems
Result: NOTE
    NB: .First.lib is obsolete and will not be used in R >= 3.0.0
    File ‘Ryacas/R/zzz.R’:
     .First.lib calls:
     cat(yacasFile("yacas.exe"), "\n or", yacasFile("scripts.dat"), "\n not found.\n")
     cat("Run yacasInstall() without arguments to install yacas.\n")
    
    Package startup functions should use ‘packageStartupMessage’ to
     generate messages.
    See section ‘Good practice’ in '?.onAttach'.
    
    Eval.Expr: warning in eval(yacas(x, ...)[[1]], env = env): partial
     argument match of 'env' to 'envir'
    Eval.Sym: warning in eval(yacas(unclass(x))[[1]], env = env): partial
     argument match of 'env' to 'envir'
    Eval.yacas: warning in eval(x[[1]], env = env): partial argument match
     of 'env' to 'envir'
    Ver.Expr: no visible global function definition for ‘Version’
    
    Found the following assignments to the global environment:
    File ‘Ryacas/R/yacas.R’:
     assign(".yacCon", socketConnection(host = "127.0.0.1", port = 9734,
     server = FALSE, blocking = FALSE, open = "a+", encoding = getOption("encoding")),
     .GlobalEnv)
Flavors: r-devel-linux-x86_64-debian-clang, r-devel-linux-x86_64-debian-gcc, r-devel-linux-x86_64-fedora-clang, r-devel-osx-x86_64-clang, r-patched-linux-x86_64, r-release-linux-ix86, r-release-linux-x86_64

Version: 0.2-11
Check: installed files from ‘inst/doc’
Result: NOTE
    The following files should probably not be installed:
     ‘Ryacas-raw.tex’, ‘Ryacas.tex’
    
    Consider the use of a .Rinstignore file: see ‘Writing R Extensions’,
    or move the vignette sources from ‘inst/doc’ to ‘vignettes’.
Flavors: r-devel-linux-x86_64-debian-clang, r-devel-linux-x86_64-debian-gcc, r-devel-linux-x86_64-fedora-clang, r-devel-linux-x86_64-fedora-gcc, r-devel-osx-x86_64-clang, r-devel-windows-ix86+x86_64, r-patched-linux-x86_64, r-patched-solaris-sparc, r-patched-solaris-x86, r-release-linux-ix86, r-release-linux-x86_64, r-release-osx-x86_64-mavericks, r-release-osx-x86_64-snowleopard, r-release-windows-ix86+x86_64, r-oldrel-windows-ix86+x86_64

Version: 0.2-11
Check: for old-style vignette sources
Result: NOTE
    Vignette sources only in ‘inst/doc’:
     ‘Ryacas.Rnw’
    A ‘vignettes’ directory is required as from R 3.1.0
    and these will not be indexed nor checked
Flavors: r-devel-linux-x86_64-debian-clang, r-devel-linux-x86_64-debian-gcc, r-devel-linux-x86_64-fedora-clang, r-devel-linux-x86_64-fedora-gcc, r-devel-osx-x86_64-clang, r-devel-windows-ix86+x86_64, r-patched-linux-x86_64, r-patched-solaris-sparc, r-patched-solaris-x86, r-release-linux-ix86, r-release-linux-x86_64, r-release-osx-x86_64-mavericks, r-release-osx-x86_64-snowleopard, r-release-windows-ix86+x86_64

Version: 0.2-11
Check: R code for possible problems
Result: NOTE
    NB: .First.lib is obsolete and will not be used in R >= 3.0.0
    File ‘Ryacas/R/zzz.R’:
     .First.lib calls:
     cat(yacasFile("yacas.exe"), "\n or", yacasFile("scripts.dat"), "\n not found.\n")
     cat("Run yacasInstall() without arguments to install yacas.\n")
    
    Package startup functions should use ‘packageStartupMessage’ to
     generate messages.
    See section ‘Good practice’ in '?.onAttach'.
    
    Eval.Expr: warning in eval(yacas(x, ...)[[1]], env = env): partial
     argument match of 'env' to 'envir'
    Eval.Sym: warning in eval(yacas(unclass(x))[[1]], env = env): partial
     argument match of 'env' to 'envir'
    Eval.yacas: warning in eval(x[[1]], env = env): partial argument match
     of 'env' to 'envir'
    Ver.Expr: no visible global function definition for ‘Version’
Flavors: r-devel-linux-x86_64-fedora-gcc, r-devel-windows-ix86+x86_64, r-patched-solaris-sparc, r-patched-solaris-x86, r-release-osx-x86_64-mavericks, r-release-osx-x86_64-snowleopard, r-release-windows-ix86+x86_64, r-oldrel-windows-ix86+x86_64

Version: 0.2-11
Check: package dependencies
Result: ERROR
    Package required but not available: ‘XML’
    
    See the information on DESCRIPTION files in the chapter ‘Creating R
    packages’ of the ‘Writing R Extensions’ manual.
Flavor: r-devel-osx-x86_64-gcc

Version: 0.2-11
Check: PDF version of manual
Result: WARNING
    LaTeX errors when creating PDF version.
    This typically indicates Rd problems.
    LaTeX errors found:
    ! LaTeX Error: File `upquote.sty' not found.
    
    Type X to quit or <RETURN> to proceed,
    or enter new name. (Default extension: sty)
    
    53cb1e56/Rd2.tex:8: ==> Fatal error occurred, no output PDF file produced!
Flavor: r-release-osx-x86_64-mavericks

Version: 0.2-11
Check: examples
Result: WARNING
    checking a package with encoding 'latin1' in an ASCII locale
    
     OK
Flavor: r-release-osx-x86_64-snowleopard

Version: 0.2-11
Check: for old-style vignette sources
Result: NOTE
    Vignette sources only in 'inst/doc':
     'Ryacas.Rnw'
    A 'vignettes' directory will be required as from R 3.1.0
Flavor: r-oldrel-windows-ix86+x86_64