CRAN Package Check Results for Package Ryacas

Last updated on 2015-05-03 19:47:24.

Flavor Version Tinstall Tcheck Ttotal Status Flags
r-devel-linux-x86_64-debian-clang 0.2-12.1 1.03 17.29 18.32 NOTE
r-devel-linux-x86_64-debian-gcc 0.2-12.1 0.96 16.73 17.68 NOTE
r-devel-linux-x86_64-fedora-clang 0.2-12.1 35.08 NOTE
r-devel-linux-x86_64-fedora-gcc 0.2-12.1 33.00 NOTE
r-devel-osx-x86_64-clang 0.2-12.1 38.23 NOTE
r-devel-windows-ix86+x86_64 0.2-12.1 4.00 30.00 34.00 OK
r-patched-linux-x86_64 0.2-12.1 0.98 17.00 17.98 NOTE
r-patched-solaris-sparc 0.2-12.1 220.50 OK
r-patched-solaris-x86 0.2-12.1 47.10 NOTE
r-release-linux-x86_64 0.2-12.1 0.96 16.76 17.73 NOTE
r-release-osx-x86_64-mavericks 0.2-12.1 OK
r-release-osx-x86_64-snowleopard 0.2-12.1 ERROR
r-release-windows-ix86+x86_64 0.2-12.1 4.00 30.00 34.00 OK
r-oldrel-windows-ix86+x86_64 0.2-12.1 5.00 30.00 35.00 OK

Check Details

Version: 0.2-12.1
Check: S3 generic/method consistency
Result: NOTE
    Found the following apparent S3 methods exported but not registered:
     %Where%.default Clear.Expr Clear.default Conjugate.Expr
     Conjugate.default Eval.Expr Eval.Sym Eval.yacas Expand.Expr
     Expand.default Factor.Expr Factor.default Factorial.Expr
     Factorial.default Identity.default Integrate.Expr Integrate.default
     Inverse.Expr Inverse.default Limit.Expr Limit.default List.Expr
     List.default Math.Expr Math.Sym N.Expr N.default Newton.Expr
     Newton.default Ops.Expr Ops.Sym Ops.yacas.symbol Precision.Expr
     Precision.default PrettyForm.Expr PrettyForm.default
     PrettyPrinter.Expr PrettyPrinter.default Simplify.Expr
     Simplify.default Solve.Expr Solve.default Subst.default Taylor.Expr
     Taylor.default TeXForm.Expr TeXForm.default Ver.default as.Sym.Expr
     as.Sym.yacas as.character.Expr as.character.Sym as.character.yacas
     as.expression.Sym as.expression.yacas deriv.Expr deriv.Sym
     determinant.Expr determinant.Sym print.Expr print.Sym print.yacas
     yacas.character yacas.expression yacas.formula yacas.function
     yacas.symbol.value yacas.yacas
    See section ‘Registering S3 methods’ in the ‘Writing R Extensions’
    manual.
Flavors: r-devel-linux-x86_64-debian-clang, r-devel-linux-x86_64-debian-gcc, r-devel-linux-x86_64-fedora-clang, r-devel-linux-x86_64-fedora-gcc, r-devel-osx-x86_64-clang, r-patched-linux-x86_64, r-patched-solaris-x86, r-release-linux-x86_64

Version: 0.2-12.1
Check: package dependencies
Result: ERROR
    Package required but not available: ‘XML’
    
    See section ‘The DESCRIPTION file’ in the ‘Writing R Extensions’
    manual.
Flavor: r-release-osx-x86_64-snowleopard