CRAN Package Check Results for Package Ryacas

Last updated on 2017-03-29 23:53:31.

Flavor Version Tinstall Tcheck Ttotal Status Flags
r-devel-linux-x86_64-debian-clang 0.3-1 30.58 25.78 56.37 NOTE
r-devel-linux-x86_64-debian-gcc 0.3-1 29.82 24.94 54.76 NOTE
r-devel-linux-x86_64-fedora-clang 0.3-1 143.77 NOTE --no-stop-on-test-error
r-devel-linux-x86_64-fedora-gcc 0.3-1 128.85 NOTE --no-stop-on-test-error
r-devel-macos-x86_64-clang 0.3-1 93.56 WARN --no-stop-on-test-error
r-devel-windows-ix86+x86_64 0.3-1 66.00 3.00 69.00 ERROR
r-patched-linux-x86_64 0.3-1 24.65 25.99 50.64 NOTE
r-patched-solaris-sparc 0.3-1 641.30 OK
r-patched-solaris-x86 0.3-1 140.60 OK
r-release-linux-x86_64 0.3-1 38.05 21.06 59.11 OK
r-release-osx-x86_64-mavericks 0.3-1 NOTE
r-release-windows-ix86+x86_64 0.3-1 330.00 72.00 402.00 OK
r-oldrel-windows-ix86+x86_64 0.2-12.1 4.00 41.00 45.00 OK

Memtest notes: valgrind

Check Details

Version: 0.3-1
Check: compiled code
Result: NOTE
    File ‘Ryacas/libs/Ryacas.so’:
     Found no calls to: ‘R_registerRoutines’, ‘R_useDynamicSymbols’
    
    It is good practice to register native routines and to disable symbol
    search.
    
    See ‘Writing portable packages’ in the ‘Writing R Extensions’ manual.
Flavors: r-devel-linux-x86_64-debian-clang, r-devel-linux-x86_64-debian-gcc, r-patched-linux-x86_64

Version: 0.3-1
Flags: --no-stop-on-test-error
Check: installed package size
Result: NOTE
     installed size is 9.2Mb
     sub-directories of 1Mb or more:
     libs 7.3Mb
     yacas 1.5Mb
Flavors: r-devel-linux-x86_64-fedora-clang, r-devel-linux-x86_64-fedora-gcc

Version: 0.3-1
Flags: --no-stop-on-test-error
Check: compiled code
Result: NOTE
    File ‘Ryacas/libs/Ryacas.so’:
     Found no calls to: ‘R_registerRoutines’, ‘R_useDynamicSymbols’
    
    It is good practice to register native routines and to disable symbol
    search.
    
    See ‘Writing portable packages’ in the ‘Writing R Extensions’ manual.
Flavors: r-devel-linux-x86_64-fedora-clang, r-devel-linux-x86_64-fedora-gcc, r-devel-macos-x86_64-clang

Version: 0.3-1
Flags: --no-stop-on-test-error
Check: whether package can be installed
Result: WARN
    Found the following significant warnings:
     yacas/include/yacas/utf8/core.h:309:55: warning: multiple unsequenced modifications to 'it' [-Wunsequenced]
     yacas/include/yacas/utf8/core.h:320:39: warning: multiple unsequenced modifications to 'it' [-Wunsequenced]
Flavor: r-devel-macos-x86_64-clang

Version: 0.3-1
Check: whether package can be installed
Result: ERROR
    Installation failed.
Flavor: r-devel-windows-ix86+x86_64

Version: 0.3-1
Check: installed package size
Result: NOTE
     installed size is 9.9Mb
     sub-directories of 1Mb or more:
     libs 8.3Mb
     yacas 1.3Mb
Flavor: r-release-osx-x86_64-mavericks