CRAN Package Check Results for Package Ryacas

Last updated on 2016-08-30 23:47:47.

Flavor Version Tinstall Tcheck Ttotal Status Flags
r-devel-linux-x86_64-debian-clang 0.3-1 40.75 21.37 62.12 NOTE
r-devel-linux-x86_64-debian-gcc 0.3-1 43.95 21.46 65.40 NOTE
r-devel-linux-x86_64-fedora-clang 0.3-1 129.51 WARN
r-devel-linux-x86_64-fedora-gcc 0.3-1 117.93 NOTE
r-devel-osx-x86_64-clang 0.3-1 88.40 WARN
r-devel-windows-ix86+x86_64 0.3-1 100.00 5.00 105.00 ERROR
r-patched-linux-x86_64 0.3-1 37.37 21.57 58.94 NOTE
r-patched-solaris-sparc 0.3-1 620.70 OK
r-patched-solaris-x86 0.3-1 127.10 OK
r-release-linux-x86_64 0.3-1 37.31 22.10 59.42 NOTE
r-release-osx-x86_64-mavericks 0.3-1 NOTE
r-release-windows-ix86+x86_64 0.3-1 235.00 84.00 319.00 OK
r-oldrel-windows-ix86+x86_64 0.2-12.1 4.00 41.00 45.00 OK

Memtest notes: valgrind

Check Details

Version: 0.3-1
Check: installed package size
Result: NOTE
     installed size is 7.8Mb
     sub-directories of 1Mb or more:
     libs 5.9Mb
     yacas 1.5Mb
Flavors: r-devel-linux-x86_64-debian-clang, r-devel-linux-x86_64-debian-gcc, r-devel-linux-x86_64-fedora-clang, r-devel-linux-x86_64-fedora-gcc, r-patched-linux-x86_64, r-release-linux-x86_64, r-release-osx-x86_64-mavericks

Version: 0.3-1
Check: whether package can be installed
Result: WARN
    Found the following significant warnings:
     yacas/include/yacas/utf8/core.h:309:55: warning: multiple unsequenced modifications to 'it' [-Wunsequenced]
     yacas/include/yacas/utf8/core.h:320:39: warning: multiple unsequenced modifications to 'it' [-Wunsequenced]
Flavors: r-devel-linux-x86_64-fedora-clang, r-devel-osx-x86_64-clang

Version: 0.3-1
Check: whether package can be installed
Result: ERROR
    Installation failed.
Flavor: r-devel-windows-ix86+x86_64