CRAN Package Check Results for Package Ryacas

Last updated on 2014-07-30 09:47:57.

Flavor Version Tinstall Tcheck Ttotal Status Flags
r-devel-linux-x86_64-debian-clang 0.2-11 1.16 16.26 17.41 NOTE
r-devel-linux-x86_64-debian-gcc 0.2-11 1.14 15.99 17.13 NOTE
r-devel-linux-x86_64-fedora-clang 0.2-11 38.12 NOTE
r-devel-linux-x86_64-fedora-gcc 0.2-11 36.54 NOTE
r-devel-osx-x86_64-clang 0.2-11 34.95 NOTE
r-devel-windows-ix86+x86_64 0.2-11 4.00 24.00 28.00 NOTE
r-patched-linux-x86_64 0.2-11 1.17 16.36 17.53 NOTE
r-patched-solaris-sparc 0.2-11 209.20 NOTE
r-patched-solaris-x86 0.2-11 51.90 NOTE
r-release-linux-ix86 0.2-11 1.55 23.02 24.57 NOTE
r-release-linux-x86_64 0.2-11 1.28 16.23 17.52 NOTE
r-release-osx-x86_64-mavericks 0.2-11 NOTE
r-release-osx-x86_64-snowleopard 0.2-11 WARN
r-release-windows-ix86+x86_64 0.2-11 4.00 26.00 30.00 NOTE
r-oldrel-windows-ix86+x86_64 0.2-11 4.00 26.00 30.00 NOTE

Check Details

Version: 0.2-11
Check: R code for possible problems
Result: NOTE
    NB: .First.lib is obsolete and will not be used in R >= 3.0.0
    File Ryacas/R/zzz.R :
     .First.lib calls:
     cat(yacasFile("yacas.exe"), "\n or", yacasFile("scripts.dat"), "\n not found.\n")
     cat("Run yacasInstall() without arguments to install yacas.\n")
    
    Package startup functions should use packageStartupMessage to
     generate messages.
    See section Good practice in '?.onAttach'.
    
    Eval.Expr: warning in eval(yacas(x, ...)[[1]], env = env): partial
     argument match of 'env' to 'envir'
    Eval.Sym: warning in eval(yacas(unclass(x))[[1]], env = env): partial
     argument match of 'env' to 'envir'
    Eval.yacas: warning in eval(x[[1]], env = env): partial argument match
     of 'env' to 'envir'
    Ver.Expr: no visible global function definition for Version
    
    Found the following assignments to the global environment:
    File Ryacas/R/yacas.R :
     assign(".yacCon", socketConnection(host = "127.0.0.1", port = 9734,
     server = FALSE, blocking = FALSE, open = "a+", encoding = getOption("encoding")),
     .GlobalEnv)
Flavors: r-devel-linux-x86_64-debian-clang, r-devel-linux-x86_64-debian-gcc, r-devel-linux-x86_64-fedora-clang, r-devel-osx-x86_64-clang, r-patched-linux-x86_64, r-release-linux-ix86, r-release-linux-x86_64

Version: 0.2-11
Check: installed files from inst/doc
Result: NOTE
    The following files should probably not be installed:
     Ryacas-raw.tex , Ryacas.tex
    
    Consider the use of a .Rinstignore file: see Writing R Extensions ,
    or move the vignette sources from inst/doc to vignettes .
Flavors: r-devel-linux-x86_64-debian-clang, r-devel-linux-x86_64-debian-gcc, r-devel-linux-x86_64-fedora-clang, r-devel-linux-x86_64-fedora-gcc, r-devel-osx-x86_64-clang, r-devel-windows-ix86+x86_64, r-patched-linux-x86_64, r-patched-solaris-sparc, r-patched-solaris-x86, r-release-linux-ix86, r-release-linux-x86_64, r-release-osx-x86_64-mavericks, r-release-osx-x86_64-snowleopard, r-release-windows-ix86+x86_64, r-oldrel-windows-ix86+x86_64

Version: 0.2-11
Check: for old-style vignette sources
Result: NOTE
    Vignette sources only in inst/doc :
     Ryacas.Rnw
    A vignettes directory is required as from R 3.1.0
    and these will not be indexed nor checked
Flavors: r-devel-linux-x86_64-debian-clang, r-devel-linux-x86_64-debian-gcc, r-devel-linux-x86_64-fedora-clang, r-devel-linux-x86_64-fedora-gcc, r-devel-osx-x86_64-clang, r-devel-windows-ix86+x86_64, r-patched-linux-x86_64, r-patched-solaris-sparc, r-patched-solaris-x86, r-release-linux-ix86, r-release-linux-x86_64, r-release-osx-x86_64-mavericks, r-release-osx-x86_64-snowleopard, r-release-windows-ix86+x86_64

Version: 0.2-11
Check: R code for possible problems
Result: NOTE
    NB: .First.lib is obsolete and will not be used in R >= 3.0.0
    File Ryacas/R/zzz.R :
     .First.lib calls:
     cat(yacasFile("yacas.exe"), "\n or", yacasFile("scripts.dat"), "\n not found.\n")
     cat("Run yacasInstall() without arguments to install yacas.\n")
    
    Package startup functions should use packageStartupMessage to
     generate messages.
    See section Good practice in '?.onAttach'.
    
    Eval.Expr: warning in eval(yacas(x, ...)[[1]], env = env): partial
     argument match of 'env' to 'envir'
    Eval.Sym: warning in eval(yacas(unclass(x))[[1]], env = env): partial
     argument match of 'env' to 'envir'
    Eval.yacas: warning in eval(x[[1]], env = env): partial argument match
     of 'env' to 'envir'
    Ver.Expr: no visible global function definition for Version
Flavors: r-devel-linux-x86_64-fedora-gcc, r-devel-windows-ix86+x86_64, r-patched-solaris-sparc, r-patched-solaris-x86, r-release-osx-x86_64-mavericks, r-release-osx-x86_64-snowleopard, r-release-windows-ix86+x86_64, r-oldrel-windows-ix86+x86_64

Version: 0.2-11
Check: examples
Result: WARNING
    checking a package with encoding 'latin1' in an ASCII locale
    
     OK
Flavor: r-release-osx-x86_64-snowleopard

Version: 0.2-11
Check: for old-style vignette sources
Result: NOTE
    Vignette sources only in 'inst/doc':
     'Ryacas.Rnw'
    A 'vignettes' directory will be required as from R 3.1.0
Flavor: r-oldrel-windows-ix86+x86_64