CRAN Package Check Results for Package Ryacas

Last updated on 2015-01-25 04:47:14.

Flavor Version Tinstall Tcheck Ttotal Status Flags
r-devel-linux-x86_64-debian-clang 0.2-12.1 1.10 18.02 19.12 OK
r-devel-linux-x86_64-debian-gcc 0.2-12.1 1.20 17.80 19.00 OK
r-devel-linux-x86_64-fedora-clang 0.2-12.1 41.90 NOTE
r-devel-linux-x86_64-fedora-gcc 0.2-12.1 38.92 NOTE
r-devel-osx-x86_64-clang 0.2-12.1 41.79 OK
r-devel-windows-ix86+x86_64 0.2-12.1 5.00 30.00 35.00 OK
r-patched-linux-x86_64 0.2-12.1 1.29 18.20 19.49 OK
r-patched-solaris-sparc 0.2-12.1 246.40 OK
r-patched-solaris-x86 0.2-12.1 53.70 OK
r-release-linux-ix86 0.2-12.1 1.46 24.90 26.36 OK
r-release-linux-x86_64 0.2-12.1 1.20 18.70 19.90 OK
r-release-osx-x86_64-mavericks 0.2-12.1 OK
r-release-osx-x86_64-snowleopard 0.2-12.1 OK
r-release-windows-ix86+x86_64 0.2-12.1 4.00 29.00 33.00 OK
r-oldrel-windows-ix86+x86_64 0.2-12.1 4.00 32.00 36.00 OK

Check Details

Version: 0.2-12.1
Check: S3 generic/method consistency
Result: NOTE
    Found the following apparent S3 methods exported but not registered:
     %Where%.default Clear.Expr Clear.default Conjugate.Expr
     Conjugate.default Eval.Expr Eval.Sym Eval.yacas Expand.Expr
     Expand.default Factor.Expr Factor.default Factorial.Expr
     Factorial.default Identity.default Integrate.Expr Integrate.default
     Inverse.Expr Inverse.default Limit.Expr Limit.default List.Expr
     List.default N.Expr N.default Newton.Expr Newton.default
     Precision.Expr Precision.default PrettyForm.Expr PrettyForm.default
     PrettyPrinter.Expr PrettyPrinter.default Simplify.Expr
     Simplify.default Solve.Expr Solve.default Subst.default Taylor.Expr
     Taylor.default TeXForm.Expr TeXForm.default Ver.default as.Sym.Expr
     as.Sym.yacas yacas.character yacas.expression yacas.formula
     yacas.function yacas.symbol.value yacas.yacas as.expression.Sym
     as.expression.yacas determinant.Expr determinant.Sym print.Expr
     print.Sym print.yacas deriv.Expr deriv.Sym Ops.Expr Ops.Sym
     Ops.yacas.symbol Math.Expr Math.Sym as.character.Expr
     as.character.Sym as.character.yacas
    See section ‘Registering S3 methods’ in the ‘Writing R Extensions’
    manual.
Flavors: r-devel-linux-x86_64-fedora-clang, r-devel-linux-x86_64-fedora-gcc