CRAN Package Check Results for Package Ryacas

Last updated on 2016-05-26 20:20:09.

Flavor Version Tinstall Tcheck Ttotal Status Flags
r-devel-linux-x86_64-debian-gcc 0.3-1 44.29 21.03 65.31 NOTE
r-devel-linux-x86_64-fedora-clang 0.3-1 127.06 WARN
r-devel-linux-x86_64-fedora-gcc 0.3-1 115.21 NOTE
r-devel-osx-x86_64-clang 0.3-1 112.68 WARN
r-devel-windows-ix86+x86_64 0.3-1 160.00 55.00 215.00 OK
r-patched-linux-x86_64 0.3-1 37.20 21.84 59.04 NOTE
r-patched-solaris-sparc 0.3-1 560.70 OK
r-patched-solaris-x86 0.3-1 127.90 OK
r-release-linux-x86_64 0.3-1 38.41 20.70 59.12 NOTE
r-release-osx-x86_64-mavericks 0.3-1 NOTE
r-release-windows-ix86+x86_64 0.3-1 202.00 53.00 255.00 OK
r-oldrel-windows-ix86+x86_64 0.2-12.1 4.00 41.00 45.00 OK

Memtest notes: valgrind

Check Details

Version: 0.3-1
Check: installed package size
Result: NOTE
     installed size is 9.5Mb
     sub-directories of 1Mb or more:
     libs 7.7Mb
     yacas 1.5Mb
Flavors: r-devel-linux-x86_64-debian-gcc, r-devel-linux-x86_64-fedora-clang, r-devel-linux-x86_64-fedora-gcc, r-patched-linux-x86_64, r-release-linux-x86_64, r-release-osx-x86_64-mavericks

Version: 0.3-1
Check: whether package can be installed
Result: WARN
    Found the following significant warnings:
     yacas/include/yacas/utf8/core.h:309:55: warning: multiple unsequenced modifications to 'it' [-Wunsequenced]
     yacas/include/yacas/utf8/core.h:320:39: warning: multiple unsequenced modifications to 'it' [-Wunsequenced]
Flavors: r-devel-linux-x86_64-fedora-clang, r-devel-osx-x86_64-clang