CRAN Package Check Results for Package Ryacas

Last updated on 2014-11-23 01:48:14.

Flavor Version Tinstall Tcheck Ttotal Status Flags
r-devel-linux-x86_64-debian-clang 0.2-12.1 1.14 18.41 19.54 OK
r-devel-linux-x86_64-debian-gcc 0.2-12.1 1.31 18.00 19.32 OK
r-devel-linux-x86_64-fedora-clang 0.2-12.1 40.42 OK
r-devel-linux-x86_64-fedora-gcc 0.2-12.1 37.51 OK
r-devel-osx-x86_64-clang 0.2-12.1 42.58 OK
r-devel-windows-ix86+x86_64 0.2-12.1 4.00 30.00 34.00 OK
r-patched-linux-x86_64 0.2-12.1 1.15 18.40 19.55 OK
r-patched-solaris-sparc 0.2-12.1 204.40 OK
r-patched-solaris-x86 0.2-12.1 54.30 OK
r-release-linux-ix86 0.2-12.1 1.50 24.76 26.26 OK
r-release-linux-x86_64 0.2-12.1 1.15 18.70 19.85 OK
r-release-osx-x86_64-mavericks 0.2-12.1 NOTE
r-release-osx-x86_64-snowleopard 0.2-12.1 OK
r-release-windows-ix86+x86_64 0.2-12.1 4.00 31.00 35.00 OK
r-oldrel-windows-ix86+x86_64 0.2-12.1 4.00 33.00 37.00 OK

Check Details

Version: 0.2-12.1
Check: re-building of vignette outputs
Result: NOTE
    Error in re-building vignettes:
     ...
    Error in texi2dvi(file = file, pdf = TRUE, clean = clean, quiet = quiet, :
     Running 'texi2dvi' on 'Ryacas.tex' failed.
    LaTeX errors:
    ! LaTeX Error: File `boxedminipage.sty' not found.
    
    Type X to quit or <RETURN> to proceed,
    or enter new name. (Default extension: sty)
    
    ./Ryacas-raw.tex:9: ==> Fatal error occurred, no output PDF file produced!
    Calls: buildVignettes -> texi2pdf -> texi2dvi
    Execution halted
Flavor: r-release-osx-x86_64-mavericks