CRAN Package Check Results for Package Ryacas

Last updated on 2016-09-29 23:47:48.

Flavor Version Tinstall Tcheck Ttotal Status Flags
r-devel-linux-x86_64-debian-clang 0.3-1 42.10 21.64 63.73 NOTE
r-devel-linux-x86_64-debian-gcc 0.3-1 45.07 22.96 68.03 NOTE
r-devel-linux-x86_64-fedora-clang 0.3-1 132.81 NOTE
r-devel-linux-x86_64-fedora-gcc 0.3-1 117.14 NOTE
r-devel-macos-x86_64-clang 0.3-1 88.91 WARN
r-devel-windows-ix86+x86_64 0.3-1 65.00 5.00 70.00 ERROR
r-patched-linux-x86_64 0.3-1 38.16 21.58 59.74 NOTE
r-patched-solaris-sparc 0.3-1 620.70 OK
r-patched-solaris-x86 0.3-1 127.00 OK
r-release-linux-x86_64 0.3-1 38.63 22.22 60.85 NOTE
r-release-osx-x86_64-mavericks 0.3-1 NOTE
r-release-windows-ix86+x86_64 0.3-1 160.00 63.00 223.00 OK
r-oldrel-windows-ix86+x86_64 0.2-12.1 4.00 41.00 45.00 OK

Memtest notes: valgrind

Check Details

Version: 0.3-1
Check: installed package size
Result: NOTE
     installed size is 7.8Mb
     sub-directories of 1Mb or more:
     libs 6.0Mb
     yacas 1.5Mb
Flavors: r-devel-linux-x86_64-debian-clang, r-devel-linux-x86_64-debian-gcc, r-devel-linux-x86_64-fedora-clang, r-devel-linux-x86_64-fedora-gcc, r-patched-linux-x86_64, r-release-linux-x86_64, r-release-osx-x86_64-mavericks

Version: 0.3-1
Check: whether package can be installed
Result: WARN
    Found the following significant warnings:
     yacas/include/yacas/utf8/core.h:309:55: warning: multiple unsequenced modifications to 'it' [-Wunsequenced]
     yacas/include/yacas/utf8/core.h:320:39: warning: multiple unsequenced modifications to 'it' [-Wunsequenced]
Flavor: r-devel-macos-x86_64-clang

Version: 0.3-1
Check: whether package can be installed
Result: ERROR
    Installation failed.
Flavor: r-devel-windows-ix86+x86_64