CRAN Package Check Results for Package Ryacas

Last updated on 2017-01-18 18:48:33.

Flavor Version Tinstall Tcheck Ttotal Status Flags
r-devel-linux-x86_64-debian-clang 0.3-1 41.01 23.49 64.51 OK
r-devel-linux-x86_64-debian-gcc 0.3-1 45.33 23.71 69.04 OK
r-devel-linux-x86_64-fedora-clang 0.3-1 134.70 NOTE --no-stop-on-test-error
r-devel-linux-x86_64-fedora-gcc 0.3-1 124.79 NOTE --no-stop-on-test-error
r-devel-macos-x86_64-clang 0.3-1 93.93 WARN --no-stop-on-test-error
r-devel-windows-ix86+x86_64 0.3-1 93.00 4.00 97.00 ERROR
r-patched-linux-x86_64 0.3-1 38.03 21.64 59.67 OK
r-patched-solaris-sparc 0.3-1 622.90 OK
r-patched-solaris-x86 0.3-1 130.80 OK
r-release-linux-x86_64 0.3-1 37.96 21.32 59.28 OK
r-release-osx-x86_64-mavericks 0.3-1 NOTE
r-release-windows-ix86+x86_64 0.3-1 189.00 56.00 245.00 OK
r-oldrel-windows-ix86+x86_64 0.2-12.1 4.00 41.00 45.00 OK

Memtest notes: valgrind

Check Details

Version: 0.3-1
Flags: --no-stop-on-test-error
Check: installed package size
Result: NOTE
     installed size is 8.8Mb
     sub-directories of 1Mb or more:
     libs 6.9Mb
     yacas 1.5Mb
Flavors: r-devel-linux-x86_64-fedora-clang, r-devel-linux-x86_64-fedora-gcc

Version: 0.3-1
Flags: --no-stop-on-test-error
Check: whether package can be installed
Result: WARN
    Found the following significant warnings:
     yacas/include/yacas/utf8/core.h:309:55: warning: multiple unsequenced modifications to 'it' [-Wunsequenced]
     yacas/include/yacas/utf8/core.h:320:39: warning: multiple unsequenced modifications to 'it' [-Wunsequenced]
Flavor: r-devel-macos-x86_64-clang

Version: 0.3-1
Check: whether package can be installed
Result: ERROR
    Installation failed.
Flavor: r-devel-windows-ix86+x86_64

Version: 0.3-1
Check: installed package size
Result: NOTE
     installed size is 9.9Mb
     sub-directories of 1Mb or more:
     libs 8.3Mb
     yacas 1.3Mb
Flavor: r-release-osx-x86_64-mavericks