CRAN Package Check Results for Package Rz

Last updated on 2015-04-27 10:48:59.

Flavor Version Tinstall Tcheck Ttotal Status Flags
r-devel-linux-x86_64-debian-clang 0.9-1 8.64 70.26 78.90 NOTE
r-devel-linux-x86_64-debian-gcc 0.9-1 8.86 68.87 77.73 NOTE
r-devel-linux-x86_64-fedora-clang 0.9-1 159.13 NOTE
r-devel-linux-x86_64-fedora-gcc 0.9-1 148.83 NOTE
r-devel-osx-x86_64-clang 0.9-1 132.18 NOTE
r-devel-windows-ix86+x86_64 0.9-1 23.00 97.00 120.00 NOTE
r-patched-linux-x86_64 0.9-1 7.35 69.74 77.10 NOTE
r-patched-solaris-sparc 0.9-1 971.30 NOTE
r-patched-solaris-x86 0.9-1 209.60 NOTE
r-release-linux-x86_64 0.9-1 7.30 70.35 77.65 NOTE
r-release-osx-x86_64-mavericks 0.9-1 ERROR
r-release-osx-x86_64-snowleopard 0.9-1 ERROR
r-release-windows-ix86+x86_64 0.9-1 32.00 134.00 166.00 NOTE
r-oldrel-windows-ix86+x86_64 0.9-1 30.00 128.00 158.00 NOTE

Check Details

Version: 0.9-1
Check: dependencies in R code
Result: NOTE
    'library' or 'require' call to ‘vcd’ in package code.
     Please use :: or requireNamespace() instead.
     See section 'Suggested packages' in the 'Writing R Extensions' manual.
    Packages in Depends field not imported from:
     ‘foreign’ ‘ggplot2’ ‘grid’ ‘psych’
     These packages need to be imported from (in the NAMESPACE file)
     for when this namespace is loaded but not attached.
    Unexported object imported by a ':::' call: ‘foreign:::adQuote’
     See the note in ?`:::` about the use of this operator.
Flavors: r-devel-linux-x86_64-debian-clang, r-devel-linux-x86_64-debian-gcc, r-devel-linux-x86_64-fedora-clang, r-devel-linux-x86_64-fedora-gcc, r-devel-osx-x86_64-clang, r-devel-windows-ix86+x86_64, r-patched-solaris-sparc, r-patched-solaris-x86, r-release-windows-ix86+x86_64, r-oldrel-windows-ix86+x86_64

Version: 0.9-1
Check: S3 generic/method consistency
Result: NOTE
    Found the following apparent S3 methods exported but not registered:
     summary.CrossTable
    See section ‘Registering S3 methods’ in the ‘Writing R Extensions’
    manual.
Flavors: r-devel-linux-x86_64-debian-clang, r-devel-linux-x86_64-debian-gcc, r-devel-linux-x86_64-fedora-clang, r-devel-linux-x86_64-fedora-gcc, r-devel-osx-x86_64-clang, r-patched-solaris-x86

Version: 0.9-1
Check: R code for possible problems
Result: NOTE
    gtkFileChooserDialogFilteredActivate: no visible binding for global
     variable ‘theme_grey’
    summary.CrossTable: no visible global function definition for
     ‘assocstats’
Flavors: r-devel-linux-x86_64-debian-clang, r-devel-linux-x86_64-debian-gcc, r-devel-linux-x86_64-fedora-clang, r-devel-linux-x86_64-fedora-gcc, r-devel-osx-x86_64-clang, r-devel-windows-ix86+x86_64, r-patched-solaris-sparc, r-patched-solaris-x86, r-release-windows-ix86+x86_64, r-oldrel-windows-ix86+x86_64

Version: 0.9-1
Check: package dependencies
Result: ERROR
    Package required but not available: ‘RGtk2’
    
    Package suggested but not available for checking: ‘cairoDevice’
    
    See section ‘The DESCRIPTION file’ in the ‘Writing R Extensions’
    manual.
Flavor: r-release-osx-x86_64-mavericks

Version: 0.9-1
Check: package dependencies
Result: ERROR
    Package required but not available: ‘ggplot2’
    
    Packages suggested but not available for checking: ‘quantreg’ ‘Hmisc’
    
    See section ‘The DESCRIPTION file’ in the ‘Writing R Extensions’
    manual.
Flavor: r-release-osx-x86_64-snowleopard