CRAN Package Check Results for Package Rz

Last updated on 2016-02-11 23:47:41.

Flavor Version Tinstall Tcheck Ttotal Status Flags
r-devel-linux-x86_64-debian-gcc 0.9-1 7.06 65.60 72.66 NOTE
r-devel-linux-x86_64-fedora-clang 0.9-1 144.22 NOTE
r-devel-linux-x86_64-fedora-gcc 0.9-1 138.86 NOTE
r-devel-osx-x86_64-clang 0.9-1 159.76 NOTE
r-devel-windows-ix86+x86_64 0.9-1 29.00 99.00 128.00 NOTE
r-patched-linux-x86_64 0.9-1 8.20 72.31 80.52 NOTE
r-patched-solaris-sparc 0.9-1 950.50 NOTE
r-patched-solaris-x86 0.9-1 202.20 NOTE
r-release-linux-x86_64 0.9-1 8.05 72.98 81.03 NOTE
r-release-osx-x86_64-mavericks 0.9-1 NOTE
r-release-windows-ix86+x86_64 0.9-1 33.00 112.00 145.00 NOTE
r-oldrel-windows-ix86+x86_64 0.9-1 48.00 161.00 209.00 NOTE

Check Details

Version: 0.9-1
Check: dependencies in R code
Result: NOTE
    'library' or 'require' call to ‘vcd’ in package code.
     Please use :: or requireNamespace() instead.
     See section 'Suggested packages' in the 'Writing R Extensions' manual.
    Packages in Depends field not imported from:
     ‘foreign’ ‘ggplot2’ ‘grid’ ‘psych’
     These packages need to be imported from (in the NAMESPACE file)
     for when this namespace is loaded but not attached.
    Unexported object imported by a ':::' call: ‘foreign:::adQuote’
     See the note in ?`:::` about the use of this operator.
Flavors: r-devel-linux-x86_64-debian-gcc, r-devel-linux-x86_64-fedora-clang, r-devel-linux-x86_64-fedora-gcc, r-devel-osx-x86_64-clang, r-devel-windows-ix86+x86_64, r-patched-linux-x86_64, r-patched-solaris-sparc, r-patched-solaris-x86, r-release-linux-x86_64, r-release-osx-x86_64-mavericks, r-release-windows-ix86+x86_64, r-oldrel-windows-ix86+x86_64

Version: 0.9-1
Check: S3 generic/method consistency
Result: NOTE
    Found the following apparent S3 methods exported but not registered:
     summary.CrossTable
    See section ‘Registering S3 methods’ in the ‘Writing R Extensions’
    manual.
Flavors: r-devel-linux-x86_64-debian-gcc, r-devel-linux-x86_64-fedora-clang, r-devel-linux-x86_64-fedora-gcc, r-devel-osx-x86_64-clang, r-patched-linux-x86_64, r-patched-solaris-sparc, r-patched-solaris-x86, r-release-linux-x86_64

Version: 0.9-1
Check: R code for possible problems
Result: NOTE
    calc.hist.breaks: no visible global function definition for
     ‘nclass.Sturges’
    calc.hist.breaks: no visible global function definition for ‘nclass.FD’
    calc.hist.breaks: no visible global function definition for
     ‘nclass.scott’
    check.class: no visible global function definition for ‘as.formula’
    gtkColorSelectionForPlotGetColor: no visible global function definition
     for ‘rgb’
    gtkColorSelectionWidgetNew: no visible global function definition for
     ‘colors’
    gtkFileChooserDialogFilteredActivate: no visible binding for global
     variable ‘theme_grey’
    localize: no visible global function definition for ‘localeToCharset’
    summary.CrossTable : twoDimTable: no visible global function definition
     for ‘addmargins’
    summary.CrossTable: no visible global function definition for
     ‘assocstats’
    write.spss: no visible global function definition for ‘write.table’
    write.stata: no visible global function definition for ‘write.table’
    Undefined global functions or variables:
     addmargins as.formula assocstats colors localeToCharset nclass.FD
     nclass.Sturges nclass.scott rgb theme_grey write.table
    Consider adding
     importFrom("grDevices", "colors", "nclass.FD", "nclass.Sturges",
     "nclass.scott", "rgb")
     importFrom("stats", "addmargins", "as.formula")
     importFrom("utils", "localeToCharset", "write.table")
    to your NAMESPACE file.
Flavors: r-devel-linux-x86_64-debian-gcc, r-devel-linux-x86_64-fedora-clang, r-devel-linux-x86_64-fedora-gcc, r-devel-osx-x86_64-clang

Version: 0.9-1
Check: R code for possible problems
Result: NOTE
    .onAttach: no visible global function definition for 'winMenuAdd'
    .onAttach: no visible global function definition for 'winMenuAddItem'
    calc.hist.breaks: no visible global function definition for
     'nclass.Sturges'
    calc.hist.breaks: no visible global function definition for 'nclass.FD'
    calc.hist.breaks: no visible global function definition for
     'nclass.scott'
    check.class: no visible global function definition for 'as.formula'
    gtkColorSelectionForPlotGetColor: no visible global function definition
     for 'rgb'
    gtkColorSelectionWidgetNew: no visible global function definition for
     'colors'
    gtkFileChooserDialogFilteredActivate: no visible binding for global
     variable 'theme_grey'
    localize: no visible global function definition for 'localeToCharset'
    summary.CrossTable : twoDimTable: no visible global function definition
     for 'addmargins'
    summary.CrossTable: no visible global function definition for
     'assocstats'
    write.spss: no visible global function definition for 'write.table'
    write.stata: no visible global function definition for 'write.table'
    Undefined global functions or variables:
     addmargins as.formula assocstats colors localeToCharset nclass.FD
     nclass.Sturges nclass.scott rgb theme_grey winMenuAdd winMenuAddItem
     write.table
    Consider adding
     importFrom("grDevices", "colors", "nclass.FD", "nclass.Sturges",
     "nclass.scott", "rgb")
     importFrom("stats", "addmargins", "as.formula")
     importFrom("utils", "localeToCharset", "winMenuAdd", "winMenuAddItem",
     "write.table")
    to your NAMESPACE file.
Flavor: r-devel-windows-ix86+x86_64

Version: 0.9-1
Check: R code for possible problems
Result: NOTE
    gtkFileChooserDialogFilteredActivate: no visible binding for global
     variable ‘theme_grey’
    summary.CrossTable: no visible global function definition for
     ‘assocstats’
Flavors: r-patched-linux-x86_64, r-patched-solaris-sparc, r-patched-solaris-x86, r-release-linux-x86_64, r-release-osx-x86_64-mavericks, r-release-windows-ix86+x86_64, r-oldrel-windows-ix86+x86_64