CRAN Package Check Results for Package Rz

Last updated on 2014-04-25 09:52:23.

Flavor Version Tinstall Tcheck Ttotal Status Flags
r-devel-linux-x86_64-debian-clang 0.9-1 9.78 66.56 76.34 NOTE
r-devel-linux-x86_64-debian-gcc 0.9-1 9.50 65.91 75.42 NOTE
r-devel-linux-x86_64-fedora-clang 0.9-1 163.32 NOTE
r-devel-linux-x86_64-fedora-gcc 0.9-1 151.88 NOTE
r-devel-osx-x86_64-clang 0.9-1 124.44 NOTE
r-devel-osx-x86_64-gcc 0.9-1 ERROR
r-devel-windows-ix86+x86_64 0.9-1 19.00 89.00 108.00 NOTE
r-patched-linux-x86_64 0.9-1 10.07 66.00 76.08 NOTE
r-patched-solaris-sparc 0.9-1 861.20 NOTE
r-patched-solaris-x86 0.9-1 195.00 NOTE
r-release-linux-ix86 0.9-1 14.00 105.00 119.00 NOTE
r-release-linux-x86_64 0.9-1 9.36 65.33 74.69 NOTE
r-release-osx-x86_64-mavericks 0.9-1 ERROR
r-release-osx-x86_64-snowleopard 0.9-1 NOTE
r-release-windows-ix86+x86_64 0.9-1 23.00 87.00 110.00 NOTE
r-oldrel-windows-ix86+x86_64 0.9-1 24.00 87.00 111.00 NOTE

Check Details

Version: 0.9-1
Check: dependencies in R code
Result: NOTE
    Packages in Depends field not imported from:
     ‘foreign’ ‘ggplot2’ ‘psych’
     These packages need to be imported from (in the NAMESPACE file)
     for when this namespace is loaded but not attached.
    Unexported object imported by a ':::' call: ‘foreign:::adQuote’
     See the note in ?`:::` about the use of this operator.
    See the information on DESCRIPTION files in the chapter ‘Creating R
    packages’ of the ‘Writing R Extensions’ manual.
Flavors: r-devel-linux-x86_64-debian-clang, r-devel-linux-x86_64-debian-gcc, r-devel-linux-x86_64-fedora-clang, r-devel-linux-x86_64-fedora-gcc, r-devel-osx-x86_64-clang, r-devel-windows-ix86+x86_64, r-patched-linux-x86_64, r-patched-solaris-sparc, r-patched-solaris-x86, r-release-linux-ix86, r-release-linux-x86_64, r-release-windows-ix86+x86_64, r-oldrel-windows-ix86+x86_64

Version: 0.9-1
Check: package dependencies
Result: ERROR
    Package required but not available: ‘ggplot2’
    
    Packages suggested but not available for checking: ‘quantreg’ ‘Hmisc’
    
    See the information on DESCRIPTION files in the chapter ‘Creating R
    packages’ of the ‘Writing R Extensions’ manual.
Flavor: r-devel-osx-x86_64-gcc

Version: 0.9-1
Check: package dependencies
Result: ERROR
    Package required but not available: ‘RGtk2’
    
    Package suggested but not available for checking: ‘cairoDevice’
    
    See the information on DESCRIPTION files in the chapter ‘Creating R
    packages’ of the ‘Writing R Extensions’ manual.
Flavor: r-release-osx-x86_64-mavericks

Version: 0.9-1
Check: dependencies in R code
Result: NOTE
    Packages in Depends field not imported from:
     'foreign' 'ggplot2' 'psych'
     These packages need to be imported from for the case when
     this namespace is loaded but not attached.
    Unexported object imported by a ':::' call: 'foreign:::adQuote'
     See the note in ?`:::` about the use of this operator.
    See the information on DESCRIPTION files in the chapter 'Creating R
    packages' of the 'Writing R Extensions' manual.
Flavor: r-release-osx-x86_64-snowleopard