CRAN Package Check Results for Package Rz

Last updated on 2014-10-31 08:47:17.

Flavor Version Tinstall Tcheck Ttotal Status Flags
r-devel-linux-x86_64-debian-clang 0.9-1 8.38 59.69 68.07 NOTE
r-devel-linux-x86_64-debian-gcc 0.9-1 8.75 58.10 66.86 NOTE
r-devel-linux-x86_64-fedora-clang 0.9-1 149.84 NOTE
r-devel-linux-x86_64-fedora-gcc 0.9-1 138.90 NOTE
r-devel-osx-x86_64-clang 0.9-1 124.01 NOTE
r-devel-windows-ix86+x86_64 0.9-1 21.00 85.00 106.00 NOTE
r-patched-linux-x86_64 0.9-1 8.94 55.60 64.55 NOTE
r-patched-solaris-sparc 0.9-1 856.00 NOTE
r-patched-solaris-x86 0.9-1 187.30 NOTE
r-release-linux-ix86 0.9-1 10.80 76.80 87.60 NOTE
r-release-linux-x86_64 0.9-1 9.22 64.94 74.16 NOTE
r-release-osx-x86_64-mavericks 0.9-1 ERROR
r-release-osx-x86_64-snowleopard 0.9-1 NOTE
r-release-windows-ix86+x86_64 0.9-1 23.00 87.00 110.00 NOTE
r-oldrel-windows-ix86+x86_64 0.9-1 22.00 91.00 113.00 NOTE

Check Details

Version: 0.9-1
Check: dependencies in R code
Result: NOTE
    Packages in Depends field not imported from:
     ‘foreign’ ‘ggplot2’ ‘grid’ ‘psych’
     These packages need to be imported from (in the NAMESPACE file)
     for when this namespace is loaded but not attached.
    Unexported object imported by a ':::' call: ‘foreign:::adQuote’
     See the note in ?`:::` about the use of this operator.
    See the information on DESCRIPTION files in the chapter ‘Creating R
    packages’ of the ‘Writing R Extensions’ manual.
Flavors: r-devel-linux-x86_64-debian-clang, r-devel-linux-x86_64-debian-gcc, r-devel-linux-x86_64-fedora-clang, r-devel-linux-x86_64-fedora-gcc, r-devel-osx-x86_64-clang, r-devel-windows-ix86+x86_64, r-patched-linux-x86_64, r-patched-solaris-sparc, r-patched-solaris-x86

Version: 0.9-1
Check: R code for possible problems
Result: NOTE
    gtkFileChooserDialogFilteredActivate: no visible binding for global
     variable ‘theme_grey’
    summary.CrossTable: no visible global function definition for
     ‘assocstats’
Flavors: r-devel-linux-x86_64-debian-clang, r-devel-linux-x86_64-debian-gcc, r-devel-linux-x86_64-fedora-clang, r-devel-linux-x86_64-fedora-gcc, r-devel-osx-x86_64-clang, r-devel-windows-ix86+x86_64, r-patched-linux-x86_64, r-patched-solaris-sparc, r-patched-solaris-x86

Version: 0.9-1
Check: dependencies in R code
Result: NOTE
    Packages in Depends field not imported from:
     ‘foreign’ ‘ggplot2’ ‘psych’
     These packages need to be imported from (in the NAMESPACE file)
     for when this namespace is loaded but not attached.
    Unexported object imported by a ':::' call: ‘foreign:::adQuote’
     See the note in ?`:::` about the use of this operator.
    See the information on DESCRIPTION files in the chapter ‘Creating R
    packages’ of the ‘Writing R Extensions’ manual.
Flavors: r-release-linux-ix86, r-release-linux-x86_64, r-release-windows-ix86+x86_64, r-oldrel-windows-ix86+x86_64

Version: 0.9-1
Check: package dependencies
Result: ERROR
    Package required but not available: ‘RGtk2’
    
    Package suggested but not available for checking: ‘cairoDevice’
    
    See the information on DESCRIPTION files in the chapter ‘Creating R
    packages’ of the ‘Writing R Extensions’ manual.
Flavor: r-release-osx-x86_64-mavericks

Version: 0.9-1
Check: dependencies in R code
Result: NOTE
    Packages in Depends field not imported from:
     'foreign' 'ggplot2' 'psych'
     These packages need to be imported from for the case when
     this namespace is loaded but not attached.
    Unexported object imported by a ':::' call: 'foreign:::adQuote'
     See the note in ?`:::` about the use of this operator.
    See the information on DESCRIPTION files in the chapter 'Creating R
    packages' of the 'Writing R Extensions' manual.
Flavor: r-release-osx-x86_64-snowleopard