CRAN Package Check Results for Package Rz

Last updated on 2014-07-24 11:53:30.

Flavor Version Tinstall Tcheck Ttotal Status Flags
r-devel-linux-x86_64-debian-clang 0.9-1 8.94 62.51 71.44 NOTE
r-devel-linux-x86_64-debian-gcc 0.9-1 8.76 61.07 69.82 NOTE
r-devel-linux-x86_64-fedora-clang 0.9-1 161.01 NOTE
r-devel-linux-x86_64-fedora-gcc 0.9-1 154.47 NOTE
r-devel-osx-x86_64-clang 0.9-1 123.01 NOTE
r-devel-windows-ix86+x86_64 0.9-1 20.00 84.00 104.00 NOTE
r-patched-linux-x86_64 0.9-1 9.10 61.70 70.80 NOTE
r-patched-solaris-sparc 0.9-1 861.20 NOTE
r-patched-solaris-x86 0.9-1 191.80 NOTE
r-release-linux-ix86 0.9-1 10.70 75.48 86.17 NOTE
r-release-linux-x86_64 0.9-1 9.03 63.28 72.31 NOTE
r-release-osx-x86_64-mavericks 0.9-1 ERROR
r-release-osx-x86_64-snowleopard 0.9-1 NOTE
r-release-windows-ix86+x86_64 0.9-1 21.00 96.00 117.00 NOTE
r-oldrel-windows-ix86+x86_64 0.9-1 21.00 90.00 111.00 NOTE

Check Details

Version: 0.9-1
Check: dependencies in R code
Result: NOTE
    Packages in Depends field not imported from:
     ‘foreign’ ‘ggplot2’ ‘psych’
     These packages need to be imported from (in the NAMESPACE file)
     for when this namespace is loaded but not attached.
    Unexported object imported by a ':::' call: ‘foreign:::adQuote’
     See the note in ?`:::` about the use of this operator.
    See the information on DESCRIPTION files in the chapter ‘Creating R
    packages’ of the ‘Writing R Extensions’ manual.
Flavors: r-devel-linux-x86_64-debian-clang, r-devel-linux-x86_64-debian-gcc, r-devel-linux-x86_64-fedora-clang, r-devel-linux-x86_64-fedora-gcc, r-devel-osx-x86_64-clang, r-devel-windows-ix86+x86_64, r-patched-linux-x86_64, r-patched-solaris-sparc, r-patched-solaris-x86, r-release-linux-ix86, r-release-linux-x86_64, r-release-windows-ix86+x86_64, r-oldrel-windows-ix86+x86_64

Version: 0.9-1
Check: package dependencies
Result: ERROR
    Package required but not available: ‘RGtk2’
    
    Package suggested but not available for checking: ‘cairoDevice’
    
    See the information on DESCRIPTION files in the chapter ‘Creating R
    packages’ of the ‘Writing R Extensions’ manual.
Flavor: r-release-osx-x86_64-mavericks

Version: 0.9-1
Check: dependencies in R code
Result: NOTE
    Packages in Depends field not imported from:
     'foreign' 'ggplot2' 'psych'
     These packages need to be imported from for the case when
     this namespace is loaded but not attached.
    Unexported object imported by a ':::' call: 'foreign:::adQuote'
     See the note in ?`:::` about the use of this operator.
    See the information on DESCRIPTION files in the chapter 'Creating R
    packages' of the 'Writing R Extensions' manual.
Flavor: r-release-osx-x86_64-snowleopard