CRAN Package Check Results for Package Rz

Last updated on 2016-08-26 06:47:34.

Flavor Version Tinstall Tcheck Ttotal Status Flags
r-devel-linux-x86_64-debian-clang 0.9-1 7.31 69.47 76.78 NOTE
r-devel-linux-x86_64-debian-gcc 0.9-1 9.29 84.82 94.11 NOTE
r-devel-linux-x86_64-fedora-clang 0.9-1 148.22 NOTE
r-devel-linux-x86_64-fedora-gcc 0.9-1 143.87 NOTE
r-devel-osx-x86_64-clang 0.9-1 117.85 NOTE
r-devel-windows-ix86+x86_64 0.9-1 32.00 115.00 147.00 NOTE
r-patched-linux-x86_64 0.9-1 7.34 66.21 73.55 NOTE
r-patched-solaris-sparc 0.9-1 867.80 NOTE
r-patched-solaris-x86 0.9-1 182.20 NOTE
r-release-linux-x86_64 0.9-1 6.87 66.97 73.84 NOTE
r-release-osx-x86_64-mavericks 0.9-1 WARN
r-release-windows-ix86+x86_64 0.9-1 23.00 98.00 121.00 NOTE
r-oldrel-windows-ix86+x86_64 0.9-1 27.00 114.00 141.00 NOTE

Check Details

Version: 0.9-1
Check: dependencies in R code
Result: NOTE
    'library' or 'require' call to ‘vcd’ in package code.
     Please use :: or requireNamespace() instead.
     See section 'Suggested packages' in the 'Writing R Extensions' manual.
    Packages in Depends field not imported from:
     ‘foreign’ ‘ggplot2’ ‘grid’ ‘psych’
     These packages need to be imported from (in the NAMESPACE file)
     for when this namespace is loaded but not attached.
    Unexported object imported by a ':::' call: ‘foreign:::adQuote’
     See the note in ?`:::` about the use of this operator.
Flavors: r-devel-linux-x86_64-debian-clang, r-devel-linux-x86_64-debian-gcc, r-devel-linux-x86_64-fedora-clang, r-devel-linux-x86_64-fedora-gcc, r-devel-osx-x86_64-clang, r-devel-windows-ix86+x86_64, r-patched-linux-x86_64, r-patched-solaris-sparc, r-patched-solaris-x86, r-release-linux-x86_64, r-release-windows-ix86+x86_64, r-oldrel-windows-ix86+x86_64

Version: 0.9-1
Check: S3 generic/method consistency
Result: NOTE
    Found the following apparent S3 methods exported but not registered:
     summary.CrossTable
    See section ‘Registering S3 methods’ in the ‘Writing R Extensions’
    manual.
Flavors: r-devel-linux-x86_64-debian-clang, r-devel-linux-x86_64-debian-gcc, r-devel-linux-x86_64-fedora-clang, r-devel-linux-x86_64-fedora-gcc, r-devel-osx-x86_64-clang, r-patched-linux-x86_64, r-patched-solaris-sparc, r-patched-solaris-x86, r-release-linux-x86_64

Version: 0.9-1
Check: R code for possible problems
Result: NOTE
    calc.hist.breaks: no visible global function definition for
     ‘nclass.Sturges’
    calc.hist.breaks: no visible global function definition for ‘nclass.FD’
    calc.hist.breaks: no visible global function definition for
     ‘nclass.scott’
    check.class: no visible global function definition for ‘as.formula’
    gtkColorSelectionForPlotGetColor: no visible global function definition
     for ‘rgb’
    gtkColorSelectionWidgetNew: no visible global function definition for
     ‘colors’
    gtkFileChooserDialogFilteredActivate: no visible binding for global
     variable ‘theme_grey’
    localize: no visible global function definition for ‘localeToCharset’
    summary.CrossTable : twoDimTable: no visible global function definition
     for ‘addmargins’
    summary.CrossTable: no visible global function definition for
     ‘assocstats’
    write.spss: no visible global function definition for ‘write.table’
    write.stata: no visible global function definition for ‘write.table’
    Undefined global functions or variables:
     addmargins as.formula assocstats colors localeToCharset nclass.FD
     nclass.Sturges nclass.scott rgb theme_grey write.table
    Consider adding
     importFrom("grDevices", "colors", "nclass.FD", "nclass.Sturges",
     "nclass.scott", "rgb")
     importFrom("stats", "addmargins", "as.formula")
     importFrom("utils", "localeToCharset", "write.table")
    to your NAMESPACE file.
Flavors: r-devel-linux-x86_64-debian-clang, r-devel-linux-x86_64-debian-gcc, r-devel-linux-x86_64-fedora-clang, r-devel-linux-x86_64-fedora-gcc, r-devel-osx-x86_64-clang, r-patched-linux-x86_64, r-patched-solaris-sparc, r-patched-solaris-x86, r-release-linux-x86_64

Version: 0.9-1
Check: R code for possible problems
Result: NOTE
    .onAttach: no visible global function definition for 'winMenuAdd'
    .onAttach: no visible global function definition for 'winMenuAddItem'
    calc.hist.breaks: no visible global function definition for
     'nclass.Sturges'
    calc.hist.breaks: no visible global function definition for 'nclass.FD'
    calc.hist.breaks: no visible global function definition for
     'nclass.scott'
    check.class: no visible global function definition for 'as.formula'
    gtkColorSelectionForPlotGetColor: no visible global function definition
     for 'rgb'
    gtkColorSelectionWidgetNew: no visible global function definition for
     'colors'
    gtkFileChooserDialogFilteredActivate: no visible binding for global
     variable 'theme_grey'
    localize: no visible global function definition for 'localeToCharset'
    summary.CrossTable : twoDimTable: no visible global function definition
     for 'addmargins'
    summary.CrossTable: no visible global function definition for
     'assocstats'
    write.spss: no visible global function definition for 'write.table'
    write.stata: no visible global function definition for 'write.table'
    Undefined global functions or variables:
     addmargins as.formula assocstats colors localeToCharset nclass.FD
     nclass.Sturges nclass.scott rgb theme_grey winMenuAdd winMenuAddItem
     write.table
    Consider adding
     importFrom("grDevices", "colors", "nclass.FD", "nclass.Sturges",
     "nclass.scott", "rgb")
     importFrom("stats", "addmargins", "as.formula")
     importFrom("utils", "localeToCharset", "winMenuAdd", "winMenuAddItem",
     "write.table")
    to your NAMESPACE file.
Flavors: r-devel-windows-ix86+x86_64, r-release-windows-ix86+x86_64

Version: 0.9-1
Check: dependencies in R code
Result: NOTE
    Invalid MIT-MAGIC-COOKIE-1 key'library' or 'require' call to ‘vcd’ in package code.
     Please use :: or requireNamespace() instead.
     See section 'Suggested packages' in the 'Writing R Extensions' manual.
    Packages in Depends field not imported from:
     ‘foreign’ ‘ggplot2’ ‘grid’ ‘psych’
     These packages need to be imported from (in the NAMESPACE file)
     for when this namespace is loaded but not attached.
    Unexported object imported by a ':::' call: ‘foreign:::adQuote’
     See the note in ?`:::` about the use of this operator.
Flavor: r-release-osx-x86_64-mavericks

Version: 0.9-1
Check: S3 generic/method consistency
Result: WARN
    Invalid MIT-MAGIC-COOKIE-1 key
    See section ‘Generic functions and methods’ in the ‘Writing R
    Extensions’ manual.
Flavor: r-release-osx-x86_64-mavericks

Version: 0.9-1
Check: replacement functions
Result: WARN
    Invalid MIT-MAGIC-COOKIE-1 key
    The argument of a replacement function which corresponds to the right
    hand side must be named ‘value’.
Flavor: r-release-osx-x86_64-mavericks

Version: 0.9-1
Check: foreign function calls
Result: NOTE
    Invalid MIT-MAGIC-COOKIE-1 key
    See chapter ‘System and foreign language interfaces’ in the ‘Writing R
    Extensions’ manual.
Flavor: r-release-osx-x86_64-mavericks

Version: 0.9-1
Check: R code for possible problems
Result: NOTE
    Invalid MIT-MAGIC-COOKIE-1 keycalc.hist.breaks: no visible global function definition for
     ‘nclass.Sturges’
    calc.hist.breaks: no visible global function definition for ‘nclass.FD’
    calc.hist.breaks: no visible global function definition for
     ‘nclass.scott’
    check.class: no visible global function definition for ‘as.formula’
    gtkColorSelectionForPlotGetColor: no visible global function definition
     for ‘rgb’
    gtkColorSelectionWidgetNew: no visible global function definition for
     ‘colors’
    gtkFileChooserDialogFilteredActivate: no visible binding for global
     variable ‘theme_grey’
    localize: no visible global function definition for ‘localeToCharset’
    summary.CrossTable : twoDimTable: no visible global function definition
     for ‘addmargins’
    summary.CrossTable: no visible global function definition for
     ‘assocstats’
    write.spss: no visible global function definition for ‘write.table’
    write.stata: no visible global function definition for ‘write.table’
    Undefined global functions or variables:
     addmargins as.formula assocstats colors localeToCharset nclass.FD
     nclass.Sturges nclass.scott rgb theme_grey write.table
    Consider adding
     importFrom("grDevices", "colors", "nclass.FD", "nclass.Sturges",
     "nclass.scott", "rgb")
     importFrom("stats", "addmargins", "as.formula")
     importFrom("utils", "localeToCharset", "write.table")
    to your NAMESPACE file.
Flavor: r-release-osx-x86_64-mavericks

Version: 0.9-1
Check: for missing documentation entries
Result: WARN
    Invalid MIT-MAGIC-COOKIE-1 key
    All user-level objects in a package should have documentation entries.
    See chapter ‘Writing R documentation files’ in the ‘Writing R
    Extensions’ manual.
Flavor: r-release-osx-x86_64-mavericks

Version: 0.9-1
Check: for code/documentation mismatches
Result: WARN
    Invalid MIT-MAGIC-COOKIE-1 key
    Invalid MIT-MAGIC-COOKIE-1 key
    Invalid MIT-MAGIC-COOKIE-1 key
Flavor: r-release-osx-x86_64-mavericks

Version: 0.9-1
Check: Rd \usage sections
Result: NOTE
    Invalid MIT-MAGIC-COOKIE-1 key
    The \usage entries for S3 methods should use the \method markup and not
    their full name.
    See chapter ‘Writing R documentation files’ in the ‘Writing R
    Extensions’ manual.
Flavor: r-release-osx-x86_64-mavericks

Version: 0.9-1
Check: R code for possible problems
Result: NOTE
    gtkFileChooserDialogFilteredActivate: no visible binding for global
     variable 'theme_grey'
    summary.CrossTable: no visible global function definition for
     'assocstats'
Flavor: r-oldrel-windows-ix86+x86_64