CRAN Package Check Results for Package S2sls

Last updated on 2019-01-23 14:48:45 CET.

Flavor Version Tinstall Tcheck Ttotal Status Flags
r-devel-linux-x86_64-debian-clang 0.1 0.91 17.57 18.48 OK
r-devel-linux-x86_64-debian-gcc 0.1 0.74 14.36 15.10 OK
r-devel-linux-x86_64-fedora-clang 0.1 21.99 NOTE
r-devel-linux-x86_64-fedora-gcc 0.1 20.38 NOTE
r-devel-windows-ix86+x86_64 0.1 3.00 41.00 44.00 OK
r-patched-linux-x86_64 0.1 0.88 16.19 17.07 OK
r-patched-solaris-x86 0.1 35.60 NOTE
r-release-linux-x86_64 0.1 0.79 16.02 16.81 OK
r-release-windows-ix86+x86_64 0.1 2.00 27.00 29.00 OK
r-release-osx-x86_64 0.1 NOTE
r-oldrel-windows-ix86+x86_64 0.1 2.00 26.00 28.00 OK
r-oldrel-osx-x86_64 0.1 NOTE

Check Details

Version: 0.1
Check: dependencies in R code
Result: NOTE
    Namespace in Imports field not imported from: ‘spanel’
     All declared Imports should be used.
Flavors: r-devel-linux-x86_64-fedora-clang, r-devel-linux-x86_64-fedora-gcc, r-patched-solaris-x86, r-release-osx-x86_64, r-oldrel-osx-x86_64