CRAN Package Check Results for Package S2sls

Last updated on 2019-07-19 01:47:25 CEST.

Flavor Version Tinstall Tcheck Ttotal Status Flags
r-devel-linux-x86_64-debian-clang 0.1 1.61 17.05 18.66 OK
r-devel-linux-x86_64-debian-gcc 0.1 1.26 14.27 15.53 OK
r-devel-linux-x86_64-fedora-clang 0.1 22.75 NOTE
r-devel-linux-x86_64-fedora-gcc 0.1 21.68 NOTE
r-devel-windows-ix86+x86_64 0.1 4.00 30.00 34.00 OK
r-patched-linux-x86_64 0.1 1.58 16.92 18.50 OK
r-patched-solaris-x86 0.1 36.60 NOTE
r-release-linux-x86_64 0.1 1.47 17.00 18.47 OK
r-release-windows-ix86+x86_64 0.1 4.00 38.00 42.00 OK
r-release-osx-x86_64 0.1 NOTE
r-oldrel-windows-ix86+x86_64 0.1 2.00 27.00 29.00 OK
r-oldrel-osx-x86_64 0.1 NOTE

Check Details

Version: 0.1
Check: dependencies in R code
Result: NOTE
    Namespace in Imports field not imported from: ‘spanel’
     All declared Imports should be used.
Flavors: r-devel-linux-x86_64-fedora-clang, r-devel-linux-x86_64-fedora-gcc, r-patched-solaris-x86, r-release-osx-x86_64, r-oldrel-osx-x86_64