CRAN Package Check Results for Package S2sls

Last updated on 2019-03-27 04:51:06 CET.

Flavor Version Tinstall Tcheck Ttotal Status Flags
r-devel-linux-x86_64-debian-clang 0.1 1.48 17.20 18.68 OK
r-devel-linux-x86_64-debian-gcc 0.1 1.32 14.01 15.33 OK
r-devel-linux-x86_64-fedora-clang 0.1 23.31 NOTE
r-devel-linux-x86_64-fedora-gcc 0.1 21.85 NOTE
r-devel-windows-ix86+x86_64 0.1 5.00 30.00 35.00 OK
r-patched-linux-x86_64 0.1 0.71 16.09 16.80 OK
r-patched-solaris-x86 0.1 32.00 NOTE
r-release-linux-x86_64 0.1 0.88 16.00 16.88 OK
r-release-windows-ix86+x86_64 0.1 2.00 27.00 29.00 OK
r-release-osx-x86_64 0.1 NOTE
r-oldrel-windows-ix86+x86_64 0.1 2.00 26.00 28.00 OK
r-oldrel-osx-x86_64 0.1 NOTE

Check Details

Version: 0.1
Check: dependencies in R code
Result: NOTE
    Namespace in Imports field not imported from: ‘spanel’
     All declared Imports should be used.
Flavors: r-devel-linux-x86_64-fedora-clang, r-devel-linux-x86_64-fedora-gcc, r-patched-solaris-x86, r-release-osx-x86_64, r-oldrel-osx-x86_64