CRAN Package Check Results for Package SACOBRA

Last updated on 2021-01-20 02:50:31 CET.

Flavor Version Tinstall Tcheck Ttotal Status Flags
r-devel-linux-x86_64-debian-clang 1.2 11.30 82.71 94.01 OK
r-devel-linux-x86_64-debian-gcc 1.2 8.22 62.40 70.62 OK
r-devel-linux-x86_64-fedora-clang 1.2 125.90 NOTE
r-devel-linux-x86_64-fedora-gcc 1.2 110.23 NOTE
r-devel-windows-ix86+x86_64 1.2 16.00 82.00 98.00 OK
r-patched-linux-x86_64 1.2 8.78 79.15 87.93 OK
r-patched-solaris-x86 1.2 131.00 NOTE
r-release-linux-x86_64 1.2 10.49 79.53 90.02 OK
r-release-macos-x86_64 1.2 NOTE
r-release-windows-ix86+x86_64 1.2 14.00 83.00 97.00 OK
r-oldrel-macos-x86_64 1.2 NOTE
r-oldrel-windows-ix86+x86_64 1.2 11.00 74.00 85.00 OK

Check Details

Version: 1.2
Check: dependencies in R code
Result: NOTE
    Namespaces in Imports field not imported from:
     ‘R6’ ‘mgcv’
     All declared Imports should be used.
Flavors: r-devel-linux-x86_64-fedora-clang, r-devel-linux-x86_64-fedora-gcc, r-patched-solaris-x86, r-release-macos-x86_64, r-oldrel-macos-x86_64