CRAN Package Check Results for Package SAM

Last updated on 2014-12-21 09:51:36.

Flavor Version Tinstall Tcheck Ttotal Status Flags
r-devel-linux-x86_64-debian-clang 1.0.5 2.05 14.38 16.43 NOTE
r-devel-linux-x86_64-debian-gcc 1.0.5 2.18 13.98 16.16 NOTE
r-devel-linux-x86_64-fedora-clang 1.0.5 33.73 NOTE
r-devel-linux-x86_64-fedora-gcc 1.0.5 29.32 NOTE
r-devel-osx-x86_64-clang 1.0.5 32.32 NOTE
r-devel-windows-ix86+x86_64 1.0.5 18.00 39.00 57.00 NOTE
r-patched-linux-x86_64 1.0.5 2.16 14.86 17.02 NOTE
r-patched-solaris-sparc 1.0.5 207.80 NOTE
r-patched-solaris-x86 1.0.5 47.00 NOTE
r-release-linux-ix86 1.0.5 2.69 20.53 23.22 NOTE
r-release-linux-x86_64 1.0.5 2.16 14.30 16.46 NOTE
r-release-osx-x86_64-mavericks 1.0.5 OK
r-release-osx-x86_64-snowleopard 1.0.5 OK
r-release-windows-ix86+x86_64 1.0.5 10.00 33.00 43.00 NOTE
r-oldrel-windows-ix86+x86_64 1.0.5 10.00 32.00 42.00 OK

Check Details

Version: 1.0.5
Check: dependencies in R code
Result: NOTE
    Package in Depends field not imported from: ‘splines’
     These packages need to be imported from (in the NAMESPACE file)
     for when this namespace is loaded but not attached.
    See the information on DESCRIPTION files in the chapter ‘Creating R
    packages’ of the ‘Writing R Extensions’ manual.
Flavors: r-devel-linux-x86_64-debian-clang, r-devel-linux-x86_64-debian-gcc, r-devel-linux-x86_64-fedora-clang, r-devel-linux-x86_64-fedora-gcc, r-devel-osx-x86_64-clang, r-devel-windows-ix86+x86_64, r-patched-linux-x86_64, r-patched-solaris-sparc, r-patched-solaris-x86, r-release-linux-ix86, r-release-linux-x86_64, r-release-windows-ix86+x86_64

Version: 1.0.5
Check: R code for possible problems
Result: NOTE
    predict.samEL: no visible global function definition for ‘ns’
    predict.samHL: no visible global function definition for ‘ns’
    predict.samLL: no visible global function definition for ‘ns’
    predict.samQL: no visible global function definition for ‘ns’
    samEL: no visible global function definition for ‘ns’
    samHL: no visible global function definition for ‘ns’
    samLL: no visible global function definition for ‘ns’
    samQL: no visible global function definition for ‘ns’
Flavors: r-devel-linux-x86_64-debian-clang, r-devel-linux-x86_64-debian-gcc, r-devel-linux-x86_64-fedora-clang, r-devel-linux-x86_64-fedora-gcc, r-devel-osx-x86_64-clang, r-devel-windows-ix86+x86_64, r-patched-linux-x86_64, r-patched-solaris-sparc, r-patched-solaris-x86, r-release-linux-ix86, r-release-linux-x86_64, r-release-windows-ix86+x86_64