CRAN Package Check Results for Package SAM

Last updated on 2014-11-27 13:47:09.

Flavor Version Tinstall Tcheck Ttotal Status Flags
r-devel-linux-x86_64-debian-clang 1.0.5 2.08 14.09 16.16 NOTE
r-devel-linux-x86_64-debian-gcc 1.0.5 2.16 13.85 16.01 NOTE
r-devel-linux-x86_64-fedora-clang 1.0.5 33.07 NOTE
r-devel-linux-x86_64-fedora-gcc 1.0.5 35.90 NOTE
r-devel-osx-x86_64-clang 1.0.5 32.77 NOTE
r-devel-windows-ix86+x86_64 1.0.5 10.00 29.00 39.00 NOTE
r-patched-linux-x86_64 1.0.5 2.22 14.32 16.53 NOTE
r-patched-solaris-sparc 1.0.5 207.80 NOTE
r-patched-solaris-x86 1.0.5 47.50 NOTE
r-release-linux-ix86 1.0.5 2.69 20.74 23.43 NOTE
r-release-linux-x86_64 1.0.5 2.21 14.30 16.52 NOTE
r-release-osx-x86_64-mavericks 1.0.5 OK
r-release-osx-x86_64-snowleopard 1.0.5 OK
r-release-windows-ix86+x86_64 1.0.5 10.00 33.00 43.00 NOTE
r-oldrel-windows-ix86+x86_64 1.0.5 10.00 32.00 42.00 OK

Check Details

Version: 1.0.5
Check: dependencies in R code
Result: NOTE
    Package in Depends field not imported from: ‘splines’
     These packages need to be imported from (in the NAMESPACE file)
     for when this namespace is loaded but not attached.
    See the information on DESCRIPTION files in the chapter ‘Creating R
    packages’ of the ‘Writing R Extensions’ manual.
Flavors: r-devel-linux-x86_64-debian-clang, r-devel-linux-x86_64-debian-gcc, r-devel-linux-x86_64-fedora-clang, r-devel-linux-x86_64-fedora-gcc, r-devel-osx-x86_64-clang, r-devel-windows-ix86+x86_64, r-patched-linux-x86_64, r-patched-solaris-sparc, r-patched-solaris-x86, r-release-linux-ix86, r-release-linux-x86_64, r-release-windows-ix86+x86_64

Version: 1.0.5
Check: R code for possible problems
Result: NOTE
    predict.samEL: no visible global function definition for ‘ns’
    predict.samHL: no visible global function definition for ‘ns’
    predict.samLL: no visible global function definition for ‘ns’
    predict.samQL: no visible global function definition for ‘ns’
    samEL: no visible global function definition for ‘ns’
    samHL: no visible global function definition for ‘ns’
    samLL: no visible global function definition for ‘ns’
    samQL: no visible global function definition for ‘ns’
Flavors: r-devel-linux-x86_64-debian-clang, r-devel-linux-x86_64-debian-gcc, r-devel-linux-x86_64-fedora-clang, r-devel-linux-x86_64-fedora-gcc, r-devel-osx-x86_64-clang, r-devel-windows-ix86+x86_64, r-patched-linux-x86_64, r-patched-solaris-sparc, r-patched-solaris-x86, r-release-linux-ix86, r-release-linux-x86_64, r-release-windows-ix86+x86_64