CRAN Package Check Results for Package SAM

Last updated on 2017-06-28 20:48:58.

Flavor Version Tinstall Tcheck Ttotal Status Flags
r-devel-linux-x86_64-debian-clang 1.0.5 3.80 15.37 19.17 NOTE
r-devel-linux-x86_64-debian-gcc 1.0.5 2.48 14.95 17.43 NOTE
r-devel-linux-x86_64-fedora-clang 1.0.5 33.11 NOTE
r-devel-linux-x86_64-fedora-gcc 1.0.5 29.23 NOTE
r-devel-windows-ix86+x86_64 1.0.5 15.00 55.00 70.00 NOTE
r-patched-linux-x86_64 1.0.5 2.47 15.10 17.57 NOTE
r-patched-solaris-sparc 1.0.5 206.00 NOTE
r-patched-solaris-x86 1.0.5 43.50 NOTE
r-release-linux-x86_64 1.0.5 2.48 15.06 17.54 NOTE
r-release-windows-ix86+x86_64 1.0.5 10.00 41.00 51.00 NOTE
r-release-osx-x86_64 1.0.5 NOTE
r-oldrel-windows-ix86+x86_64 1.0.5 9.00 38.00 47.00 NOTE
r-oldrel-osx-x86_64 1.0.5 NOTE

Check Details

Version: 1.0.5
Check: dependencies in R code
Result: NOTE
    Package in Depends field not imported from: ‘splines’
     These packages need to be imported from (in the NAMESPACE file)
     for when this namespace is loaded but not attached.
Flavors: r-devel-linux-x86_64-debian-clang, r-devel-linux-x86_64-debian-gcc, r-devel-linux-x86_64-fedora-clang, r-devel-linux-x86_64-fedora-gcc, r-devel-windows-ix86+x86_64, r-patched-linux-x86_64, r-patched-solaris-sparc, r-patched-solaris-x86, r-release-linux-x86_64, r-release-windows-ix86+x86_64, r-release-osx-x86_64, r-oldrel-windows-ix86+x86_64, r-oldrel-osx-x86_64

Version: 1.0.5
Check: R code for possible problems
Result: NOTE
    plot.samEL: no visible global function definition for ‘matplot’
    plot.samHL: no visible global function definition for ‘matplot’
    plot.samLL: no visible global function definition for ‘matplot’
    plot.samQL: no visible global function definition for ‘matplot’
    predict.samEL: no visible global function definition for ‘ns’
    predict.samHL: no visible global function definition for ‘ns’
    predict.samLL: no visible global function definition for ‘ns’
    predict.samQL: no visible global function definition for ‘ns’
    samEL: no visible global function definition for ‘ns’
    samHL: no visible global function definition for ‘ns’
    samHL: no visible binding for global variable ‘median’
    samLL: no visible global function definition for ‘ns’
    samQL: no visible global function definition for ‘ns’
    Undefined global functions or variables:
     matplot median ns
    Consider adding
     importFrom("graphics", "matplot")
     importFrom("stats", "median")
    to your NAMESPACE file.
Flavors: r-devel-linux-x86_64-debian-clang, r-devel-linux-x86_64-debian-gcc, r-devel-linux-x86_64-fedora-clang, r-devel-linux-x86_64-fedora-gcc, r-devel-windows-ix86+x86_64, r-patched-linux-x86_64, r-patched-solaris-sparc, r-patched-solaris-x86, r-release-linux-x86_64, r-release-windows-ix86+x86_64, r-release-osx-x86_64, r-oldrel-windows-ix86+x86_64, r-oldrel-osx-x86_64

Version: 1.0.5
Check: line endings in Makefiles
Result: NOTE
    Found the following Makefile(s) without a final LF:
     src/Makevars
    Some ‘make’ programs ignore lines not ending in LF.
Flavors: r-devel-linux-x86_64-debian-clang, r-devel-linux-x86_64-debian-gcc, r-devel-linux-x86_64-fedora-clang, r-devel-linux-x86_64-fedora-gcc, r-devel-windows-ix86+x86_64, r-patched-linux-x86_64, r-patched-solaris-sparc, r-patched-solaris-x86, r-release-linux-x86_64, r-release-windows-ix86+x86_64, r-release-osx-x86_64, r-oldrel-windows-ix86+x86_64, r-oldrel-osx-x86_64

Version: 1.0.5
Check: compiled code
Result: NOTE
    File ‘SAM/libs/SAM.so’:
     Found no calls to: ‘R_registerRoutines’, ‘R_useDynamicSymbols’
    
    It is good practice to register native routines and to disable symbol
    search.
    
    See ‘Writing portable packages’ in the ‘Writing R Extensions’ manual.
Flavors: r-devel-linux-x86_64-debian-clang, r-devel-linux-x86_64-debian-gcc, r-devel-linux-x86_64-fedora-clang, r-devel-linux-x86_64-fedora-gcc, r-patched-linux-x86_64, r-release-linux-x86_64