CRAN Package Check Results for Package SAM

Last updated on 2016-08-31 06:47:41.

Flavor Version Tinstall Tcheck Ttotal Status Flags
r-devel-linux-x86_64-debian-clang 1.0.5 4.22 13.75 17.97 NOTE
r-devel-linux-x86_64-debian-gcc 1.0.5 2.40 13.17 15.57 NOTE
r-devel-linux-x86_64-fedora-clang 1.0.5 31.11 NOTE
r-devel-linux-x86_64-fedora-gcc 1.0.5 25.79 NOTE
r-devel-osx-x86_64-clang 1.0.5 24.36 NOTE
r-devel-windows-ix86+x86_64 1.0.5 15.00 52.00 67.00 NOTE
r-patched-linux-x86_64 1.0.5 2.27 13.23 15.50 NOTE
r-patched-solaris-sparc 1.0.5 177.60 NOTE
r-patched-solaris-x86 1.0.5 38.90 NOTE
r-release-linux-x86_64 1.0.5 2.18 13.40 15.59 NOTE
r-release-osx-x86_64-mavericks 1.0.5 NOTE
r-release-windows-ix86+x86_64 1.0.5 11.00 53.00 64.00 NOTE
r-oldrel-windows-ix86+x86_64 1.0.5 10.00 33.00 43.00 NOTE

Check Details

Version: 1.0.5
Check: dependencies in R code
Result: NOTE
    Package in Depends field not imported from: ‘splines’
     These packages need to be imported from (in the NAMESPACE file)
     for when this namespace is loaded but not attached.
Flavors: r-devel-linux-x86_64-debian-clang, r-devel-linux-x86_64-debian-gcc, r-devel-linux-x86_64-fedora-clang, r-devel-linux-x86_64-fedora-gcc, r-devel-osx-x86_64-clang, r-devel-windows-ix86+x86_64, r-patched-linux-x86_64, r-patched-solaris-sparc, r-patched-solaris-x86, r-release-linux-x86_64, r-release-osx-x86_64-mavericks, r-release-windows-ix86+x86_64, r-oldrel-windows-ix86+x86_64

Version: 1.0.5
Check: R code for possible problems
Result: NOTE
    plot.samEL: no visible global function definition for ‘matplot’
    plot.samHL: no visible global function definition for ‘matplot’
    plot.samLL: no visible global function definition for ‘matplot’
    plot.samQL: no visible global function definition for ‘matplot’
    predict.samEL: no visible global function definition for ‘ns’
    predict.samHL: no visible global function definition for ‘ns’
    predict.samLL: no visible global function definition for ‘ns’
    predict.samQL: no visible global function definition for ‘ns’
    samEL: no visible global function definition for ‘ns’
    samHL: no visible global function definition for ‘ns’
    samHL: no visible binding for global variable ‘median’
    samLL: no visible global function definition for ‘ns’
    samQL: no visible global function definition for ‘ns’
    Undefined global functions or variables:
     matplot median ns
    Consider adding
     importFrom("graphics", "matplot")
     importFrom("stats", "median")
    to your NAMESPACE file.
Flavors: r-devel-linux-x86_64-debian-clang, r-devel-linux-x86_64-debian-gcc, r-devel-linux-x86_64-fedora-clang, r-devel-linux-x86_64-fedora-gcc, r-devel-osx-x86_64-clang, r-devel-windows-ix86+x86_64, r-patched-linux-x86_64, r-patched-solaris-sparc, r-patched-solaris-x86, r-release-linux-x86_64, r-release-osx-x86_64-mavericks, r-release-windows-ix86+x86_64

Version: 1.0.5
Check: line endings in Makefiles
Result: NOTE
    Found the following Makefile(s) without a final LF:
     src/Makevars
    Some ‘make’ programs ignore lines not ending in LF.
Flavors: r-devel-linux-x86_64-debian-clang, r-devel-linux-x86_64-debian-gcc, r-devel-linux-x86_64-fedora-clang, r-devel-linux-x86_64-fedora-gcc, r-devel-osx-x86_64-clang, r-devel-windows-ix86+x86_64, r-patched-linux-x86_64, r-patched-solaris-sparc, r-patched-solaris-x86, r-release-linux-x86_64, r-release-osx-x86_64-mavericks, r-release-windows-ix86+x86_64, r-oldrel-windows-ix86+x86_64

Version: 1.0.5
Check: R code for possible problems
Result: NOTE
    predict.samEL: no visible global function definition for 'ns'
    predict.samHL: no visible global function definition for 'ns'
    predict.samLL: no visible global function definition for 'ns'
    predict.samQL: no visible global function definition for 'ns'
    samEL: no visible global function definition for 'ns'
    samHL: no visible global function definition for 'ns'
    samLL: no visible global function definition for 'ns'
    samQL: no visible global function definition for 'ns'
Flavor: r-oldrel-windows-ix86+x86_64