CRAN Package Check Results for Package SAM

Last updated on 2019-03-23 01:52:03 CET.

Flavor Version Tinstall Tcheck Ttotal Status Flags
r-devel-linux-x86_64-debian-clang 1.1.1 66.28 38.99 105.27 OK
r-devel-linux-x86_64-debian-gcc 1.1.1 57.95 32.65 90.60 OK
r-devel-linux-x86_64-fedora-clang 1.1.1 149.65 NOTE
r-devel-linux-x86_64-fedora-gcc 1.1.1 136.97 OK
r-devel-windows-ix86+x86_64 1.1.1 153.00 107.00 260.00 OK
r-patched-linux-x86_64 1.1.1 68.05 36.61 104.66 OK
r-patched-solaris-x86 1.1.1 136.30 OK
r-release-linux-x86_64 1.1.1 61.30 36.82 98.12 OK
r-release-windows-ix86+x86_64 1.1.1 115.00 84.00 199.00 OK
r-release-osx-x86_64 1.1.1 NOTE
r-oldrel-windows-ix86+x86_64 1.1.1 135.00 102.00 237.00 OK
r-oldrel-osx-x86_64 1.1.1 NOTE

Check Details

Version: 1.1.1
Check: installed package size
Result: NOTE
     installed size is 23.8Mb
     sub-directories of 1Mb or more:
     libs 23.6Mb
Flavors: r-devel-linux-x86_64-fedora-clang, r-release-osx-x86_64, r-oldrel-osx-x86_64