CRAN Package Check Results for Package SAM

Last updated on 2016-05-31 05:47:43.

Flavor Version Tinstall Tcheck Ttotal Status Flags
r-devel-linux-x86_64-debian-gcc 1.0.5 2.30 13.61 15.91 NOTE
r-devel-linux-x86_64-fedora-clang 1.0.5 30.89 NOTE
r-devel-linux-x86_64-fedora-gcc 1.0.5 24.98 NOTE
r-devel-osx-x86_64-clang 1.0.5 31.58 NOTE
r-devel-windows-ix86+x86_64 1.0.5 9.00 36.00 45.00 NOTE
r-patched-linux-x86_64 1.0.5 2.16 13.37 15.53 NOTE
r-patched-solaris-sparc 1.0.5 180.20 NOTE
r-patched-solaris-x86 1.0.5 39.90 NOTE
r-release-linux-x86_64 1.0.5 2.29 13.03 15.31 NOTE
r-release-osx-x86_64-mavericks 1.0.5 NOTE
r-release-windows-ix86+x86_64 1.0.5 11.00 53.00 64.00 NOTE
r-oldrel-windows-ix86+x86_64 1.0.5 10.00 33.00 43.00 NOTE

Check Details

Version: 1.0.5
Check: dependencies in R code
Result: NOTE
    Package in Depends field not imported from: ‘splines’
     These packages need to be imported from (in the NAMESPACE file)
     for when this namespace is loaded but not attached.
Flavors: r-devel-linux-x86_64-debian-gcc, r-devel-linux-x86_64-fedora-clang, r-devel-linux-x86_64-fedora-gcc, r-devel-osx-x86_64-clang, r-devel-windows-ix86+x86_64, r-patched-linux-x86_64, r-patched-solaris-sparc, r-patched-solaris-x86, r-release-linux-x86_64, r-release-osx-x86_64-mavericks, r-release-windows-ix86+x86_64, r-oldrel-windows-ix86+x86_64

Version: 1.0.5
Check: R code for possible problems
Result: NOTE
    plot.samEL: no visible global function definition for ‘matplot’
    plot.samHL: no visible global function definition for ‘matplot’
    plot.samLL: no visible global function definition for ‘matplot’
    plot.samQL: no visible global function definition for ‘matplot’
    predict.samEL: no visible global function definition for ‘ns’
    predict.samHL: no visible global function definition for ‘ns’
    predict.samLL: no visible global function definition for ‘ns’
    predict.samQL: no visible global function definition for ‘ns’
    samEL: no visible global function definition for ‘ns’
    samHL: no visible global function definition for ‘ns’
    samHL: no visible binding for global variable ‘median’
    samLL: no visible global function definition for ‘ns’
    samQL: no visible global function definition for ‘ns’
    Undefined global functions or variables:
     matplot median ns
    Consider adding
     importFrom("graphics", "matplot")
     importFrom("stats", "median")
    to your NAMESPACE file.
Flavors: r-devel-linux-x86_64-debian-gcc, r-devel-linux-x86_64-fedora-clang, r-devel-linux-x86_64-fedora-gcc, r-devel-osx-x86_64-clang, r-devel-windows-ix86+x86_64, r-patched-linux-x86_64, r-patched-solaris-sparc, r-patched-solaris-x86, r-release-linux-x86_64, r-release-osx-x86_64-mavericks, r-release-windows-ix86+x86_64

Version: 1.0.5
Check: line endings in Makefiles
Result: NOTE
    Found the following Makefile(s) without a final LF:
     src/Makevars
    Some ‘make’ programs ignore lines not ending in LF.
Flavors: r-devel-linux-x86_64-debian-gcc, r-devel-linux-x86_64-fedora-clang, r-devel-linux-x86_64-fedora-gcc, r-devel-osx-x86_64-clang, r-devel-windows-ix86+x86_64, r-patched-linux-x86_64, r-patched-solaris-sparc, r-patched-solaris-x86, r-release-linux-x86_64, r-release-osx-x86_64-mavericks, r-release-windows-ix86+x86_64, r-oldrel-windows-ix86+x86_64

Version: 1.0.5
Check: R code for possible problems
Result: NOTE
    predict.samEL: no visible global function definition for 'ns'
    predict.samHL: no visible global function definition for 'ns'
    predict.samLL: no visible global function definition for 'ns'
    predict.samQL: no visible global function definition for 'ns'
    samEL: no visible global function definition for 'ns'
    samHL: no visible global function definition for 'ns'
    samLL: no visible global function definition for 'ns'
    samQL: no visible global function definition for 'ns'
Flavor: r-oldrel-windows-ix86+x86_64