CRAN Package Check Results for Package SAM

Last updated on 2019-05-24 19:47:58 CEST.

Flavor Version Tinstall Tcheck Ttotal Status Flags
r-devel-linux-x86_64-debian-clang 1.1.2 60.70 39.28 99.98 OK
r-devel-linux-x86_64-debian-gcc 1.1.2 59.21 32.24 91.45 OK
r-devel-linux-x86_64-fedora-clang 1.1.2 149.62 NOTE
r-devel-linux-x86_64-fedora-gcc 1.1.2 135.01 OK
r-devel-windows-ix86+x86_64 1.1.2 115.00 107.00 222.00 OK
r-patched-linux-x86_64 1.1.2 OK
r-patched-solaris-x86 1.1.2 144.20 OK
r-release-linux-x86_64 1.1.2 64.30 40.36 104.66 OK
r-release-windows-ix86+x86_64 1.1.2 141.00 84.00 225.00 OK
r-release-osx-x86_64 1.1.2 NOTE
r-oldrel-windows-ix86+x86_64 1.1.2 139.00 86.00 225.00 OK
r-oldrel-osx-x86_64 1.1.2 NOTE

Check Details

Version: 1.1.2
Check: installed package size
Result: NOTE
     installed size is 20.9Mb
     sub-directories of 1Mb or more:
     libs 20.8Mb
Flavors: r-devel-linux-x86_64-fedora-clang, r-release-osx-x86_64, r-oldrel-osx-x86_64