CRAN Package Check Results for Package SAM

Last updated on 2014-10-31 11:47:33.

Flavor Version Tinstall Tcheck Ttotal Status Flags
r-devel-linux-x86_64-debian-clang 1.0.5 2.06 14.24 16.30 NOTE
r-devel-linux-x86_64-debian-gcc 1.0.5 2.23 13.96 16.19 NOTE
r-devel-linux-x86_64-fedora-clang 1.0.5 31.99 NOTE
r-devel-linux-x86_64-fedora-gcc 1.0.5 29.98 NOTE
r-devel-osx-x86_64-clang 1.0.5 33.17 NOTE
r-devel-windows-ix86+x86_64 1.0.5 11.00 31.00 42.00 NOTE
r-patched-linux-x86_64 1.0.5 2.19 14.35 16.54 NOTE
r-patched-solaris-sparc 1.0.5 207.80 NOTE
r-patched-solaris-x86 1.0.5 46.60 NOTE
r-release-linux-ix86 1.0.5 2.76 21.16 23.92 OK
r-release-linux-x86_64 1.0.5 2.21 14.23 16.44 OK
r-release-osx-x86_64-mavericks 1.0.5 OK
r-release-osx-x86_64-snowleopard 1.0.5 OK
r-release-windows-ix86+x86_64 1.0.5 14.00 32.00 46.00 OK
r-oldrel-windows-ix86+x86_64 1.0.5 10.00 32.00 42.00 OK

Check Details

Version: 1.0.5
Check: dependencies in R code
Result: NOTE
    Package in Depends field not imported from: ‘splines’
     These packages need to be imported from (in the NAMESPACE file)
     for when this namespace is loaded but not attached.
    See the information on DESCRIPTION files in the chapter ‘Creating R
    packages’ of the ‘Writing R Extensions’ manual.
Flavors: r-devel-linux-x86_64-debian-clang, r-devel-linux-x86_64-debian-gcc, r-devel-linux-x86_64-fedora-clang, r-devel-linux-x86_64-fedora-gcc, r-devel-osx-x86_64-clang, r-devel-windows-ix86+x86_64, r-patched-linux-x86_64, r-patched-solaris-sparc, r-patched-solaris-x86

Version: 1.0.5
Check: R code for possible problems
Result: NOTE
    predict.samEL: no visible global function definition for ‘ns’
    predict.samHL: no visible global function definition for ‘ns’
    predict.samLL: no visible global function definition for ‘ns’
    predict.samQL: no visible global function definition for ‘ns’
    samEL: no visible global function definition for ‘ns’
    samHL: no visible global function definition for ‘ns’
    samLL: no visible global function definition for ‘ns’
    samQL: no visible global function definition for ‘ns’
Flavors: r-devel-linux-x86_64-debian-clang, r-devel-linux-x86_64-debian-gcc, r-devel-linux-x86_64-fedora-clang, r-devel-linux-x86_64-fedora-gcc, r-devel-osx-x86_64-clang, r-devel-windows-ix86+x86_64, r-patched-linux-x86_64, r-patched-solaris-sparc, r-patched-solaris-x86