CRAN Package Check Results for Package SAM

Last updated on 2014-09-02 17:46:59.

Flavor Version Tinstall Tcheck Ttotal Status Flags
r-devel-linux-x86_64-debian-clang 1.0.5 1.96 13.88 15.84 NOTE
r-devel-linux-x86_64-debian-gcc 1.0.5 2.09 13.91 16.00 NOTE
r-devel-linux-x86_64-fedora-clang 1.0.5 31.33 NOTE
r-devel-linux-x86_64-fedora-gcc 1.0.5 29.88 NOTE
r-devel-osx-x86_64-clang 1.0.5 30.29 NOTE
r-devel-windows-ix86+x86_64 1.0.5 10.00 30.00 40.00 NOTE
r-patched-linux-x86_64 1.0.5 2.16 13.66 15.81 NOTE
r-patched-solaris-sparc 1.0.5 220.80 NOTE
r-patched-solaris-x86 1.0.5 44.90 NOTE
r-release-linux-ix86 1.0.5 2.81 21.17 23.98 OK
r-release-linux-x86_64 1.0.5 2.19 13.90 16.09 OK
r-release-osx-x86_64-mavericks 1.0.5 OK
r-release-osx-x86_64-snowleopard 1.0.5 OK
r-release-windows-ix86+x86_64 1.0.5 14.00 32.00 46.00 OK
r-oldrel-windows-ix86+x86_64 1.0.5 10.00 32.00 42.00 OK

Check Details

Version: 1.0.5
Check: dependencies in R code
Result: NOTE
    Package in Depends field not imported from: ‘splines’
     These packages need to be imported from (in the NAMESPACE file)
     for when this namespace is loaded but not attached.
    See the information on DESCRIPTION files in the chapter ‘Creating R
    packages’ of the ‘Writing R Extensions’ manual.
Flavors: r-devel-linux-x86_64-debian-clang, r-devel-linux-x86_64-debian-gcc, r-devel-linux-x86_64-fedora-clang, r-devel-linux-x86_64-fedora-gcc, r-devel-osx-x86_64-clang, r-devel-windows-ix86+x86_64, r-patched-linux-x86_64, r-patched-solaris-sparc, r-patched-solaris-x86

Version: 1.0.5
Check: R code for possible problems
Result: NOTE
    predict.samEL: no visible global function definition for ‘ns’
    predict.samHL: no visible global function definition for ‘ns’
    predict.samLL: no visible global function definition for ‘ns’
    predict.samQL: no visible global function definition for ‘ns’
    samEL: no visible global function definition for ‘ns’
    samHL: no visible global function definition for ‘ns’
    samLL: no visible global function definition for ‘ns’
    samQL: no visible global function definition for ‘ns’
Flavors: r-devel-linux-x86_64-debian-clang, r-devel-linux-x86_64-debian-gcc, r-devel-linux-x86_64-fedora-clang, r-devel-linux-x86_64-fedora-gcc, r-devel-osx-x86_64-clang, r-devel-windows-ix86+x86_64