CRAN Package Check Results for Package SAMM

Last updated on 2022-12-09 23:52:19 CET.

Flavor Version Tinstall Tcheck Ttotal Status Flags
r-devel-linux-x86_64-debian-clang 1.1.1 115.21 32.25 147.46 OK
r-devel-linux-x86_64-debian-gcc 1.1.1 98.72 25.29 124.01 OK
r-devel-linux-x86_64-fedora-clang 1.1.1 204.07 OK
r-devel-linux-x86_64-fedora-gcc 1.1.1 211.66 OK
r-devel-windows-x86_64 1.1.1 82.00 89.00 171.00 OK
r-patched-linux-x86_64 1.1.1 103.89 29.30 133.19 OK
r-release-linux-x86_64 1.1.1 102.05 29.92 131.97 OK
r-release-macos-arm64 1.1.1 55.00 NOTE
r-release-macos-x86_64 1.1.1 64.00 NOTE
r-release-windows-x86_64 1.1.1 80.00 86.00 166.00 OK
r-oldrel-macos-arm64 1.1.1 63.00 NOTE
r-oldrel-macos-x86_64 1.1.1 102.00 NOTE
r-oldrel-windows-ix86+x86_64 1.1.1 237.00 81.00 318.00 OK

Check Details

Version: 1.1.1
Check: installed package size
Result: NOTE
     installed size is 15.5Mb
     sub-directories of 1Mb or more:
     libs 15.3Mb
Flavors: r-release-macos-arm64, r-release-macos-x86_64, r-oldrel-macos-arm64, r-oldrel-macos-x86_64