CRAN Package Check Results for Package SAMURAI

Last updated on 2017-08-24 02:48:38.

Flavor Version Tinstall Tcheck Ttotal Status Flags
r-devel-linux-x86_64-debian-clang 1.2.1 2.38 36.53 38.91 NOTE
r-devel-linux-x86_64-debian-gcc 1.2.1 2.39 36.14 38.53 NOTE
r-devel-linux-x86_64-fedora-clang 1.2.1 82.83 NOTE
r-devel-linux-x86_64-fedora-gcc 1.2.1 83.45 NOTE
r-devel-windows-ix86+x86_64 1.2.1 10.00 65.00 75.00 NOTE
r-patched-linux-x86_64 1.2.1 2.58 36.27 38.84 NOTE
r-patched-solaris-x86 1.2.1 113.30 NOTE
r-release-linux-x86_64 1.2.1 2.46 36.52 38.99 NOTE
r-release-windows-ix86+x86_64 1.2.1 8.00 104.00 112.00 NOTE
r-release-osx-x86_64 1.2.1 NOTE
r-oldrel-windows-ix86+x86_64 1.2.1 9.00 81.00 90.00 NOTE
r-oldrel-osx-x86_64 1.2.1 NOTE

Check Details

Version: 1.2.1
Check: R code for possible problems
Result: NOTE
    GraphBinaryForestPlot: no visible global function definition for
     ‘abline’
    GraphBinaryForestPlot: no visible global function definition for ‘text’
    GraphContinuousForestPlot: no visible global function definition for
     ‘abline’
    GraphContinuousForestPlot: no visible global function definition for
     ‘text’
    ImputeBinaryEvents: no visible global function definition for ‘rbinom’
    ImputeSMD: no visible global function definition for ‘rnorm’
    funnelplot: no visible global function definition for ‘abline’
    Undefined global functions or variables:
     abline rbinom rnorm text
    Consider adding
     importFrom("graphics", "abline", "text")
     importFrom("stats", "rbinom", "rnorm")
    to your NAMESPACE file.
Flavors: r-devel-linux-x86_64-debian-clang, r-devel-linux-x86_64-debian-gcc, r-devel-linux-x86_64-fedora-clang, r-devel-linux-x86_64-fedora-gcc, r-devel-windows-ix86+x86_64, r-patched-linux-x86_64, r-patched-solaris-x86, r-release-linux-x86_64, r-release-windows-ix86+x86_64, r-release-osx-x86_64, r-oldrel-windows-ix86+x86_64, r-oldrel-osx-x86_64