CRAN Package Check Results for Package SAMURAI

Last updated on 2017-02-22 07:48:41.

Flavor Version Tinstall Tcheck Ttotal Status Flags
r-devel-linux-x86_64-debian-clang 1.2.1 2.35 34.59 36.94 NOTE
r-devel-linux-x86_64-debian-gcc 1.2.1 2.52 35.31 37.83 NOTE
r-devel-linux-x86_64-fedora-clang 1.2.1 81.36 NOTE --no-stop-on-test-error
r-devel-linux-x86_64-fedora-gcc 1.2.1 82.94 NOTE --no-stop-on-test-error
r-devel-macos-x86_64-clang 1.2.1 64.04 NOTE --no-stop-on-test-error
r-devel-windows-ix86+x86_64 1.2.1 11.00 121.00 132.00 NOTE
r-patched-linux-x86_64 1.2.1 2.30 31.43 33.73 NOTE
r-patched-solaris-sparc 1.2.1 441.00 NOTE
r-patched-solaris-x86 1.2.1 99.10 NOTE
r-release-linux-x86_64 1.2.1 2.38 32.06 34.44 NOTE
r-release-osx-x86_64-mavericks 1.2.1 NOTE
r-release-windows-ix86+x86_64 1.2.1 14.00 65.00 79.00 NOTE
r-oldrel-windows-ix86+x86_64 1.2.1 10.00 126.00 136.00 OK

Check Details

Version: 1.2.1
Check: R code for possible problems
Result: NOTE
    GraphBinaryForestPlot: no visible global function definition for
     ‘abline’
    GraphBinaryForestPlot: no visible global function definition for ‘text’
    GraphContinuousForestPlot: no visible global function definition for
     ‘abline’
    GraphContinuousForestPlot: no visible global function definition for
     ‘text’
    ImputeBinaryEvents: no visible global function definition for ‘rbinom’
    ImputeSMD: no visible global function definition for ‘rnorm’
    funnelplot: no visible global function definition for ‘abline’
    Undefined global functions or variables:
     abline rbinom rnorm text
    Consider adding
     importFrom("graphics", "abline", "text")
     importFrom("stats", "rbinom", "rnorm")
    to your NAMESPACE file.
Flavors: r-devel-linux-x86_64-debian-clang, r-devel-linux-x86_64-debian-gcc, r-devel-windows-ix86+x86_64, r-patched-linux-x86_64, r-patched-solaris-sparc, r-patched-solaris-x86, r-release-linux-x86_64, r-release-osx-x86_64-mavericks, r-release-windows-ix86+x86_64

Version: 1.2.1
Flags: --no-stop-on-test-error
Check: R code for possible problems
Result: NOTE
    GraphBinaryForestPlot: no visible global function definition for
     ‘abline’
    GraphBinaryForestPlot: no visible global function definition for ‘text’
    GraphContinuousForestPlot: no visible global function definition for
     ‘abline’
    GraphContinuousForestPlot: no visible global function definition for
     ‘text’
    ImputeBinaryEvents: no visible global function definition for ‘rbinom’
    ImputeSMD: no visible global function definition for ‘rnorm’
    funnelplot: no visible global function definition for ‘abline’
    Undefined global functions or variables:
     abline rbinom rnorm text
    Consider adding
     importFrom("graphics", "abline", "text")
     importFrom("stats", "rbinom", "rnorm")
    to your NAMESPACE file.
Flavors: r-devel-linux-x86_64-fedora-clang, r-devel-linux-x86_64-fedora-gcc, r-devel-macos-x86_64-clang