CRAN Package Check Results for Package SAMURAI

Last updated on 2018-06-25 11:52:53 CEST.

Flavor Version Tinstall Tcheck Ttotal Status Flags
r-devel-linux-x86_64-debian-clang 1.2.1 5.75 60.98 66.73 NOTE
r-devel-linux-x86_64-debian-gcc 1.2.1 4.59 53.41 58.00 NOTE
r-devel-linux-x86_64-fedora-clang 1.2.1 85.03 NOTE
r-devel-linux-x86_64-fedora-gcc 1.2.1 82.11 NOTE
r-devel-windows-ix86+x86_64 1.2.1 12.00 79.00 91.00 NOTE
r-patched-linux-x86_64 1.2.1 4.96 58.19 63.15 NOTE
r-patched-solaris-x86 1.2.1 111.70 NOTE
r-release-linux-x86_64 1.2.1 3.54 57.82 61.36 NOTE
r-release-windows-ix86+x86_64 1.2.1 10.00 76.00 86.00 NOTE
r-release-osx-x86_64 1.2.1 NOTE
r-oldrel-windows-ix86+x86_64 1.2.1 10.00 91.00 101.00 NOTE
r-oldrel-osx-x86_64 1.2.1 NOTE

Check Details

Version: 1.2.1
Check: R code for possible problems
Result: NOTE
    GraphBinaryForestPlot: no visible global function definition for
     ‘abline’
    GraphBinaryForestPlot: no visible global function definition for ‘text’
    GraphContinuousForestPlot: no visible global function definition for
     ‘abline’
    GraphContinuousForestPlot: no visible global function definition for
     ‘text’
    ImputeBinaryEvents: no visible global function definition for ‘rbinom’
    ImputeSMD: no visible global function definition for ‘rnorm’
    funnelplot: no visible global function definition for ‘abline’
    Undefined global functions or variables:
     abline rbinom rnorm text
    Consider adding
     importFrom("graphics", "abline", "text")
     importFrom("stats", "rbinom", "rnorm")
    to your NAMESPACE file.
Flavors: r-devel-linux-x86_64-debian-clang, r-devel-linux-x86_64-debian-gcc, r-devel-linux-x86_64-fedora-clang, r-devel-linux-x86_64-fedora-gcc, r-devel-windows-ix86+x86_64, r-patched-linux-x86_64, r-patched-solaris-x86, r-release-linux-x86_64, r-release-windows-ix86+x86_64, r-release-osx-x86_64, r-oldrel-windows-ix86+x86_64, r-oldrel-osx-x86_64