CRAN Package Check Results for Package SAMURAI

Last updated on 2017-10-20 04:47:29.

Flavor Version Tinstall Tcheck Ttotal Status Flags
r-devel-linux-x86_64-debian-clang 1.2.1 2.50 35.74 38.24 NOTE
r-devel-linux-x86_64-debian-gcc 1.2.1 3.11 38.55 41.66 NOTE
r-devel-linux-x86_64-fedora-clang 1.2.1 83.89 NOTE
r-devel-linux-x86_64-fedora-gcc 1.2.1 85.47 NOTE
r-devel-windows-ix86+x86_64 1.2.1 9.00 80.00 89.00 NOTE
r-patched-linux-x86_64 1.2.1 2.41 36.47 38.88 NOTE
r-patched-solaris-x86 1.2.1 114.70 NOTE
r-release-linux-x86_64 1.2.1 2.51 36.18 38.69 NOTE
r-release-windows-ix86+x86_64 1.2.1 10.00 88.00 98.00 NOTE
r-release-osx-x86_64 1.2.1 NOTE
r-oldrel-windows-ix86+x86_64 1.2.1 6.00 79.00 85.00 NOTE
r-oldrel-osx-x86_64 1.2.1 NOTE

Check Details

Version: 1.2.1
Check: R code for possible problems
Result: NOTE
    GraphBinaryForestPlot: no visible global function definition for
     ‘abline’
    GraphBinaryForestPlot: no visible global function definition for ‘text’
    GraphContinuousForestPlot: no visible global function definition for
     ‘abline’
    GraphContinuousForestPlot: no visible global function definition for
     ‘text’
    ImputeBinaryEvents: no visible global function definition for ‘rbinom’
    ImputeSMD: no visible global function definition for ‘rnorm’
    funnelplot: no visible global function definition for ‘abline’
    Undefined global functions or variables:
     abline rbinom rnorm text
    Consider adding
     importFrom("graphics", "abline", "text")
     importFrom("stats", "rbinom", "rnorm")
    to your NAMESPACE file.
Flavors: r-devel-linux-x86_64-debian-clang, r-devel-linux-x86_64-debian-gcc, r-devel-linux-x86_64-fedora-clang, r-devel-linux-x86_64-fedora-gcc, r-devel-windows-ix86+x86_64, r-patched-linux-x86_64, r-patched-solaris-x86, r-release-linux-x86_64, r-release-windows-ix86+x86_64, r-release-osx-x86_64, r-oldrel-windows-ix86+x86_64, r-oldrel-osx-x86_64