CRAN Package Check Results for Package SAMURAI

Last updated on 2016-05-27 21:46:50.

Flavor Version Tinstall Tcheck Ttotal Status Flags
r-devel-linux-x86_64-debian-gcc 1.2.1 2.53 34.12 36.65 NOTE
r-devel-linux-x86_64-fedora-clang 1.2.1 77.59 NOTE
r-devel-linux-x86_64-fedora-gcc 1.2.1 67.52 NOTE
r-devel-osx-x86_64-clang 1.2.1 77.68 NOTE
r-devel-windows-ix86+x86_64 1.2.1 7.00 64.00 71.00 NOTE
r-patched-linux-x86_64 1.2.1 2.47 34.04 36.51 NOTE
r-patched-solaris-sparc 1.2.1 427.40 NOTE
r-patched-solaris-x86 1.2.1 95.00 NOTE
r-release-linux-x86_64 1.2.1 2.70 33.68 36.38 NOTE
r-release-osx-x86_64-mavericks 1.2.1 NOTE
r-release-windows-ix86+x86_64 1.2.1 9.00 66.00 75.00 NOTE

Check Details

Version: 1.2.1
Check: R code for possible problems
Result: NOTE
    GraphBinaryForestPlot: no visible global function definition for
     ‘abline’
    GraphBinaryForestPlot: no visible global function definition for ‘text’
    GraphContinuousForestPlot: no visible global function definition for
     ‘abline’
    GraphContinuousForestPlot: no visible global function definition for
     ‘text’
    ImputeBinaryEvents: no visible global function definition for ‘rbinom’
    ImputeSMD: no visible global function definition for ‘rnorm’
    funnelplot: no visible global function definition for ‘abline’
    Undefined global functions or variables:
     abline rbinom rnorm text
    Consider adding
     importFrom("graphics", "abline", "text")
     importFrom("stats", "rbinom", "rnorm")
    to your NAMESPACE file.
Flavors: r-devel-linux-x86_64-debian-gcc, r-devel-linux-x86_64-fedora-clang, r-devel-linux-x86_64-fedora-gcc, r-devel-osx-x86_64-clang, r-devel-windows-ix86+x86_64, r-patched-linux-x86_64, r-patched-solaris-sparc, r-patched-solaris-x86, r-release-linux-x86_64, r-release-osx-x86_64-mavericks, r-release-windows-ix86+x86_64