CRAN Package Check Results for Package SAMURAI

Last updated on 2016-02-11 17:52:31.

Flavor Version Tinstall Tcheck Ttotal Status Flags
r-devel-linux-x86_64-debian-gcc 1.2.1 2.54 33.26 35.79 NOTE
r-devel-linux-x86_64-fedora-clang 1.2.1 70.02 NOTE
r-devel-linux-x86_64-fedora-gcc 1.2.1 67.78 NOTE
r-devel-osx-x86_64-clang 1.2.1 77.67 NOTE
r-devel-windows-ix86+x86_64 1.2.1 10.00 78.00 88.00 NOTE
r-patched-linux-x86_64 1.2.1 2.81 35.92 38.73 OK
r-patched-solaris-sparc 1.2.1 447.80 OK
r-patched-solaris-x86 1.2.1 98.90 OK
r-release-linux-x86_64 1.2.1 2.98 35.76 38.75 OK
r-release-osx-x86_64-mavericks 1.2.1 OK
r-release-windows-ix86+x86_64 1.2.1 10.00 75.00 85.00 OK
r-oldrel-windows-ix86+x86_64 1.2.1 15.00 75.00 90.00 OK

Check Details

Version: 1.2.1
Check: R code for possible problems
Result: NOTE
    GraphBinaryForestPlot: no visible global function definition for
     ‘abline’
    GraphBinaryForestPlot: no visible global function definition for ‘text’
    GraphContinuousForestPlot: no visible global function definition for
     ‘abline’
    GraphContinuousForestPlot: no visible global function definition for
     ‘text’
    ImputeBinaryEvents: no visible global function definition for ‘rbinom’
    ImputeSMD: no visible global function definition for ‘rnorm’
    funnelplot: no visible global function definition for ‘abline’
    Undefined global functions or variables:
     abline rbinom rnorm text
    Consider adding
     importFrom("graphics", "abline", "text")
     importFrom("stats", "rbinom", "rnorm")
    to your NAMESPACE file.
Flavors: r-devel-linux-x86_64-debian-gcc, r-devel-linux-x86_64-fedora-clang, r-devel-linux-x86_64-fedora-gcc, r-devel-osx-x86_64-clang, r-devel-windows-ix86+x86_64