CRAN Package Check Results for Package SAMURAI

Last updated on 2015-07-31 10:47:43.

Flavor Version Tinstall Tcheck Ttotal Status Flags
r-devel-linux-x86_64-debian-clang 1.2.1 3.21 36.10 39.31 NOTE
r-devel-linux-x86_64-debian-gcc 1.2.1 3.70 34.50 38.20 NOTE
r-devel-linux-x86_64-fedora-clang 1.2.1 77.04 NOTE
r-devel-linux-x86_64-fedora-gcc 1.2.1 72.82 NOTE
r-devel-osx-x86_64-clang 1.2.1 70.64 OK
r-devel-windows-ix86+x86_64 1.2.1 9.00 55.00 64.00 NOTE
r-patched-linux-x86_64 1.2.1 2.60 34.26 36.86 OK
r-patched-solaris-sparc 1.2.1 466.90 OK
r-patched-solaris-x86 1.2.1 105.00 OK
r-release-linux-x86_64 1.2.1 2.62 34.03 36.66 OK
r-release-osx-x86_64-mavericks 1.2.1 OK
r-release-windows-ix86+x86_64 1.2.1 9.00 58.00 67.00 OK
r-oldrel-windows-ix86+x86_64 1.2.1 10.00 75.00 85.00 OK

Check Details

Version: 1.2.1
Check: R code for possible problems
Result: NOTE
    GraphBinaryForestPlot: no visible global function definition for
     ‘abline’
    GraphBinaryForestPlot: no visible global function definition for ‘text’
    GraphContinuousForestPlot: no visible global function definition for
     ‘abline’
    GraphContinuousForestPlot: no visible global function definition for
     ‘text’
    ImputeBinaryEvents: no visible global function definition for ‘rbinom’
    ImputeSMD: no visible global function definition for ‘rnorm’
    funnelplot: no visible global function definition for ‘abline’
    Undefined global functions or variables:
     abline rbinom rnorm text
    Consider adding
     importFrom("graphics", "abline", "text")
     importFrom("stats", "rbinom", "rnorm")
    to your NAMESPACE.
Flavors: r-devel-linux-x86_64-debian-clang, r-devel-linux-x86_64-debian-gcc, r-devel-linux-x86_64-fedora-clang, r-devel-linux-x86_64-fedora-gcc, r-devel-windows-ix86+x86_64