CRAN Package Check Results for Package SAMURAI

Last updated on 2017-12-12 19:46:41 CET.

Flavor Version Tinstall Tcheck Ttotal Status Flags
r-devel-linux-x86_64-debian-clang 1.2.1 2.66 51.73 54.39 NOTE
r-devel-linux-x86_64-debian-gcc 1.2.1 2.59 41.13 43.72 NOTE
r-devel-linux-x86_64-fedora-clang 1.2.1 73.25 NOTE
r-devel-linux-x86_64-fedora-gcc 1.2.1 104.65 NOTE
r-devel-windows-ix86+x86_64 1.2.1 12.00 72.00 84.00 NOTE
r-patched-linux-x86_64 1.2.1 3.11 57.42 60.53 NOTE
r-patched-solaris-x86 1.2.1 113.00 NOTE
r-release-linux-x86_64 1.2.1 3.90 56.68 60.58 NOTE
r-release-windows-ix86+x86_64 1.2.1 6.00 74.00 80.00 NOTE
r-release-osx-x86_64 1.2.1 NOTE
r-oldrel-windows-ix86+x86_64 1.2.1 11.00 88.00 99.00 NOTE
r-oldrel-osx-x86_64 1.2.1 NOTE

Check Details

Version: 1.2.1
Check: R code for possible problems
Result: NOTE
    GraphBinaryForestPlot: no visible global function definition for
     ‘abline’
    GraphBinaryForestPlot: no visible global function definition for ‘text’
    GraphContinuousForestPlot: no visible global function definition for
     ‘abline’
    GraphContinuousForestPlot: no visible global function definition for
     ‘text’
    ImputeBinaryEvents: no visible global function definition for ‘rbinom’
    ImputeSMD: no visible global function definition for ‘rnorm’
    funnelplot: no visible global function definition for ‘abline’
    Undefined global functions or variables:
     abline rbinom rnorm text
    Consider adding
     importFrom("graphics", "abline", "text")
     importFrom("stats", "rbinom", "rnorm")
    to your NAMESPACE file.
Flavors: r-devel-linux-x86_64-debian-clang, r-devel-linux-x86_64-debian-gcc, r-devel-linux-x86_64-fedora-clang, r-devel-linux-x86_64-fedora-gcc, r-devel-windows-ix86+x86_64, r-patched-linux-x86_64, r-patched-solaris-x86, r-release-linux-x86_64, r-release-windows-ix86+x86_64, r-release-osx-x86_64, r-oldrel-windows-ix86+x86_64, r-oldrel-osx-x86_64