CRAN Package Check Results for Package SAMURAI

Last updated on 2016-07-29 17:47:31.

Flavor Version Tinstall Tcheck Ttotal Status Flags
r-devel-linux-x86_64-debian-clang 1.2.1 2.58 34.89 37.47 NOTE
r-devel-linux-x86_64-debian-gcc 1.2.1 3.57 40.42 43.99 NOTE
r-devel-linux-x86_64-fedora-clang 1.2.1 74.21 NOTE
r-devel-linux-x86_64-fedora-gcc 1.2.1 66.78 NOTE
r-devel-osx-x86_64-clang 1.2.1 58.13 NOTE
r-devel-windows-ix86+x86_64 1.2.1 9.00 66.00 75.00 NOTE
r-patched-linux-x86_64 1.2.1 3.06 38.20 41.26 NOTE
r-patched-solaris-sparc 1.2.1 429.10 NOTE
r-patched-solaris-x86 1.2.1 94.30 NOTE
r-release-linux-x86_64 1.2.1 3.31 39.33 42.64 NOTE
r-release-osx-x86_64-mavericks 1.2.1 NOTE
r-release-windows-ix86+x86_64 1.2.1 10.00 63.00 73.00 NOTE
r-oldrel-windows-ix86+x86_64 1.2.1 11.00 63.00 74.00 OK

Check Details

Version: 1.2.1
Check: R code for possible problems
Result: NOTE
    GraphBinaryForestPlot: no visible global function definition for
     ‘abline’
    GraphBinaryForestPlot: no visible global function definition for ‘text’
    GraphContinuousForestPlot: no visible global function definition for
     ‘abline’
    GraphContinuousForestPlot: no visible global function definition for
     ‘text’
    ImputeBinaryEvents: no visible global function definition for ‘rbinom’
    ImputeSMD: no visible global function definition for ‘rnorm’
    funnelplot: no visible global function definition for ‘abline’
    Undefined global functions or variables:
     abline rbinom rnorm text
    Consider adding
     importFrom("graphics", "abline", "text")
     importFrom("stats", "rbinom", "rnorm")
    to your NAMESPACE file.
Flavors: r-devel-linux-x86_64-debian-clang, r-devel-linux-x86_64-debian-gcc, r-devel-linux-x86_64-fedora-clang, r-devel-linux-x86_64-fedora-gcc, r-devel-osx-x86_64-clang, r-devel-windows-ix86+x86_64, r-patched-linux-x86_64, r-patched-solaris-sparc, r-patched-solaris-x86, r-release-linux-x86_64, r-release-osx-x86_64-mavericks, r-release-windows-ix86+x86_64