CRAN Package Check Results for Package SAMURAI

Last updated on 2016-12-05 16:47:40.

Flavor Version Tinstall Tcheck Ttotal Status Flags
r-devel-linux-x86_64-debian-clang 1.2.1 2.26 34.47 36.73 NOTE
r-devel-linux-x86_64-debian-gcc 1.2.1 2.42 33.88 36.30 NOTE
r-devel-linux-x86_64-fedora-clang 1.2.1 84.50 NOTE --no-stop-on-test-error
r-devel-linux-x86_64-fedora-gcc 1.2.1 87.96 NOTE --no-stop-on-test-error
r-devel-macos-x86_64-clang 1.2.1 63.62 NOTE
r-devel-windows-ix86+x86_64 1.2.1 7.00 73.00 80.00 NOTE
r-patched-linux-x86_64 1.2.1 2.24 31.10 33.34 NOTE
r-patched-solaris-sparc 1.2.1 429.10 NOTE
r-patched-solaris-x86 1.2.1 94.80 NOTE
r-release-linux-x86_64 1.2.1 2.15 30.82 32.97 NOTE
r-release-osx-x86_64-mavericks 1.2.1 NOTE
r-release-windows-ix86+x86_64 1.2.1 8.00 62.00 70.00 NOTE
r-oldrel-windows-ix86+x86_64 1.2.1 9.00 79.00 88.00 OK

Check Details

Version: 1.2.1
Check: R code for possible problems
Result: NOTE
    GraphBinaryForestPlot: no visible global function definition for
     ‘abline’
    GraphBinaryForestPlot: no visible global function definition for ‘text’
    GraphContinuousForestPlot: no visible global function definition for
     ‘abline’
    GraphContinuousForestPlot: no visible global function definition for
     ‘text’
    ImputeBinaryEvents: no visible global function definition for ‘rbinom’
    ImputeSMD: no visible global function definition for ‘rnorm’
    funnelplot: no visible global function definition for ‘abline’
    Undefined global functions or variables:
     abline rbinom rnorm text
    Consider adding
     importFrom("graphics", "abline", "text")
     importFrom("stats", "rbinom", "rnorm")
    to your NAMESPACE file.
Flavors: r-devel-linux-x86_64-debian-clang, r-devel-linux-x86_64-debian-gcc, r-devel-macos-x86_64-clang, r-devel-windows-ix86+x86_64, r-patched-linux-x86_64, r-patched-solaris-sparc, r-patched-solaris-x86, r-release-linux-x86_64, r-release-osx-x86_64-mavericks, r-release-windows-ix86+x86_64

Version: 1.2.1
Flags: --no-stop-on-test-error
Check: R code for possible problems
Result: NOTE
    GraphBinaryForestPlot: no visible global function definition for
     ‘abline’
    GraphBinaryForestPlot: no visible global function definition for ‘text’
    GraphContinuousForestPlot: no visible global function definition for
     ‘abline’
    GraphContinuousForestPlot: no visible global function definition for
     ‘text’
    ImputeBinaryEvents: no visible global function definition for ‘rbinom’
    ImputeSMD: no visible global function definition for ‘rnorm’
    funnelplot: no visible global function definition for ‘abline’
    Undefined global functions or variables:
     abline rbinom rnorm text
    Consider adding
     importFrom("graphics", "abline", "text")
     importFrom("stats", "rbinom", "rnorm")
    to your NAMESPACE file.
Flavors: r-devel-linux-x86_64-fedora-clang, r-devel-linux-x86_64-fedora-gcc