CRAN Package Check Results for Package SAMURAI

Last updated on 2015-09-02 16:49:42.

Flavor Version Tinstall Tcheck Ttotal Status Flags
r-devel-linux-x86_64-debian-clang 1.2.1 2.40 33.38 35.77 NOTE
r-devel-linux-x86_64-debian-gcc 1.2.1 2.40 32.42 34.83 NOTE
r-devel-linux-x86_64-fedora-clang 1.2.1 72.50 NOTE
r-devel-linux-x86_64-fedora-gcc 1.2.1 69.44 NOTE
r-devel-osx-x86_64-clang 1.2.1 56.67 OK
r-devel-windows-ix86+x86_64 1.2.1 10.00 63.00 73.00 NOTE
r-patched-linux-x86_64 1.2.1 2.67 34.66 37.33 OK
r-patched-solaris-sparc 1.2.1 466.90 OK
r-patched-solaris-x86 1.2.1 105.30 OK
r-release-linux-x86_64 1.2.1 3.17 34.78 37.95 OK
r-release-osx-x86_64-mavericks 1.2.1 OK
r-release-windows-ix86+x86_64 1.2.1 8.00 57.00 65.00 OK
r-oldrel-windows-ix86+x86_64 1.2.1 12.00 90.00 102.00 OK

Check Details

Version: 1.2.1
Check: R code for possible problems
Result: NOTE
    GraphBinaryForestPlot: no visible global function definition for
     ‘abline’
    GraphBinaryForestPlot: no visible global function definition for ‘text’
    GraphContinuousForestPlot: no visible global function definition for
     ‘abline’
    GraphContinuousForestPlot: no visible global function definition for
     ‘text’
    ImputeBinaryEvents: no visible global function definition for ‘rbinom’
    ImputeSMD: no visible global function definition for ‘rnorm’
    funnelplot: no visible global function definition for ‘abline’
    Undefined global functions or variables:
     abline rbinom rnorm text
    Consider adding
     importFrom("graphics", "abline", "text")
     importFrom("stats", "rbinom", "rnorm")
    to your NAMESPACE.
Flavors: r-devel-linux-x86_64-debian-clang, r-devel-linux-x86_64-debian-gcc, r-devel-linux-x86_64-fedora-clang, r-devel-linux-x86_64-fedora-gcc, r-devel-windows-ix86+x86_64