CRAN Package Check Results for Package SAMURAI

Last updated on 2016-06-27 14:47:51.

Flavor Version Tinstall Tcheck Ttotal Status Flags
r-devel-linux-x86_64-debian-gcc 1.2.1 2.62 33.07 35.69 NOTE
r-devel-linux-x86_64-fedora-clang 1.2.1 70.43 NOTE
r-devel-linux-x86_64-fedora-gcc 1.2.1 66.92 NOTE
r-devel-osx-x86_64-clang 1.2.1 56.24 NOTE
r-devel-windows-ix86+x86_64 1.2.1 7.00 63.00 70.00 NOTE
r-patched-linux-x86_64 1.2.1 2.86 33.95 36.81 NOTE
r-patched-solaris-sparc 1.2.1 429.10 NOTE
r-patched-solaris-x86 1.2.1 95.40 NOTE
r-release-linux-x86_64 1.2.1 2.75 34.18 36.93 NOTE
r-release-osx-x86_64-mavericks 1.2.1 NOTE
r-release-windows-ix86+x86_64 1.2.1 7.00 63.00 70.00 NOTE
r-oldrel-windows-ix86+x86_64 1.2.1 9.00 56.00 65.00 OK

Check Details

Version: 1.2.1
Check: R code for possible problems
Result: NOTE
    GraphBinaryForestPlot: no visible global function definition for
     ‘abline’
    GraphBinaryForestPlot: no visible global function definition for ‘text’
    GraphContinuousForestPlot: no visible global function definition for
     ‘abline’
    GraphContinuousForestPlot: no visible global function definition for
     ‘text’
    ImputeBinaryEvents: no visible global function definition for ‘rbinom’
    ImputeSMD: no visible global function definition for ‘rnorm’
    funnelplot: no visible global function definition for ‘abline’
    Undefined global functions or variables:
     abline rbinom rnorm text
    Consider adding
     importFrom("graphics", "abline", "text")
     importFrom("stats", "rbinom", "rnorm")
    to your NAMESPACE file.
Flavors: r-devel-linux-x86_64-debian-gcc, r-devel-linux-x86_64-fedora-clang, r-devel-linux-x86_64-fedora-gcc, r-devel-osx-x86_64-clang, r-devel-windows-ix86+x86_64, r-patched-linux-x86_64, r-patched-solaris-sparc, r-patched-solaris-x86, r-release-linux-x86_64, r-release-osx-x86_64-mavericks, r-release-windows-ix86+x86_64