CRAN Package Check Results for Package SAMtool

Last updated on 2021-12-04 19:53:10 CET.

Flavor Version Tinstall Tcheck Ttotal Status Flags
r-devel-linux-x86_64-debian-clang 1.2.3 192.05 200.75 392.80 OK
r-devel-linux-x86_64-debian-gcc 1.2.3 145.90 151.06 296.96 OK
r-devel-linux-x86_64-fedora-clang 1.2.3 521.38 NOTE
r-devel-linux-x86_64-fedora-gcc 1.2.3 382.87 OK
r-devel-windows-x86_64-new-UL 1.2.3 179.00 265.00 444.00 NOTE
r-devel-windows-x86_64-new-TK 1.2.3 OK
r-devel-windows-x86_64-old 1.2.3 168.00 235.00 403.00 NOTE
r-patched-linux-x86_64 1.2.3 153.28 184.83 338.11 OK
r-release-linux-x86_64 1.2.3 155.66 184.36 340.02 OK
r-release-macos-arm64 1.2.3 NOTE
r-release-macos-x86_64 1.2.3 NOTE
r-release-windows-ix86+x86_64 1.2.3 286.00 280.00 566.00 NOTE
r-oldrel-macos-x86_64 1.2.3 NOTE
r-oldrel-windows-ix86+x86_64 1.2.3 293.00 276.00 569.00 NOTE

Additional issues

OpenBLAS

Check Details

Version: 1.2.3
Check: installed package size
Result: NOTE
     installed size is 26.7Mb
     sub-directories of 1Mb or more:
     R 1.2Mb
     libs 24.2Mb
Flavors: r-devel-linux-x86_64-fedora-clang, r-devel-windows-x86_64-new-UL, r-devel-windows-x86_64-old, r-release-macos-arm64, r-release-macos-x86_64, r-release-windows-ix86+x86_64, r-oldrel-macos-x86_64, r-oldrel-windows-ix86+x86_64