CRAN Package Check Results for Package SAMtool

Last updated on 2021-04-22 17:48:25 CEST.

Flavor Version Tinstall Tcheck Ttotal Status Flags
r-devel-linux-x86_64-debian-clang 1.1.2 172.55 195.01 367.56 OK
r-devel-linux-x86_64-debian-gcc 1.1.2 167.97 143.62 311.59 OK
r-devel-linux-x86_64-fedora-clang 1.1.2 491.27 NOTE
r-devel-linux-x86_64-fedora-gcc 1.1.2 519.62 OK
r-devel-windows-ix86+x86_64 1.1.2 331.00 291.00 622.00 NOTE
r-devel-windows-x86_64-gcc10-UCRT 1.1.2 OK
r-patched-linux-x86_64 1.1.2 195.60 176.37 371.97 OK
r-patched-solaris-x86 1.1.2 483.20 OK
r-release-linux-x86_64 1.1.2 182.23 174.36 356.59 OK
r-release-macos-x86_64 1.1.2 NOTE
r-release-windows-ix86+x86_64 1.1.2 319.00 283.00 602.00 NOTE
r-oldrel-macos-x86_64 1.1.2 NOTE
r-oldrel-windows-ix86+x86_64 1.1.2 249.00 263.00 512.00 NOTE

Check Details

Version: 1.1.2
Check: installed package size
Result: NOTE
     installed size is 26.8Mb
     sub-directories of 1Mb or more:
     R 1.2Mb
     doc 1.2Mb
     libs 24.0Mb
Flavors: r-devel-linux-x86_64-fedora-clang, r-devel-windows-ix86+x86_64, r-release-macos-x86_64, r-release-windows-ix86+x86_64, r-oldrel-macos-x86_64, r-oldrel-windows-ix86+x86_64