Last updated on 2025-01-21 23:50:39 CET.
Flavor | Version | Tinstall | Tcheck | Ttotal | Status | Flags |
---|---|---|---|---|---|---|
r-devel-linux-x86_64-debian-clang | 0.1.1 | 112.82 | 37.76 | 150.58 | OK | |
r-devel-linux-x86_64-debian-gcc | 0.1.1 | 78.30 | 28.38 | 106.68 | OK | |
r-devel-linux-x86_64-fedora-clang | 0.1.1 | 317.91 | OK | |||
r-devel-linux-x86_64-fedora-gcc | 0.1.1 | 304.09 | OK | |||
r-devel-windows-x86_64 | 0.1.1 | 116.00 | 81.00 | 197.00 | OK | |
r-patched-linux-x86_64 | 0.1.1 | 109.75 | 35.70 | 145.45 | OK | |
r-release-linux-x86_64 | 0.1.1 | 111.57 | 35.35 | 146.92 | OK | |
r-release-macos-arm64 | 0.1.1 | 63.00 | NOTE | |||
r-release-macos-x86_64 | 0.1.1 | 76.00 | NOTE | |||
r-release-windows-x86_64 | 0.1.1 | 114.00 | 85.00 | 199.00 | OK | |
r-oldrel-macos-arm64 | 0.1.1 | 67.00 | NOTE | |||
r-oldrel-macos-x86_64 | 0.1.1 | 86.00 | NOTE | |||
r-oldrel-windows-x86_64 | 0.1.1 | 136.00 | 97.00 | 233.00 | OK |
Version: 0.1.1
Check: installed package size
Result: NOTE
installed size is 5.3Mb
sub-directories of 1Mb or more:
libs 5.0Mb
Flavors: r-release-macos-arm64, r-release-macos-x86_64, r-oldrel-macos-arm64, r-oldrel-macos-x86_64