CRAN Package Check Results for Package SAScii

Last updated on 2015-07-05 22:47:45.

Flavor Version Tinstall Tcheck Ttotal Status Flags
r-devel-linux-x86_64-debian-clang 1.0 0.49 9.15 9.64 NOTE
r-devel-linux-x86_64-debian-gcc 1.0 0.48 8.69 9.18 NOTE
r-devel-linux-x86_64-fedora-clang 1.0 17.65 NOTE
r-devel-linux-x86_64-fedora-gcc 1.0 15.86 NOTE
r-devel-osx-x86_64-clang 1.0 19.45 OK
r-devel-windows-ix86+x86_64 1.0 2.00 16.00 18.00 NOTE
r-patched-linux-x86_64 1.0 0.51 9.39 9.90 NOTE
r-patched-solaris-sparc 1.0 122.30 OK
r-patched-solaris-x86 1.0 27.80 OK
r-release-linux-x86_64 1.0 0.51 9.34 9.85 NOTE
r-release-osx-x86_64-mavericks 1.0 OK
r-release-windows-ix86+x86_64 1.0 2.00 17.00 19.00 OK
r-oldrel-windows-ix86+x86_64 1.0 4.00 17.00 21.00 OK

Check Details

Version: 1.0
Check: R code for possible problems
Result: NOTE
    parse.SAScii: no visible binding for global variable ‘end’
    parse.SAScii: no visible binding for global variable ‘start’
    read.SAScii: no visible global function definition for ‘download.file’
    read.SAScii: no visible global function definition for ‘unzip’
    read.SAScii: no visible global function definition for ‘read.fwf’
    read.SAScii: no visible global function definition for ‘capture.output’
    Undefined global functions or variables:
     capture.output download.file end read.fwf start unzip
Flavors: r-devel-linux-x86_64-debian-clang, r-devel-linux-x86_64-debian-gcc, r-devel-linux-x86_64-fedora-clang, r-devel-linux-x86_64-fedora-gcc, r-devel-windows-ix86+x86_64

Version: 1.0
Check: Rd line widths
Result: NOTE
    Rd file 'read.SAScii.Rd':
     \usage lines wider than 90 characters:
     read.SAScii( fn, sas_ri, beginline = 1, buffersize = 50, zipped = F , n = -1 , intervals.to.print = 1000 , lrecl = NULL , skip.decimal. ... [TRUNCATED]
     \examples lines wider than 100 characters:
     paste( "http://smpbff2.dsd.census.gov/pub/sipp/2004/l04puw" , i , ".zip" , sep = "" )
    
    These lines will be truncated in the PDF manual.
Flavors: r-devel-linux-x86_64-debian-clang, r-devel-linux-x86_64-debian-gcc, r-devel-linux-x86_64-fedora-clang, r-devel-linux-x86_64-fedora-gcc, r-patched-linux-x86_64, r-release-linux-x86_64