CRAN Package Check Results for Package SAScii

Last updated on 2014-04-23 12:48:27.

Flavor Version Tinstall Tcheck Ttotal Status Flags
r-devel-linux-x86_64-debian-clang 1.0 0.62 9.23 9.85 OK
r-devel-linux-x86_64-debian-gcc 1.0 0.57 9.18 9.75 OK
r-devel-linux-x86_64-fedora-clang 1.0 19.29 NOTE
r-devel-linux-x86_64-fedora-gcc 1.0 17.98 NOTE
r-devel-osx-x86_64-clang 1.0 20.71 OK
r-devel-osx-x86_64-gcc 1.0 OK
r-devel-windows-ix86+x86_64 1.0 2.00 15.00 17.00 OK
r-patched-linux-x86_64 1.0 0.57 9.26 9.82 OK
r-patched-solaris-sparc 1.0 111.50 OK
r-patched-solaris-x86 1.0 27.50 OK
r-release-linux-ix86 1.0 1.00 21.00 22.00 OK
r-release-linux-x86_64 1.0 0.55 9.32 9.87 OK
r-release-osx-x86_64-mavericks 1.0 OK
r-release-windows-ix86+x86_64 1.0 3.00 20.00 23.00 OK
r-oldrel-windows-ix86+x86_64 1.0 2.00 16.00 18.00 OK

Check Details

Version: 1.0
Check: Rd line widths
Result: NOTE
    Rd file 'read.SAScii.Rd':
     \usage lines wider than 90 characters:
     read.SAScii( fn, sas_ri, beginline = 1, buffersize = 50, zipped = F , n = -1 , intervals.to.print = 1000 , lrecl = NULL , skip.decimal. ... [TRUNCATED]
     \examples lines wider than 100 characters:
     paste( "http://smpbff2.dsd.census.gov/pub/sipp/2004/l04puw" , i , ".zip" , sep = "" )
    
    These lines will be truncated in the PDF manual.
Flavors: r-devel-linux-x86_64-fedora-clang, r-devel-linux-x86_64-fedora-gcc