CRAN Package Check Results for Package SAScii

Last updated on 2015-03-02 19:52:27.

Flavor Version Tinstall Tcheck Ttotal Status Flags
r-devel-linux-x86_64-debian-clang 1.0 0.52 9.60 10.12 NOTE
r-devel-linux-x86_64-debian-gcc 1.0 0.51 9.40 9.91 NOTE
r-devel-linux-x86_64-fedora-clang 1.0 19.31 NOTE
r-devel-linux-x86_64-fedora-gcc 1.0 19.04 NOTE
r-devel-osx-x86_64-clang 1.0 24.31 OK
r-devel-windows-ix86+x86_64 1.0 2.00 16.00 18.00 OK
r-patched-linux-x86_64 1.0 0.62 10.27 10.89 NOTE
r-patched-solaris-sparc 1.0 120.50 OK
r-patched-solaris-x86 1.0 32.00 OK
r-release-linux-ix86 1.0 0.81 16.25 17.06 NOTE
r-release-linux-x86_64 1.0 0.56 10.07 10.63 NOTE
r-release-osx-x86_64-mavericks 1.0 OK
r-release-windows-ix86+x86_64 1.0 2.00 16.00 18.00 OK
r-oldrel-windows-ix86+x86_64 1.0 2.00 16.00 18.00 OK

Check Details

Version: 1.0
Check: Rd line widths
Result: NOTE
    Rd file 'read.SAScii.Rd':
     \usage lines wider than 90 characters:
     read.SAScii( fn, sas_ri, beginline = 1, buffersize = 50, zipped = F , n = -1 , intervals.to.print = 1000 , lrecl = NULL , skip.decimal. ... [TRUNCATED]
     \examples lines wider than 100 characters:
     paste( "http://smpbff2.dsd.census.gov/pub/sipp/2004/l04puw" , i , ".zip" , sep = "" )
    
    These lines will be truncated in the PDF manual.
Flavors: r-devel-linux-x86_64-debian-clang, r-devel-linux-x86_64-debian-gcc, r-devel-linux-x86_64-fedora-clang, r-devel-linux-x86_64-fedora-gcc, r-patched-linux-x86_64, r-release-linux-ix86, r-release-linux-x86_64