CRAN Package Check Results for Package SAScii

Last updated on 2014-08-20 06:48:23.

Flavor Version Tinstall Tcheck Ttotal Status Flags
r-devel-linux-x86_64-debian-clang 1.0 0.53 8.70 9.23 OK
r-devel-linux-x86_64-debian-gcc 1.0 0.50 8.75 9.25 OK
r-devel-linux-x86_64-fedora-clang 1.0 19.99 NOTE
r-devel-linux-x86_64-fedora-gcc 1.0 18.78 NOTE
r-devel-osx-x86_64-clang 1.0 21.90 OK
r-devel-windows-ix86+x86_64 1.0 2.00 16.00 18.00 OK
r-patched-linux-x86_64 1.0 0.51 9.17 9.68 OK
r-patched-solaris-sparc 1.0 110.30 OK
r-patched-solaris-x86 1.0 27.50 OK
r-release-linux-ix86 1.0 0.80 14.98 15.78 OK
r-release-linux-x86_64 1.0 0.63 9.06 9.69 OK
r-release-osx-x86_64-mavericks 1.0 OK
r-release-windows-ix86+x86_64 1.0 3.00 17.00 20.00 OK
r-oldrel-windows-ix86+x86_64 1.0 2.00 16.00 18.00 OK

Check Details

Version: 1.0
Check: Rd line widths
Result: NOTE
    Rd file 'read.SAScii.Rd':
     \usage lines wider than 90 characters:
     read.SAScii( fn, sas_ri, beginline = 1, buffersize = 50, zipped = F , n = -1 , intervals.to.print = 1000 , lrecl = NULL , skip.decimal. ... [TRUNCATED]
     \examples lines wider than 100 characters:
     paste( "http://smpbff2.dsd.census.gov/pub/sipp/2004/l04puw" , i , ".zip" , sep = "" )
    
    These lines will be truncated in the PDF manual.
Flavors: r-devel-linux-x86_64-fedora-clang, r-devel-linux-x86_64-fedora-gcc