CRAN Package Check Results for Package SAScii

Last updated on 2014-12-18 21:47:19.

Flavor Version Tinstall Tcheck Ttotal Status Flags
r-devel-linux-x86_64-debian-clang 1.0 0.55 10.10 10.66 NOTE
r-devel-linux-x86_64-debian-gcc 1.0 0.55 9.89 10.44 NOTE
r-devel-linux-x86_64-fedora-clang 1.0 22.02 NOTE
r-devel-linux-x86_64-fedora-gcc 1.0 20.03 NOTE
r-devel-osx-x86_64-clang 1.0 25.07 OK
r-devel-windows-ix86+x86_64 1.0 5.00 21.00 26.00 OK
r-patched-linux-x86_64 1.0 0.59 10.09 10.68 NOTE
r-patched-solaris-sparc 1.0 110.30 OK
r-patched-solaris-x86 1.0 30.60 OK
r-release-linux-ix86 1.0 0.82 15.26 16.07 OK
r-release-linux-x86_64 1.0 0.61 9.94 10.55 NOTE
r-release-osx-x86_64-mavericks 1.0 OK
r-release-windows-ix86+x86_64 1.0 2.00 16.00 18.00 OK
r-oldrel-windows-ix86+x86_64 1.0 2.00 16.00 18.00 OK

Check Details

Version: 1.0
Check: Rd line widths
Result: NOTE
    Rd file 'read.SAScii.Rd':
     \usage lines wider than 90 characters:
     read.SAScii( fn, sas_ri, beginline = 1, buffersize = 50, zipped = F , n = -1 , intervals.to.print = 1000 , lrecl = NULL , skip.decimal. ... [TRUNCATED]
     \examples lines wider than 100 characters:
     paste( "http://smpbff2.dsd.census.gov/pub/sipp/2004/l04puw" , i , ".zip" , sep = "" )
    
    These lines will be truncated in the PDF manual.
Flavors: r-devel-linux-x86_64-debian-clang, r-devel-linux-x86_64-debian-gcc, r-devel-linux-x86_64-fedora-clang, r-devel-linux-x86_64-fedora-gcc, r-patched-linux-x86_64, r-release-linux-x86_64