CRAN Package Check Results for Package SASmixed

Last updated on 2014-04-25 09:52:23.

Flavor Version Tinstall Tcheck Ttotal Status Flags
r-devel-linux-x86_64-debian-clang 1.0-4 0.98 23.53 24.51 OK
r-devel-linux-x86_64-debian-gcc 1.0-4 0.92 22.82 23.75 OK
r-devel-linux-x86_64-fedora-clang 1.0-4 55.74 OK
r-devel-linux-x86_64-fedora-gcc 1.0-4 54.81 OK
r-devel-osx-x86_64-clang 1.0-4 45.64 OK
r-devel-osx-x86_64-gcc 1.0-4 WARN
r-devel-windows-ix86+x86_64 1.0-4 3.00 38.00 41.00 OK
r-patched-linux-x86_64 1.0-4 0.92 22.97 23.89 OK
r-patched-solaris-sparc 1.0-4 354.60 OK
r-patched-solaris-x86 1.0-4 66.70 OK
r-release-linux-ix86 1.0-4 2.00 41.00 43.00 OK
r-release-linux-x86_64 1.0-4 0.92 22.87 23.79 OK
r-release-osx-x86_64-mavericks 1.0-4 WARN
r-release-osx-x86_64-snowleopard 1.0-4 OK
r-release-windows-ix86+x86_64 1.0-4 3.00 42.00 45.00 OK
r-oldrel-windows-ix86+x86_64 1.0-4 4.00 36.00 40.00 OK

Check Details

Version: 1.0-4
Check: package dependencies
Result: NOTE
    Package suggested but not available for checking: ‘lme4’
Flavors: r-devel-osx-x86_64-gcc, r-release-osx-x86_64-mavericks

Version: 1.0-4
Check: running R code from vignettes
Result: WARNING
    Errors in running code in vignettes:
    when running code in ‘Usinglmer.Rnw’
     ...
    > options(width = 75, contrasts = c(unordered = "contr.SAS",
    + ordered = "contr.poly"))
    
    > library(SASmixed)
    
    > library(lme4)
    
     When sourcing ‘Usinglmer.R’:
    Error: there is no package called ‘lme4’
    Execution halted
Flavors: r-devel-osx-x86_64-gcc, r-release-osx-x86_64-mavericks

Version: 1.0-4
Check: re-building of vignette outputs
Result: NOTE
    Error in re-building vignettes:
     ...
    
    Error: processing vignette 'Usinglmer.Rnw' failed with diagnostics:
     chunk 1 (label = preliminaries)
    Error in library(lme4) : there is no package called ‘lme4’
    Execution halted
Flavors: r-devel-osx-x86_64-gcc, r-release-osx-x86_64-mavericks

Version: 1.0-4
Check: PDF version of manual
Result: WARNING
    LaTeX errors when creating PDF version.
    This typically indicates Rd problems.
    LaTeX errors found:
    ! LaTeX Error: File `upquote.sty' not found.
    
    Type X to quit or <RETURN> to proceed,
    or enter new name. (Default extension: sty)
    
    716e9852/Rd2.tex:8: ==> Fatal error occurred, no output PDF file produced!
Flavor: r-release-osx-x86_64-mavericks