CRAN Package Check Results for Package SASxport

Last updated on 2018-12-11 14:48:53 CET.

Flavor Version Tinstall Tcheck Ttotal Status Flags
r-devel-linux-x86_64-debian-clang 1.6.0 8.03 139.10 147.13 OK
r-devel-linux-x86_64-debian-gcc 1.6.0 6.18 108.16 114.34 OK
r-devel-linux-x86_64-fedora-clang 1.6.0 170.15 OK
r-devel-linux-x86_64-fedora-gcc 1.6.0 165.24 OK
r-devel-windows-ix86+x86_64 1.6.0 28.00 242.00 270.00 OK
r-patched-linux-x86_64 1.6.0 7.98 129.70 137.68 OK
r-patched-solaris-x86 1.6.0 270.30 OK
r-release-linux-x86_64 1.6.0 8.34 130.57 138.91 OK
r-release-windows-ix86+x86_64 1.6.0 24.00 232.00 256.00 WARN
r-release-osx-x86_64 1.6.0 OK
r-oldrel-windows-ix86+x86_64 1.6.0 20.00 375.00 395.00 WARN
r-oldrel-osx-x86_64 1.6.0 OK

Check Details

Version: 1.6.0
Check: whether package can be installed
Result: WARN
    Found the following significant warnings:
     Warning: S3 methods '[.fun_list', '[.grouped_df', 'all.equal.tbl_df', 'anti_join.data.frame', 'anti_join.tbl_df', 'arrange.data.frame', 'arrange.default', 'arrange.grouped_df', 'arrange.tbl_df', 'arrange_.data.frame', 'arrange_.tbl_df', 'as.data.frame.grouped_df', 'as.data.frame.rowwise_df', 'as.data.frame.tbl_cube', 'as.table.tbl_cube', 'as.tbl.data.frame', 'as.tbl.tbl', 'as.tbl_cube.array', 'as.tbl_cube.data.frame', 'as.tbl_cube.matrix', 'as.tbl_cube.table', 'as_tibble.grouped_df', 'as_tibble.tbl_cube', 'auto_copy.tbl_cube', 'auto_copy.tbl_df', 'cbind.grouped_df', 'collapse.data.frame', 'collect.data.frame', 'common_by.NULL', 'common_by.character', 'common_by.default', 'common_by.list', 'compute.data.frame', 'copy_to.DBIConnection', 'copy_to.src_local', 'default_missing.data.frame', 'default_missing.default', 'dim.tbl_cube', 'distinct.data.frame', 'distinct.default', 'distinct.grouped_df', 'distinct.tbl_df', 'distinct_.data.frame', 'distinct_.grouped_df', 'distinct_.tbl_df', 'do.NULL', 'do.da [... truncated]
Flavors: r-release-windows-ix86+x86_64, r-oldrel-windows-ix86+x86_64