CRAN Package Check Results for Package SASxport

Last updated on 2015-03-29 19:48:52.

Flavor Version Tinstall Tcheck Ttotal Status Flags
r-devel-linux-x86_64-debian-clang 1.5.0 2.54 39.19 41.73 NOTE
r-devel-linux-x86_64-debian-gcc 1.5.0 2.66 38.14 40.80 NOTE
r-devel-linux-x86_64-fedora-clang 1.5.0 84.02 NOTE
r-devel-linux-x86_64-fedora-gcc 1.5.0 78.96 NOTE
r-devel-osx-x86_64-clang 1.5.0 84.50 NOTE
r-prerel-windows-ix86+x86_64 1.5.0 23.00 116.00 139.00 NOTE
r-prerel-linux-x86_64 1.5.0 2.49 37.92 40.41 NOTE
r-prerel-solaris-sparc 1.5.0 567.80 NOTE
r-prerel-solaris-x86 1.5.0 112.30 NOTE
r-release-linux-x86_64 1.5.0 4.94 53.04 57.98 NOTE
r-release-osx-x86_64-mavericks 1.5.0 NOTE
r-release-osx-x86_64-snowleopard 1.5.0 OK
r-release-windows-ix86+x86_64 1.5.0 20.00 139.00 159.00 NOTE
r-oldrel-windows-ix86+x86_64 1.5.0 21.00 146.00 167.00 OK

Check Details

Version: 1.5.0
Check: R code for possible problems
Result: NOTE
    
    Loaded SASxport version 1.5.0 (2014-07-21).
    
     Type `?SASxport' for usage information.
Flavors: r-devel-linux-x86_64-debian-clang, r-devel-linux-x86_64-debian-gcc, r-devel-linux-x86_64-fedora-clang, r-devel-linux-x86_64-fedora-gcc, r-devel-osx-x86_64-clang, r-prerel-windows-ix86+x86_64, r-prerel-linux-x86_64, r-prerel-solaris-sparc, r-prerel-solaris-x86, r-release-linux-x86_64, r-release-osx-x86_64-mavericks, r-release-windows-ix86+x86_64