CRAN Package Check Results for Package SASxport

Last updated on 2015-04-18 08:48:53.

Flavor Version Tinstall Tcheck Ttotal Status Flags
r-devel-linux-x86_64-debian-clang 1.5.0 2.64 39.28 41.92 NOTE
r-devel-linux-x86_64-debian-gcc 1.5.0 2.85 38.31 41.16 NOTE
r-devel-linux-x86_64-fedora-clang 1.5.0 83.89 NOTE
r-devel-linux-x86_64-fedora-gcc 1.5.0 76.90 NOTE
r-devel-osx-x86_64-clang 1.5.0 81.04 NOTE
r-prerel-windows-ix86+x86_64 1.5.0 17.00 107.00 124.00 NOTE
r-prerel-linux-x86_64 1.5.0 2.54 40.44 42.97 NOTE
r-prerel-solaris-sparc 1.5.0 567.80 NOTE
r-prerel-solaris-x86 1.5.0 112.70 NOTE
r-release-linux-x86_64 1.5.0 4.97 53.04 58.01 NOTE
r-release-osx-x86_64-mavericks 1.5.0 NOTE
r-release-osx-x86_64-snowleopard 1.5.0 OK
r-release-windows-ix86+x86_64 1.5.0 23.00 185.00 208.00 NOTE
r-oldrel-windows-ix86+x86_64 1.5.0 22.00 204.00 226.00 OK

Check Details

Version: 1.5.0
Check: R code for possible problems
Result: NOTE
    
    Loaded SASxport version 1.5.0 (2014-07-21).
    
     Type `?SASxport' for usage information.
Flavors: r-devel-linux-x86_64-debian-clang, r-devel-linux-x86_64-debian-gcc, r-devel-linux-x86_64-fedora-clang, r-devel-linux-x86_64-fedora-gcc, r-devel-osx-x86_64-clang, r-prerel-windows-ix86+x86_64, r-prerel-linux-x86_64, r-prerel-solaris-sparc, r-prerel-solaris-x86, r-release-linux-x86_64, r-release-osx-x86_64-mavericks, r-release-windows-ix86+x86_64