CRAN Package Check Results for Package SASxport

Last updated on 2015-02-01 16:47:09.

Flavor Version Tinstall Tcheck Ttotal Status Flags
r-devel-linux-x86_64-debian-clang 1.5.0 2.07 30.34 32.41 NOTE
r-devel-linux-x86_64-debian-gcc 1.5.0 2.06 29.30 31.36 NOTE
r-devel-linux-x86_64-fedora-clang 1.5.0 67.83 NOTE
r-devel-linux-x86_64-fedora-gcc 1.5.0 61.96 NOTE
r-devel-osx-x86_64-clang 1.5.0 72.69 NOTE
r-devel-windows-ix86+x86_64 1.5.0 19.00 81.00 100.00 NOTE
r-patched-linux-x86_64 1.5.0 2.47 37.21 39.68 NOTE
r-patched-solaris-sparc 1.5.0 456.40 NOTE
r-patched-solaris-x86 1.5.0 102.80 NOTE
r-release-linux-ix86 1.5.0 3.14 47.56 50.70 NOTE
r-release-linux-x86_64 1.5.0 2.33 37.26 39.59 NOTE
r-release-osx-x86_64-mavericks 1.5.0 NOTE
r-release-osx-x86_64-snowleopard 1.5.0 OK
r-release-windows-ix86+x86_64 1.5.0 17.00 105.00 122.00 NOTE
r-oldrel-windows-ix86+x86_64 1.5.0 16.00 103.00 119.00 OK

Check Details

Version: 1.5.0
Check: R code for possible problems
Result: NOTE
    
    Loaded SASxport version 1.5.0 (2014-07-21).
    
     Type `?SASxport' for usage information.
Flavors: r-devel-linux-x86_64-debian-clang, r-devel-linux-x86_64-debian-gcc, r-devel-linux-x86_64-fedora-clang, r-devel-linux-x86_64-fedora-gcc, r-devel-osx-x86_64-clang, r-devel-windows-ix86+x86_64, r-patched-linux-x86_64, r-patched-solaris-sparc, r-patched-solaris-x86, r-release-linux-ix86, r-release-linux-x86_64, r-release-osx-x86_64-mavericks, r-release-windows-ix86+x86_64