CRAN Package Check Results for Package SASxport

Last updated on 2014-12-19 23:47:06.

Flavor Version Tinstall Tcheck Ttotal Status Flags
r-devel-linux-x86_64-debian-clang 1.5.0 2.22 36.13 38.35 NOTE
r-devel-linux-x86_64-debian-gcc 1.5.0 2.35 34.63 36.98 NOTE
r-devel-linux-x86_64-fedora-clang 1.5.0 77.27 NOTE
r-devel-linux-x86_64-fedora-gcc 1.5.0 68.86 NOTE
r-devel-osx-x86_64-clang 1.5.0 71.98 NOTE
r-devel-windows-ix86+x86_64 1.5.0 15.00 95.00 110.00 NOTE
r-patched-linux-x86_64 1.5.0 2.52 37.35 39.87 NOTE
r-patched-solaris-sparc 1.5.0 418.20 NOTE
r-patched-solaris-x86 1.5.0 101.00 NOTE
r-release-linux-ix86 1.5.0 3.12 46.71 49.84 NOTE
r-release-linux-x86_64 1.5.0 2.36 36.81 39.17 NOTE
r-release-osx-x86_64-mavericks 1.5.0 OK
r-release-osx-x86_64-snowleopard 1.5.0 OK
r-release-windows-ix86+x86_64 1.5.0 16.00 98.00 114.00 NOTE
r-oldrel-windows-ix86+x86_64 1.5.0 17.00 110.00 127.00 OK

Check Details

Version: 1.5.0
Check: R code for possible problems
Result: NOTE
    
    Loaded SASxport version 1.5.0 (2014-07-21).
    
     Type `?SASxport' for usage information.
Flavors: r-devel-linux-x86_64-debian-clang, r-devel-linux-x86_64-debian-gcc, r-devel-linux-x86_64-fedora-clang, r-devel-linux-x86_64-fedora-gcc, r-devel-osx-x86_64-clang, r-devel-windows-ix86+x86_64, r-patched-linux-x86_64, r-patched-solaris-sparc, r-patched-solaris-x86, r-release-linux-ix86, r-release-linux-x86_64, r-release-windows-ix86+x86_64