CRAN Package Check Results for Package SASxport

Last updated on 2021-09-27 04:55:10 CEST.

Flavor Version Tinstall Tcheck Ttotal Status Flags
r-devel-linux-x86_64-debian-clang 1.7.0 14.34 170.06 184.40 OK
r-devel-linux-x86_64-debian-gcc 1.7.0 9.59 124.41 134.00 WARN
r-devel-linux-x86_64-fedora-clang 1.7.0 224.15 OK
r-devel-linux-x86_64-fedora-gcc 1.7.0 213.97 OK
r-devel-windows-x86_64 1.7.0 19.00 150.00 169.00 OK
r-devel-windows-x86_64-gcc10-UCRT 1.7.0 OK
r-patched-linux-x86_64 1.7.0 13.11 156.95 170.06 OK
r-patched-solaris-x86 1.7.0 326.20 OK
r-release-linux-x86_64 1.7.0 12.12 156.88 169.00 OK
r-release-macos-arm64 1.7.0 OK
r-release-macos-x86_64 1.7.0 OK
r-release-windows-ix86+x86_64 1.7.0 36.00 336.00 372.00 OK
r-oldrel-macos-x86_64 1.7.0 OK
r-oldrel-windows-ix86+x86_64 1.7.0 28.00 250.00 278.00 OK

Check Details

Version: 1.7.0
Check: whether package can be installed
Result: WARN
    Found the following significant warnings:
     to_bigend.c:71:11: warning: array subscript ‘long int[0]’ is partly outside array bounds of ‘unsigned char[4]’ [-Warray-bounds]
Flavor: r-devel-linux-x86_64-debian-gcc