CRAN Package Check Results for Package SASxport

Last updated on 2014-04-24 19:54:08.

Flavor Version Tinstall Tcheck Ttotal Status Flags
r-devel-linux-x86_64-debian-clang 1.3.6 1.70 24.88 26.57 OK
r-devel-linux-x86_64-debian-gcc 1.3.6 1.84 24.40 26.24 OK
r-devel-linux-x86_64-fedora-clang 1.3.6 51.34 OK
r-devel-linux-x86_64-fedora-gcc 1.3.6 48.53 OK
r-devel-osx-x86_64-clang 1.3.6 45.24 OK
r-devel-osx-x86_64-gcc 1.3.6 NOTE
r-devel-windows-ix86+x86_64 1.3.6 12.00 59.00 71.00 OK
r-patched-linux-x86_64 1.3.6 1.77 24.15 25.92 OK
r-patched-solaris-sparc 1.3.6 149.40 ERROR
r-patched-solaris-x86 1.3.6 67.40 OK
r-release-linux-ix86 1.3.6 4.00 46.00 50.00 OK
r-release-linux-x86_64 1.3.6 1.82 24.16 25.98 OK
r-release-osx-x86_64-mavericks 1.3.6 WARN
r-release-osx-x86_64-snowleopard 1.3.6 OK
r-release-windows-ix86+x86_64 1.3.6 11.00 60.00 71.00 OK
r-oldrel-windows-ix86+x86_64 1.3.6 12.00 61.00 73.00 OK

Memtest notes: UBSAN

Check Details

Version: 1.3.6
Check: Rd cross-references
Result: NOTE
    Package unavailable to check Rd xrefs: ‘Hmisc’
Flavor: r-devel-osx-x86_64-gcc

Version: 1.3.6
Check: tests
Result: ERROR
    Running the tests in ‘tests/Alfalfa_Test.R’ failed.
    Last 13 lines of output:
     + sasVer="7.00",
     + autogen.formats=FALSE
     + )
     There were 17 warnings (use warnings() to see them)
     >
     > ## Load both files back in as raw data
     > a.1 <- readBin( con="Alfalfa.xpt", what=raw(), n=3600 )
     > a.2 <- readBin( con="Alfalfa2.xpt", what=raw(), n=3600 )
     >
     > ## Test that the files are identical
     > SASxport:::assert( all(a.1 == a.2) )
     Error in SASxport:::assert(all(a.1 == a.2)) : Failed Assertion
     Execution halted
Flavor: r-patched-solaris-sparc

Version: 1.3.6
Check: PDF version of manual
Result: WARNING
    LaTeX errors when creating PDF version.
    This typically indicates Rd problems.
    LaTeX errors found:
    ! LaTeX Error: File `upquote.sty' not found.
    
    Type X to quit or <RETURN> to proceed,
    or enter new name. (Default extension: sty)
    
    5824fa64/Rd2.tex:8: ==> Fatal error occurred, no output PDF file produced!
Flavor: r-release-osx-x86_64-mavericks