CRAN Package Check Results for Package SASxport

Last updated on 2015-05-29 15:47:09.

Flavor Version Tinstall Tcheck Ttotal Status Flags
r-devel-linux-x86_64-debian-clang 1.5.0 2.59 25.56 28.16 ERROR
r-devel-linux-x86_64-debian-gcc 1.5.0 2.59 24.96 27.55 ERROR
r-devel-linux-x86_64-fedora-clang 1.5.0 55.97 ERROR
r-devel-linux-x86_64-fedora-gcc 1.5.0 52.23 ERROR
r-devel-osx-x86_64-clang 1.5.0 55.96 ERROR
r-devel-windows-ix86+x86_64 1.5.0 17.00 63.00 80.00 ERROR
r-patched-linux-x86_64 1.5.0 2.58 39.36 41.94 NOTE
r-patched-solaris-sparc 1.5.0 525.80 NOTE
r-patched-solaris-x86 1.5.0 124.00 NOTE
r-release-linux-x86_64 1.5.0 2.60 41.52 44.12 NOTE
r-release-osx-x86_64-mavericks 1.5.0 NOTE
r-release-osx-x86_64-snowleopard 1.5.0 ERROR
r-release-windows-ix86+x86_64 1.5.0 17.00 117.00 134.00 NOTE
r-oldrel-windows-ix86+x86_64 1.5.0 21.00 167.00 188.00 NOTE

Check Details

Version: 1.5.0
Check: R code for possible problems
Result: NOTE
    
    Loaded SASxport version 1.5.0 (2014-07-21).
    
     Type `?SASxport' for usage information.
Flavors: r-devel-linux-x86_64-debian-clang, r-devel-linux-x86_64-debian-gcc, r-devel-linux-x86_64-fedora-clang, r-devel-linux-x86_64-fedora-gcc, r-devel-osx-x86_64-clang, r-devel-windows-ix86+x86_64, r-patched-linux-x86_64, r-patched-solaris-sparc, r-patched-solaris-x86, r-release-linux-x86_64, r-release-osx-x86_64-mavericks, r-release-windows-ix86+x86_64, r-oldrel-windows-ix86+x86_64

Version: 1.5.0
Check: tests
Result: ERROR
    Running the tests in ‘tests/dfAttributes.R’ failed.
    Last 13 lines of output:
     >
     > # create a SAS XPORT file from our local data frame
     > write.xport(abc.out,
     + file="dfAttributes.xpt",
     + cDate=strptime("28JUL07:21:08:06 ", format="%d%b%y:%H:%M:%S"),
     + osType="SunOS",
     + sasVer="9.1",
     + autogen.formats=FALSE
     + )
     Error in xport.namestr(var = var, varName = i, varNum = varIndex, varPos = lenIndex, :
     NAs in foreign function call (arg 2)
     Calls: write.xport -> out -> writeBin -> xport.namestr -> .C
     Execution halted
Flavors: r-devel-linux-x86_64-debian-clang, r-devel-linux-x86_64-debian-gcc, r-devel-linux-x86_64-fedora-clang, r-devel-linux-x86_64-fedora-gcc, r-devel-osx-x86_64-clang

Version: 1.5.0
Check: running tests for arch ‘i386’
Result: ERROR
    Running the tests in 'tests/dfAttributes.R' failed.
    Last 13 lines of output:
     >
     > # create a SAS XPORT file from our local data frame
     > write.xport(abc.out,
     + file="dfAttributes.xpt",
     + cDate=strptime("28JUL07:21:08:06 ", format="%d%b%y:%H:%M:%S"),
     + osType="SunOS",
     + sasVer="9.1",
     + autogen.formats=FALSE
     + )
     Error in xport.namestr(var = var, varName = i, varNum = varIndex, varPos = lenIndex, :
     NAs in foreign function call (arg 2)
     Calls: write.xport -> out -> writeBin -> xport.namestr -> .C
     Execution halted
Flavor: r-devel-windows-ix86+x86_64

Version: 1.5.0
Check: running tests for arch ‘x64’
Result: ERROR
    Running the tests in 'tests/dfAttributes.R' failed.
    Last 13 lines of output:
     >
     > # create a SAS XPORT file from our local data frame
     > write.xport(abc.out,
     + file="dfAttributes.xpt",
     + cDate=strptime("28JUL07:21:08:06 ", format="%d%b%y:%H:%M:%S"),
     + osType="SunOS",
     + sasVer="9.1",
     + autogen.formats=FALSE
     + )
     Error in xport.namestr(var = var, varName = i, varNum = varIndex, varPos = lenIndex, :
     NAs in foreign function call (arg 2)
     Calls: write.xport -> out -> writeBin -> xport.namestr -> .C
     Execution halted
Flavor: r-devel-windows-ix86+x86_64

Version: 1.5.0
Check: package dependencies
Result: ERROR
    Package required but not available: ‘Hmisc’
    
    See section ‘The DESCRIPTION file’ in the ‘Writing R Extensions’
    manual.
Flavor: r-release-osx-x86_64-snowleopard