CRAN Package Check Results for Package SASxport

Last updated on 2014-08-20 06:48:23.

Flavor Version Tinstall Tcheck Ttotal Status Flags
r-devel-linux-x86_64-debian-clang 1.5.0 2.12 32.49 34.61 OK
r-devel-linux-x86_64-debian-gcc 1.5.0 2.24 32.48 34.72 OK
r-devel-linux-x86_64-fedora-clang 1.5.0 72.56 NOTE
r-devel-linux-x86_64-fedora-gcc 1.5.0 74.46 NOTE
r-devel-osx-x86_64-clang 1.5.0 64.62 NOTE
r-devel-windows-ix86+x86_64 1.5.0 14.00 83.00 97.00 OK
r-patched-linux-x86_64 1.5.0 2.18 33.52 35.71 OK
r-patched-solaris-sparc 1.5.0 412.20 OK
r-patched-solaris-x86 1.5.0 94.30 OK
r-release-linux-ix86 1.5.0 3.17 47.46 50.62 OK
r-release-linux-x86_64 1.5.0 2.28 35.37 37.65 OK
r-release-osx-x86_64-mavericks 1.5.0 OK
r-release-osx-x86_64-snowleopard 1.5.0 OK
r-release-windows-ix86+x86_64 1.5.0 14.00 90.00 104.00 OK
r-oldrel-windows-ix86+x86_64 1.5.0 15.00 89.00 104.00 OK

Check Details

Version: 1.5.0
Check: R code for possible problems
Result: NOTE
    
    Loaded SASxport version 1.5.0 (2014-07-21).
    
     Type `?SASxport' for usage information.
Flavors: r-devel-linux-x86_64-fedora-clang, r-devel-linux-x86_64-fedora-gcc, r-devel-osx-x86_64-clang