CRAN Package Check Results for Package SASxport

Last updated on 2014-11-28 12:46:58.

Flavor Version Tinstall Tcheck Ttotal Status Flags
r-devel-linux-x86_64-debian-clang 1.5.0 2.16 36.02 38.18 NOTE
r-devel-linux-x86_64-debian-gcc 1.5.0 2.29 34.52 36.80 NOTE
r-devel-linux-x86_64-fedora-clang 1.5.0 77.39 NOTE
r-devel-linux-x86_64-fedora-gcc 1.5.0 80.21 NOTE
r-devel-osx-x86_64-clang 1.5.0 71.32 NOTE
r-devel-windows-ix86+x86_64 1.5.0 15.00 92.00 107.00 NOTE
r-patched-linux-x86_64 1.5.0 2.34 36.74 39.08 NOTE
r-patched-solaris-sparc 1.5.0 418.20 NOTE
r-patched-solaris-x86 1.5.0 100.30 NOTE
r-release-linux-ix86 1.5.0 3.05 46.42 49.47 NOTE
r-release-linux-x86_64 1.5.0 2.31 37.48 39.79 NOTE
r-release-osx-x86_64-mavericks 1.5.0 OK
r-release-osx-x86_64-snowleopard 1.5.0 OK
r-release-windows-ix86+x86_64 1.5.0 15.00 105.00 120.00 NOTE
r-oldrel-windows-ix86+x86_64 1.5.0 15.00 101.00 116.00 OK

Check Details

Version: 1.5.0
Check: R code for possible problems
Result: NOTE
    
    Loaded SASxport version 1.5.0 (2014-07-21).
    
     Type `?SASxport' for usage information.
Flavors: r-devel-linux-x86_64-debian-clang, r-devel-linux-x86_64-debian-gcc, r-devel-linux-x86_64-fedora-clang, r-devel-linux-x86_64-fedora-gcc, r-devel-osx-x86_64-clang, r-devel-windows-ix86+x86_64, r-patched-linux-x86_64, r-patched-solaris-sparc, r-patched-solaris-x86, r-release-linux-ix86, r-release-linux-x86_64, r-release-windows-ix86+x86_64