CRAN Package Check Results for Package SASxport

Last updated on 2014-09-30 21:48:04.

Flavor Version Tinstall Tcheck Ttotal Status Flags
r-devel-linux-x86_64-debian-clang 1.5.0 2.23 35.42 37.65 NOTE
r-devel-linux-x86_64-debian-gcc 1.5.0 2.17 34.56 36.74 NOTE
r-devel-linux-x86_64-fedora-clang 1.5.0 73.65 NOTE
r-devel-linux-x86_64-fedora-gcc 1.5.0 69.72 NOTE
r-devel-osx-x86_64-clang 1.5.0 67.89 NOTE
r-devel-windows-ix86+x86_64 1.5.0 15.00 92.00 107.00 NOTE
r-patched-linux-x86_64 1.5.0 2.35 37.22 39.58 OK
r-patched-solaris-sparc 1.5.0 403.70 OK
r-patched-solaris-x86 1.5.0 102.60 OK
r-release-linux-ix86 1.5.0 3.21 54.73 57.94 OK
r-release-linux-x86_64 1.5.0 2.33 39.72 42.05 OK
r-release-osx-x86_64-mavericks 1.5.0 OK
r-release-osx-x86_64-snowleopard 1.5.0 OK
r-release-windows-ix86+x86_64 1.5.0 16.00 102.00 118.00 OK
r-oldrel-windows-ix86+x86_64 1.5.0 17.00 101.00 118.00 OK

Check Details

Version: 1.5.0
Check: R code for possible problems
Result: NOTE
    
    Loaded SASxport version 1.5.0 (2014-07-21).
    
     Type `?SASxport' for usage information.
Flavors: r-devel-linux-x86_64-debian-clang, r-devel-linux-x86_64-debian-gcc, r-devel-linux-x86_64-fedora-clang, r-devel-linux-x86_64-fedora-gcc, r-devel-osx-x86_64-clang, r-devel-windows-ix86+x86_64