CRAN Package Check Results for Package SASxport

Last updated on 2014-10-21 19:47:49.

Flavor Version Tinstall Tcheck Ttotal Status Flags
r-devel-linux-x86_64-debian-clang 1.5.0 2.18 35.43 37.62 NOTE
r-devel-linux-x86_64-debian-gcc 1.5.0 2.32 35.43 37.75 NOTE
r-devel-linux-x86_64-fedora-clang 1.5.0 75.00 NOTE
r-devel-linux-x86_64-fedora-gcc 1.5.0 70.50 NOTE
r-devel-osx-x86_64-clang 1.5.0 72.86 NOTE
r-devel-windows-ix86+x86_64 1.5.0 14.00 95.00 109.00 NOTE
r-patched-linux-x86_64 1.5.0 2.39 37.62 40.02 NOTE
r-patched-solaris-sparc 1.5.0 474.10 NOTE
r-patched-solaris-x86 1.5.0 103.00 NOTE
r-release-linux-ix86 1.5.0 3.32 50.30 53.62 OK
r-release-linux-x86_64 1.5.0 2.35 39.06 41.42 OK
r-release-osx-x86_64-mavericks 1.5.0 OK
r-release-osx-x86_64-snowleopard 1.5.0 OK
r-release-windows-ix86+x86_64 1.5.0 15.00 98.00 113.00 OK
r-oldrel-windows-ix86+x86_64 1.5.0 13.00 99.00 112.00 OK

Check Details

Version: 1.5.0
Check: R code for possible problems
Result: NOTE
    
    Loaded SASxport version 1.5.0 (2014-07-21).
    
     Type `?SASxport' for usage information.
Flavors: r-devel-linux-x86_64-debian-clang, r-devel-linux-x86_64-debian-gcc, r-devel-linux-x86_64-fedora-clang, r-devel-linux-x86_64-fedora-gcc, r-devel-osx-x86_64-clang, r-devel-windows-ix86+x86_64, r-patched-linux-x86_64, r-patched-solaris-sparc, r-patched-solaris-x86