CRAN Package Check Results for Package SBRect

Last updated on 2021-12-03 10:51:04 CET.

Flavor Version Tinstall Tcheck Ttotal Status Flags
r-devel-linux-x86_64-debian-clang 0.26 3.05 35.51 38.56 NOTE
r-devel-linux-x86_64-debian-gcc 0.26 2.43 27.33 29.76 NOTE
r-devel-linux-x86_64-fedora-clang 0.26 58.82 NOTE
r-devel-linux-x86_64-fedora-gcc 0.26 47.69 NOTE
r-devel-windows-x86_64-new-UL 0.26 7.00 71.00 78.00 NOTE
r-devel-windows-x86_64-new-TK 0.26 NOTE
r-devel-windows-x86_64-old 0.26 6.00 44.00 50.00 NOTE
r-patched-linux-x86_64 0.26 3.17 33.80 36.97 NOTE
r-patched-solaris-x86 0.26 69.30 NOTE
r-release-linux-x86_64 0.26 2.82 34.04 36.86 NOTE
r-release-macos-arm64 0.26 NOTE
r-release-macos-x86_64 0.26 NOTE
r-release-windows-ix86+x86_64 0.26 9.00 58.00 67.00 NOTE
r-oldrel-macos-x86_64 0.26 NOTE
r-oldrel-windows-ix86+x86_64 0.26 8.00 53.00 61.00 NOTE

Check Details

Version: 0.26
Check: DESCRIPTION meta-information
Result: NOTE
    Malformed Title field: should not end in a period.
    BugReports field is not a suitable URL but appears to contain an email address
     not specified by mailto: nor contained in < >
     use the Contact field instead
Flavors: r-devel-linux-x86_64-debian-clang, r-devel-linux-x86_64-debian-gcc, r-devel-linux-x86_64-fedora-clang, r-devel-linux-x86_64-fedora-gcc, r-devel-windows-x86_64-new-UL, r-devel-windows-x86_64-new-TK, r-devel-windows-x86_64-old, r-patched-linux-x86_64, r-patched-solaris-x86, r-release-linux-x86_64, r-release-macos-arm64, r-release-macos-x86_64, r-release-windows-ix86+x86_64, r-oldrel-macos-x86_64, r-oldrel-windows-ix86+x86_64