CRAN Package Check Results for Package SBSA

Last updated on 2014-08-28 06:46:54.

Flavor Version Tinstall Tcheck Ttotal Status Flags
r-devel-linux-x86_64-debian-clang 0.2.3 40.44 26.75 67.19 OK
r-devel-linux-x86_64-debian-gcc 0.2.3 47.64 26.03 73.67 OK
r-devel-linux-x86_64-fedora-clang 0.2.3 153.40 OK
r-devel-linux-x86_64-fedora-gcc 0.2.3 147.77 NOTE
r-devel-osx-x86_64-clang 0.2.3 97.29 OK
r-devel-windows-ix86+x86_64 0.2.3 132.00 58.00 190.00 OK
r-patched-linux-x86_64 0.2.3 50.21 26.23 76.44 OK
r-patched-solaris-sparc 0.2.3 944.00 NOTE
r-patched-solaris-x86 0.2.3 179.90 OK
r-release-linux-ix86 0.2.3 59.49 37.86 97.34 OK
r-release-linux-x86_64 0.2.3 48.72 26.90 75.63 OK
r-release-osx-x86_64-mavericks 0.2.3 OK
r-release-osx-x86_64-snowleopard 0.2.3 OK
r-release-windows-ix86+x86_64 0.2.3 148.00 55.00 203.00 OK
r-oldrel-windows-ix86+x86_64 0.2.3 150.00 56.00 206.00 OK

Check Details

Version: 0.2.3
Check: installed package size
Result: NOTE
     installed size is 5.1Mb
     sub-directories of 1Mb or more:
     libs 4.7Mb
Flavors: r-devel-linux-x86_64-fedora-gcc, r-patched-solaris-sparc