CRAN Package Check Results for Package SBSA

Last updated on 2017-01-17 23:49:37.

Flavor Version Tinstall Tcheck Ttotal Status Flags
r-devel-linux-x86_64-debian-clang 0.2.3 54.78 24.26 79.04 NOTE
r-devel-linux-x86_64-debian-gcc 0.2.3 62.24 23.36 85.60 NOTE
r-devel-linux-x86_64-fedora-clang 0.2.3 168.21 NOTE --no-stop-on-test-error
r-devel-linux-x86_64-fedora-gcc 0.2.3 165.97 NOTE --no-stop-on-test-error
r-devel-macos-x86_64-clang 0.2.3 105.43 NOTE --no-stop-on-test-error
r-devel-windows-ix86+x86_64 0.2.3 243.00 69.00 312.00 NOTE
r-patched-linux-x86_64 0.2.3 48.70 21.78 70.49 NOTE
r-patched-solaris-sparc 0.2.3 846.20 NOTE
r-patched-solaris-x86 0.2.3 156.40 NOTE
r-release-linux-x86_64 0.2.3 48.86 21.85 70.71 NOTE
r-release-osx-x86_64-mavericks 0.2.3 NOTE
r-release-windows-ix86+x86_64 0.2.3 183.00 50.00 233.00 NOTE
r-oldrel-windows-ix86+x86_64 0.2.3 166.00 69.00 235.00 NOTE

Check Details

Version: 0.2.3
Check: DESCRIPTION meta-information
Result: NOTE
    Malformed Description field: should contain one or more complete sentences.
Flavors: r-devel-linux-x86_64-debian-clang, r-devel-linux-x86_64-debian-gcc, r-devel-windows-ix86+x86_64, r-patched-linux-x86_64, r-patched-solaris-sparc, r-patched-solaris-x86, r-release-linux-x86_64, r-release-osx-x86_64-mavericks, r-release-windows-ix86+x86_64, r-oldrel-windows-ix86+x86_64

Version: 0.2.3
Check: R code for possible problems
Result: NOTE
    fitSBSA: no visible binding for global variable ‘var’
    fitSBSA: no visible global function definition for ‘var’
    fitSBSA: no visible global function definition for ‘qnorm’
    Undefined global functions or variables:
     qnorm var
    Consider adding
     importFrom("stats", "qnorm", "var")
    to your NAMESPACE file.
Flavors: r-devel-linux-x86_64-debian-clang, r-devel-linux-x86_64-debian-gcc, r-devel-windows-ix86+x86_64, r-patched-linux-x86_64, r-patched-solaris-sparc, r-patched-solaris-x86, r-release-linux-x86_64, r-release-osx-x86_64-mavericks, r-release-windows-ix86+x86_64

Version: 0.2.3
Flags: --no-stop-on-test-error
Check: DESCRIPTION meta-information
Result: NOTE
    Malformed Description field: should contain one or more complete sentences.
Flavors: r-devel-linux-x86_64-fedora-clang, r-devel-linux-x86_64-fedora-gcc, r-devel-macos-x86_64-clang

Version: 0.2.3
Flags: --no-stop-on-test-error
Check: R code for possible problems
Result: NOTE
    fitSBSA: no visible binding for global variable ‘var’
    fitSBSA: no visible global function definition for ‘var’
    fitSBSA: no visible global function definition for ‘qnorm’
    Undefined global functions or variables:
     qnorm var
    Consider adding
     importFrom("stats", "qnorm", "var")
    to your NAMESPACE file.
Flavors: r-devel-linux-x86_64-fedora-clang, r-devel-linux-x86_64-fedora-gcc, r-devel-macos-x86_64-clang

Version: 0.2.3
Flags: --no-stop-on-test-error
Check: installed package size
Result: NOTE
     installed size is 5.5Mb
     sub-directories of 1Mb or more:
     libs 5.0Mb
Flavor: r-devel-linux-x86_64-fedora-gcc