CRAN Package Check Results for Package SBSA

Last updated on 2014-12-21 11:46:44.

Flavor Version Tinstall Tcheck Ttotal Status Flags
r-devel-linux-x86_64-debian-clang 0.2.3 40.28 28.48 68.76 OK
r-devel-linux-x86_64-debian-gcc 0.2.3 47.45 26.90 74.35 OK
r-devel-linux-x86_64-fedora-clang 0.2.3 95.61 NOTE
r-devel-linux-x86_64-fedora-gcc 0.2.3 92.69 NOTE
r-devel-osx-x86_64-clang 0.2.3 97.83 OK
r-devel-windows-ix86+x86_64 0.2.3 150.00 61.00 211.00 OK
r-patched-linux-x86_64 0.2.3 47.27 27.72 74.99 OK
r-patched-solaris-sparc 0.2.3 1116.00 NOTE
r-patched-solaris-x86 0.2.3 178.30 OK
r-release-linux-ix86 0.2.3 56.77 36.98 93.76 OK
r-release-linux-x86_64 0.2.3 47.45 27.57 75.02 OK
r-release-osx-x86_64-mavericks 0.2.3 OK
r-release-osx-x86_64-snowleopard 0.2.3 OK
r-release-windows-ix86+x86_64 0.2.3 152.00 57.00 209.00 OK
r-oldrel-windows-ix86+x86_64 0.2.3 150.00 61.00 211.00 OK

Check Details

Version: 0.2.3
Check: re-building of vignette outputs
Result: NOTE
    Error in re-building vignettes:
     ...
    
    Error: processing vignette 'SBSA-introduction.Rnw' failed with diagnostics:
     chunk 25 (label = traceplotCode)
    Error in sbsa.fit$alpha : $ operator is invalid for atomic vectors
    Execution halted
Flavor: r-devel-linux-x86_64-fedora-clang

Version: 0.2.3
Check: installed package size
Result: NOTE
     installed size is 5.1Mb
     sub-directories of 1Mb or more:
     libs 4.7Mb
Flavors: r-devel-linux-x86_64-fedora-gcc, r-patched-solaris-sparc

Version: 0.2.3
Check: re-building of vignette outputs
Result: NOTE
    Error in re-building vignettes:
     ...
    
    Error: processing vignette 'SBSA-introduction.Rnw' failed with diagnostics:
     chunk 25 (label = traceplotCode)
    Error in ts(sbsa.fit$alpha[, 1]) :
     'ts' object must have one or more observations
    Execution halted
Flavor: r-devel-linux-x86_64-fedora-gcc