CRAN Package Check Results for Package SBSA

Last updated on 2015-07-04 11:50:02.

Flavor Version Tinstall Tcheck Ttotal Status Flags
r-devel-linux-x86_64-debian-clang 0.2.3 45.18 26.41 71.59 NOTE
r-devel-linux-x86_64-debian-gcc 0.2.3 52.07 25.77 77.84 NOTE
r-devel-linux-x86_64-fedora-clang 0.2.3 160.39 NOTE
r-devel-linux-x86_64-fedora-gcc 0.2.3 148.79 NOTE
r-devel-osx-x86_64-clang 0.2.3 89.23 NOTE
r-devel-windows-ix86+x86_64 0.2.3 220.00 55.00 275.00 NOTE
r-patched-linux-x86_64 0.2.3 51.35 25.66 77.01 NOTE
r-patched-solaris-sparc 0.2.3 1012.60 NOTE
r-patched-solaris-x86 0.2.3 182.90 NOTE
r-release-linux-x86_64 0.2.3 50.04 27.98 78.01 NOTE
r-release-osx-x86_64-mavericks 0.2.3 NOTE
r-release-windows-ix86+x86_64 0.2.3 197.00 54.00 251.00 NOTE
r-oldrel-windows-ix86+x86_64 0.2.3 160.00 62.00 222.00 OK

Check Details

Version: 0.2.3
Check: DESCRIPTION meta-information
Result: NOTE
    Malformed Description field: should contain one or more complete sentences.
Flavors: r-devel-linux-x86_64-debian-clang, r-devel-linux-x86_64-debian-gcc, r-devel-linux-x86_64-fedora-clang, r-devel-linux-x86_64-fedora-gcc, r-devel-osx-x86_64-clang, r-devel-windows-ix86+x86_64, r-patched-linux-x86_64, r-patched-solaris-sparc, r-patched-solaris-x86, r-release-linux-x86_64, r-release-osx-x86_64-mavericks, r-release-windows-ix86+x86_64

Version: 0.2.3
Check: R code for possible problems
Result: NOTE
    fitSBSA: no visible binding for global variable ‘var’
    fitSBSA: no visible global function definition for ‘var’
    fitSBSA: no visible global function definition for ‘qnorm’
    Undefined global functions or variables:
     qnorm var
Flavors: r-devel-linux-x86_64-debian-clang, r-devel-linux-x86_64-debian-gcc, r-devel-linux-x86_64-fedora-clang, r-devel-linux-x86_64-fedora-gcc, r-devel-windows-ix86+x86_64

Version: 0.2.3
Check: installed package size
Result: NOTE
     installed size is 5.4Mb
     sub-directories of 1Mb or more:
     libs 5.0Mb
Flavors: r-devel-linux-x86_64-debian-gcc, r-devel-linux-x86_64-fedora-gcc, r-patched-linux-x86_64, r-patched-solaris-sparc, r-patched-solaris-x86, r-release-linux-x86_64