CRAN Package Check Results for Package SBSA

Last updated on 2014-04-24 09:49:10.

Flavor Version Tinstall Tcheck Ttotal Status Flags
r-devel-linux-x86_64-debian-clang 0.2.3 37.96 27.87 65.84 OK
r-devel-linux-x86_64-debian-gcc 0.2.3 47.19 26.74 73.93 NOTE
r-devel-linux-x86_64-fedora-clang 0.2.3 149.67 OK
r-devel-linux-x86_64-fedora-gcc 0.2.3 146.24 NOTE
r-devel-osx-x86_64-clang 0.2.3 91.65 OK
r-devel-osx-x86_64-gcc 0.2.3 OK
r-devel-windows-ix86+x86_64 0.2.3 141.00 57.00 198.00 OK
r-patched-linux-x86_64 0.2.3 47.52 26.72 74.24 NOTE
r-patched-solaris-sparc 0.2.3 947.90 NOTE
r-patched-solaris-x86 0.2.3 176.90 OK
r-release-linux-ix86 0.2.3 72.00 53.00 125.00 OK
r-release-linux-x86_64 0.2.3 47.66 27.17 74.83 NOTE
r-release-osx-x86_64-mavericks 0.2.3 WARN
r-release-osx-x86_64-snowleopard 0.2.3 OK
r-release-windows-ix86+x86_64 0.2.3 146.00 56.00 202.00 OK
r-oldrel-windows-ix86+x86_64 0.2.3 155.00 58.00 213.00 OK

Check Details

Version: 0.2.3
Check: installed package size
Result: NOTE
     installed size is 5.1Mb
     sub-directories of 1Mb or more:
     libs 4.6Mb
Flavors: r-devel-linux-x86_64-debian-gcc, r-devel-linux-x86_64-fedora-gcc, r-patched-linux-x86_64, r-patched-solaris-sparc, r-release-linux-x86_64

Version: 0.2.3
Check: PDF version of manual
Result: WARNING
    LaTeX errors when creating PDF version.
    This typically indicates Rd problems.
    LaTeX errors found:
    ! LaTeX Error: File `upquote.sty' not found.
    
    Type X to quit or <RETURN> to proceed,
    or enter new name. (Default extension: sty)
    
    2b52a78/Rd2.tex:8: ==> Fatal error occurred, no output PDF file produced!
Flavor: r-release-osx-x86_64-mavericks