CRAN Package Check Results for Package SBSA

Last updated on 2016-04-30 21:47:14.

Flavor Version Tinstall Tcheck Ttotal Status Flags
r-devel-linux-x86_64-debian-gcc 0.2.3 47.49 20.71 68.19 NOTE
r-devel-linux-x86_64-fedora-clang 0.2.3 152.61 NOTE
r-devel-linux-x86_64-fedora-gcc 0.2.3 140.11 NOTE
r-devel-osx-x86_64-clang 0.2.3 87.75 NOTE
r-devel-windows-ix86+x86_64 0.2.3 178.00 49.00 227.00 NOTE
r-patched-linux-x86_64 0.2.3 47.58 20.55 68.13 NOTE
r-patched-solaris-sparc 0.2.3 793.90 NOTE
r-patched-solaris-x86 0.2.3 151.90 NOTE
r-release-linux-x86_64 0.2.3 47.97 26.39 74.36 NOTE
r-release-osx-x86_64-mavericks 0.2.3 NOTE
r-release-windows-ix86+x86_64 0.2.3 243.00 79.00 322.00 NOTE
r-oldrel-windows-ix86+x86_64 0.2.3 260.00 88.00 348.00 OK

Check Details

Version: 0.2.3
Check: installed package size
Result: NOTE
     installed size is 5.2Mb
     sub-directories of 1Mb or more:
     libs 4.7Mb
Flavors: r-devel-linux-x86_64-debian-gcc, r-devel-linux-x86_64-fedora-gcc, r-patched-linux-x86_64, r-release-linux-x86_64

Version: 0.2.3
Check: DESCRIPTION meta-information
Result: NOTE
    Malformed Description field: should contain one or more complete sentences.
Flavors: r-devel-linux-x86_64-debian-gcc, r-devel-linux-x86_64-fedora-clang, r-devel-linux-x86_64-fedora-gcc, r-devel-osx-x86_64-clang, r-devel-windows-ix86+x86_64, r-patched-linux-x86_64, r-patched-solaris-sparc, r-patched-solaris-x86, r-release-linux-x86_64, r-release-osx-x86_64-mavericks, r-release-windows-ix86+x86_64

Version: 0.2.3
Check: R code for possible problems
Result: NOTE
    fitSBSA: no visible binding for global variable ‘var’
    fitSBSA: no visible global function definition for ‘var’
    fitSBSA: no visible global function definition for ‘qnorm’
    Undefined global functions or variables:
     qnorm var
    Consider adding
     importFrom("stats", "qnorm", "var")
    to your NAMESPACE file.
Flavors: r-devel-linux-x86_64-debian-gcc, r-devel-linux-x86_64-fedora-clang, r-devel-linux-x86_64-fedora-gcc, r-devel-osx-x86_64-clang, r-devel-windows-ix86+x86_64, r-patched-linux-x86_64, r-patched-solaris-sparc, r-patched-solaris-x86