CRAN Package Check Results for Package SBSA

Last updated on 2015-01-25 19:47:51.

Flavor Version Tinstall Tcheck Ttotal Status Flags
r-devel-linux-x86_64-debian-clang 0.2.3 40.47 28.36 68.84 OK
r-devel-linux-x86_64-debian-gcc 0.2.3 48.77 26.95 75.72 OK
r-devel-linux-x86_64-fedora-clang 0.2.3 158.48 OK
r-devel-linux-x86_64-fedora-gcc 0.2.3 149.84 NOTE
r-devel-osx-x86_64-clang 0.2.3 94.06 OK
r-devel-windows-ix86+x86_64 0.2.3 139.00 63.00 202.00 OK
r-patched-linux-x86_64 0.2.3 49.78 27.00 76.78 OK
r-patched-solaris-sparc 0.2.3 983.70 NOTE
r-patched-solaris-x86 0.2.3 179.40 OK
r-release-linux-ix86 0.2.3 56.55 36.97 93.52 OK
r-release-linux-x86_64 0.2.3 48.13 27.39 75.52 OK
r-release-osx-x86_64-mavericks 0.2.3 OK
r-release-osx-x86_64-snowleopard 0.2.3 OK
r-release-windows-ix86+x86_64 0.2.3 138.00 68.00 206.00 OK
r-oldrel-windows-ix86+x86_64 0.2.3 157.00 59.00 216.00 OK

Memtest notes: UBSAN-gcc UBSAN-gcc

Check Details

Version: 0.2.3
Check: installed package size
Result: NOTE
     installed size is 5.1Mb
     sub-directories of 1Mb or more:
     libs 4.7Mb
Flavors: r-devel-linux-x86_64-fedora-gcc, r-patched-solaris-sparc