CRAN Package Check Results for Package SBSA

Last updated on 2017-02-21 15:50:48.

Flavor Version Tinstall Tcheck Ttotal Status Flags
r-devel-linux-x86_64-debian-clang 0.2.3 55.59 23.21 78.80 NOTE
r-devel-linux-x86_64-debian-gcc 0.2.3 63.53 23.28 86.81 NOTE
r-devel-linux-x86_64-fedora-clang 0.2.3 167.88 NOTE --no-stop-on-test-error
r-devel-linux-x86_64-fedora-gcc 0.2.3 165.82 NOTE --no-stop-on-test-error
r-devel-macos-x86_64-clang 0.2.3 105.59 NOTE --no-stop-on-test-error
r-devel-windows-ix86+x86_64 0.2.3 249.00 86.00 335.00 NOTE
r-patched-linux-x86_64 0.2.3 49.34 20.57 69.91 NOTE
r-patched-solaris-sparc 0.2.3 846.20 NOTE
r-patched-solaris-x86 0.2.3 156.10 NOTE
r-release-linux-x86_64 0.2.3 49.28 20.30 69.58 NOTE
r-release-osx-x86_64-mavericks 0.2.3 NOTE
r-release-windows-ix86+x86_64 0.2.3 239.00 76.00 315.00 NOTE
r-oldrel-windows-ix86+x86_64 0.2.3 236.00 95.00 331.00 NOTE

Check Details

Version: 0.2.3
Check: DESCRIPTION meta-information
Result: NOTE
    Malformed Description field: should contain one or more complete sentences.
Flavors: r-devel-linux-x86_64-debian-clang, r-devel-linux-x86_64-debian-gcc, r-devel-windows-ix86+x86_64, r-patched-linux-x86_64, r-patched-solaris-sparc, r-patched-solaris-x86, r-release-linux-x86_64, r-release-osx-x86_64-mavericks, r-release-windows-ix86+x86_64, r-oldrel-windows-ix86+x86_64

Version: 0.2.3
Check: R code for possible problems
Result: NOTE
    fitSBSA: no visible binding for global variable ‘var’
    fitSBSA: no visible global function definition for ‘var’
    fitSBSA: no visible global function definition for ‘qnorm’
    Undefined global functions or variables:
     qnorm var
    Consider adding
     importFrom("stats", "qnorm", "var")
    to your NAMESPACE file.
Flavors: r-devel-linux-x86_64-debian-clang, r-devel-linux-x86_64-debian-gcc, r-devel-windows-ix86+x86_64, r-patched-linux-x86_64, r-patched-solaris-sparc, r-patched-solaris-x86, r-release-linux-x86_64, r-release-osx-x86_64-mavericks, r-release-windows-ix86+x86_64

Version: 0.2.3
Check: compiled code
Result: NOTE
    File ‘SBSA/libs/SBSA.so’:
     Found no calls to: ‘R_registerRoutines’, ‘R_useDynamicSymbols’
    
    It is good practice to register native routines and to disable symbol
    search.
    
    See ‘Writing portable packages’ in the ‘Writing R Extensions’ manual.
Flavors: r-devel-linux-x86_64-debian-clang, r-devel-linux-x86_64-debian-gcc

Version: 0.2.3
Flags: --no-stop-on-test-error
Check: DESCRIPTION meta-information
Result: NOTE
    Malformed Description field: should contain one or more complete sentences.
Flavors: r-devel-linux-x86_64-fedora-clang, r-devel-linux-x86_64-fedora-gcc, r-devel-macos-x86_64-clang

Version: 0.2.3
Flags: --no-stop-on-test-error
Check: R code for possible problems
Result: NOTE
    fitSBSA: no visible binding for global variable ‘var’
    fitSBSA: no visible global function definition for ‘var’
    fitSBSA: no visible global function definition for ‘qnorm’
    Undefined global functions or variables:
     qnorm var
    Consider adding
     importFrom("stats", "qnorm", "var")
    to your NAMESPACE file.
Flavors: r-devel-linux-x86_64-fedora-clang, r-devel-linux-x86_64-fedora-gcc, r-devel-macos-x86_64-clang

Version: 0.2.3
Flags: --no-stop-on-test-error
Check: compiled code
Result: NOTE
    File ‘SBSA/libs/SBSA.so’:
     Found no calls to: ‘R_registerRoutines’, ‘R_useDynamicSymbols’
    
    It is good practice to register native routines and to disable symbol
    search.
    
    See ‘Writing portable packages’ in the ‘Writing R Extensions’ manual.
Flavors: r-devel-linux-x86_64-fedora-clang, r-devel-linux-x86_64-fedora-gcc, r-devel-macos-x86_64-clang

Version: 0.2.3
Flags: --no-stop-on-test-error
Check: installed package size
Result: NOTE
     installed size is 5.5Mb
     sub-directories of 1Mb or more:
     libs 5.0Mb
Flavor: r-devel-linux-x86_64-fedora-gcc