CRAN Package Check Results for Package SBSA

Last updated on 2018-06-25 07:47:53 CEST.

Flavor Version Tinstall Tcheck Ttotal Status Flags
r-devel-linux-x86_64-debian-clang 0.2.3 96.37 34.39 130.76 NOTE
r-devel-linux-x86_64-debian-gcc 0.2.3 89.86 28.11 117.97 NOTE
r-devel-linux-x86_64-fedora-clang 0.2.3 190.26 NOTE
r-devel-linux-x86_64-fedora-gcc 0.2.3 177.65 NOTE
r-devel-windows-ix86+x86_64 0.2.3 260.00 73.00 333.00 NOTE
r-patched-linux-x86_64 0.2.3 107.96 35.59 143.55 NOTE
r-patched-solaris-x86 0.2.3 180.00 NOTE
r-release-linux-x86_64 0.2.3 113.46 35.84 149.30 NOTE
r-release-windows-ix86+x86_64 0.2.3 270.00 89.00 359.00 NOTE
r-release-osx-x86_64 0.2.3 NOTE
r-oldrel-windows-ix86+x86_64 0.2.3 261.00 60.00 321.00 NOTE
r-oldrel-osx-x86_64 0.2.3 NOTE

Check Details

Version: 0.2.3
Check: DESCRIPTION meta-information
Result: NOTE
    Malformed Description field: should contain one or more complete sentences.
Flavors: r-devel-linux-x86_64-debian-clang, r-devel-linux-x86_64-debian-gcc, r-devel-linux-x86_64-fedora-clang, r-devel-linux-x86_64-fedora-gcc, r-devel-windows-ix86+x86_64, r-patched-linux-x86_64, r-patched-solaris-x86, r-release-linux-x86_64, r-release-windows-ix86+x86_64, r-release-osx-x86_64, r-oldrel-windows-ix86+x86_64, r-oldrel-osx-x86_64

Version: 0.2.3
Check: R code for possible problems
Result: NOTE
    fitSBSA: no visible binding for global variable ‘var’
    fitSBSA: no visible global function definition for ‘var’
    fitSBSA: no visible global function definition for ‘qnorm’
    Undefined global functions or variables:
     qnorm var
    Consider adding
     importFrom("stats", "qnorm", "var")
    to your NAMESPACE file.
Flavors: r-devel-linux-x86_64-debian-clang, r-devel-linux-x86_64-debian-gcc, r-devel-linux-x86_64-fedora-clang, r-devel-linux-x86_64-fedora-gcc, r-devel-windows-ix86+x86_64, r-patched-linux-x86_64, r-patched-solaris-x86, r-release-linux-x86_64, r-release-windows-ix86+x86_64, r-release-osx-x86_64, r-oldrel-windows-ix86+x86_64, r-oldrel-osx-x86_64

Version: 0.2.3
Check: compiled code
Result: NOTE
    File ‘SBSA/libs/SBSA.so’:
     Found no calls to: ‘R_registerRoutines’, ‘R_useDynamicSymbols’
    
    It is good practice to register native routines and to disable symbol
    search.
    
    See ‘Writing portable packages’ in the ‘Writing R Extensions’ manual.
Flavors: r-devel-linux-x86_64-debian-clang, r-devel-linux-x86_64-debian-gcc, r-devel-linux-x86_64-fedora-clang, r-devel-linux-x86_64-fedora-gcc, r-patched-linux-x86_64, r-release-linux-x86_64