CRAN Package Check Results for Package SBSA

Last updated on 2015-04-21 02:48:45.

Flavor Version Tinstall Tcheck Ttotal Status Flags
r-devel-linux-x86_64-debian-clang 0.2.3 44.27 27.36 71.63 NOTE
r-devel-linux-x86_64-debian-gcc 0.2.3 54.20 25.53 79.73 NOTE
r-devel-linux-x86_64-fedora-clang 0.2.3 158.92 NOTE
r-devel-linux-x86_64-fedora-gcc 0.2.3 144.36 NOTE
r-devel-osx-x86_64-clang 0.2.3 103.56 NOTE
r-devel-windows-ix86+x86_64 0.2.3 211.00 58.00 269.00 NOTE
r-patched-linux-x86_64 0.2.3 49.46 25.34 74.80 NOTE
r-patched-solaris-sparc 0.2.3 1009.40 NOTE
r-patched-solaris-x86 0.2.3 183.30 NOTE
r-release-linux-x86_64 0.2.3 49.65 25.42 75.08 NOTE
r-release-osx-x86_64-mavericks 0.2.3 NOTE
r-release-osx-x86_64-snowleopard 0.2.3 NOTE
r-release-windows-ix86+x86_64 0.2.3 138.00 53.00 191.00 NOTE
r-oldrel-windows-ix86+x86_64 0.2.3 130.00 58.00 188.00 OK

Check Details

Version: 0.2.3
Check: DESCRIPTION meta-information
Result: NOTE
    Malformed Description field: should contain one or more complete sentences.
Flavors: r-devel-linux-x86_64-debian-clang, r-devel-linux-x86_64-debian-gcc, r-devel-linux-x86_64-fedora-clang, r-devel-linux-x86_64-fedora-gcc, r-devel-osx-x86_64-clang, r-devel-windows-ix86+x86_64, r-patched-linux-x86_64, r-patched-solaris-sparc, r-patched-solaris-x86, r-release-linux-x86_64, r-release-osx-x86_64-mavericks, r-release-osx-x86_64-snowleopard, r-release-windows-ix86+x86_64

Version: 0.2.3
Check: installed package size
Result: NOTE
     installed size is 5.2Mb
     sub-directories of 1Mb or more:
     libs 4.8Mb
Flavors: r-devel-linux-x86_64-debian-gcc, r-devel-linux-x86_64-fedora-gcc, r-patched-linux-x86_64, r-patched-solaris-sparc, r-patched-solaris-x86, r-release-linux-x86_64