CRAN Package Check Results for Package SBSA

Last updated on 2015-05-27 11:49:34.

Flavor Version Tinstall Tcheck Ttotal Status Flags
r-devel-linux-x86_64-debian-clang 0.2.3 44.54 26.90 71.44 NOTE
r-devel-linux-x86_64-debian-gcc 0.2.3 50.59 26.44 77.03 NOTE
r-devel-linux-x86_64-fedora-clang 0.2.3 162.00 NOTE
r-devel-linux-x86_64-fedora-gcc 0.2.3 148.52 NOTE
r-devel-osx-x86_64-clang 0.2.3 96.98 NOTE
r-devel-windows-ix86+x86_64 0.2.3 154.00 60.00 214.00 NOTE
r-patched-linux-x86_64 0.2.3 50.84 27.00 77.84 NOTE
r-patched-solaris-sparc 0.2.3 1012.60 NOTE
r-patched-solaris-x86 0.2.3 182.70 NOTE
r-release-linux-x86_64 0.2.3 53.12 25.82 78.95 NOTE
r-release-osx-x86_64-mavericks 0.2.3 NOTE
r-release-osx-x86_64-snowleopard 0.2.3 NOTE
r-release-windows-ix86+x86_64 0.2.3 157.00 58.00 215.00 NOTE
r-oldrel-windows-ix86+x86_64 0.2.3 155.00 59.00 214.00 OK

Check Details

Version: 0.2.3
Check: DESCRIPTION meta-information
Result: NOTE
    Malformed Description field: should contain one or more complete sentences.
Flavors: r-devel-linux-x86_64-debian-clang, r-devel-linux-x86_64-debian-gcc, r-devel-linux-x86_64-fedora-clang, r-devel-linux-x86_64-fedora-gcc, r-devel-osx-x86_64-clang, r-devel-windows-ix86+x86_64, r-patched-linux-x86_64, r-patched-solaris-sparc, r-patched-solaris-x86, r-release-linux-x86_64, r-release-osx-x86_64-mavericks, r-release-osx-x86_64-snowleopard, r-release-windows-ix86+x86_64

Version: 0.2.3
Check: installed package size
Result: NOTE
     installed size is 5.4Mb
     sub-directories of 1Mb or more:
     libs 4.9Mb
Flavors: r-devel-linux-x86_64-debian-gcc, r-devel-linux-x86_64-fedora-gcc, r-patched-linux-x86_64, r-patched-solaris-sparc, r-patched-solaris-x86, r-release-linux-x86_64