CRAN Package Check Results for Package SBSA

Last updated on 2014-11-01 08:48:27.

Flavor Version Tinstall Tcheck Ttotal Status Flags
r-devel-linux-x86_64-debian-clang 0.2.3 41.62 28.16 69.78 OK
r-devel-linux-x86_64-debian-gcc 0.2.3 50.11 27.70 77.82 OK
r-devel-linux-x86_64-fedora-clang 0.2.3 161.84 OK
r-devel-linux-x86_64-fedora-gcc 0.2.3 145.17 NOTE
r-devel-osx-x86_64-clang 0.2.3 89.04 OK
r-devel-windows-ix86+x86_64 0.2.3 141.00 56.00 197.00 OK
r-patched-linux-x86_64 0.2.3 48.45 27.68 76.13 OK
r-patched-solaris-sparc 0.2.3 1116.00 NOTE
r-patched-solaris-x86 0.2.3 179.60 OK
r-release-linux-ix86 0.2.3 59.50 37.83 97.33 OK
r-release-linux-x86_64 0.2.3 47.61 27.25 74.86 OK
r-release-osx-x86_64-mavericks 0.2.3 OK
r-release-osx-x86_64-snowleopard 0.2.3 OK
r-release-windows-ix86+x86_64 0.2.3 153.00 60.00 213.00 OK
r-oldrel-windows-ix86+x86_64 0.2.3 137.00 62.00 199.00 OK

Check Details

Version: 0.2.3
Check: installed package size
Result: NOTE
     installed size is 5.1Mb
     sub-directories of 1Mb or more:
     libs 4.7Mb
Flavors: r-devel-linux-x86_64-fedora-gcc, r-patched-solaris-sparc