CRAN Package Check Results for Package SBSA

Last updated on 2014-10-24 14:47:32.

Flavor Version Tinstall Tcheck Ttotal Status Flags
r-devel-linux-x86_64-debian-clang 0.2.3 40.62 28.31 68.94 OK
r-devel-linux-x86_64-debian-gcc 0.2.3 47.54 27.14 74.68 OK
r-devel-linux-x86_64-fedora-clang 0.2.3 160.20 OK
r-devel-linux-x86_64-fedora-gcc 0.2.3 149.83 NOTE
r-devel-osx-x86_64-clang 0.2.3 89.04 OK
r-devel-windows-ix86+x86_64 0.2.3 146.00 54.00 200.00 OK
r-patched-linux-x86_64 0.2.3 47.83 27.86 75.68 OK
r-patched-solaris-sparc 0.2.3 944.00 NOTE
r-patched-solaris-x86 0.2.3 176.90 OK
r-release-linux-ix86 0.2.3 59.50 37.83 97.33 OK
r-release-linux-x86_64 0.2.3 47.61 27.25 74.86 OK
r-release-osx-x86_64-mavericks 0.2.3 OK
r-release-osx-x86_64-snowleopard 0.2.3 OK
r-release-windows-ix86+x86_64 0.2.3 147.00 56.00 203.00 OK
r-oldrel-windows-ix86+x86_64 0.2.3 143.00 62.00 205.00 OK

Check Details

Version: 0.2.3
Check: installed package size
Result: NOTE
     installed size is 5.1Mb
     sub-directories of 1Mb or more:
     libs 4.7Mb
Flavors: r-devel-linux-x86_64-fedora-gcc, r-patched-solaris-sparc