CRAN Package Check Results for Package SBSA

Last updated on 2016-08-27 17:53:40.

Flavor Version Tinstall Tcheck Ttotal Status Flags
r-devel-linux-x86_64-debian-clang 0.2.3 54.70 22.22 76.92 NOTE
r-devel-linux-x86_64-debian-gcc 0.2.3 84.07 28.21 112.28 NOTE
r-devel-linux-x86_64-fedora-clang 0.2.3 162.82 NOTE
r-devel-linux-x86_64-fedora-gcc 0.2.3 160.05 NOTE
r-devel-osx-x86_64-clang 0.2.3 101.57 NOTE
r-devel-windows-ix86+x86_64 0.2.3 232.00 63.00 295.00 NOTE
r-patched-linux-x86_64 0.2.3 49.19 21.89 71.08 NOTE
r-patched-solaris-sparc 0.2.3 822.90 NOTE
r-patched-solaris-x86 0.2.3 151.40 NOTE
r-release-linux-x86_64 0.2.3 48.60 22.56 71.16 NOTE
r-release-osx-x86_64-mavericks 0.2.3 NOTE
r-release-windows-ix86+x86_64 0.2.3 243.00 47.00 290.00 NOTE
r-oldrel-windows-ix86+x86_64 0.2.3 169.00 68.00 237.00 NOTE

Check Details

Version: 0.2.3
Check: DESCRIPTION meta-information
Result: NOTE
    Malformed Description field: should contain one or more complete sentences.
Flavors: r-devel-linux-x86_64-debian-clang, r-devel-linux-x86_64-debian-gcc, r-devel-linux-x86_64-fedora-clang, r-devel-linux-x86_64-fedora-gcc, r-devel-osx-x86_64-clang, r-devel-windows-ix86+x86_64, r-patched-linux-x86_64, r-patched-solaris-sparc, r-patched-solaris-x86, r-release-linux-x86_64, r-release-osx-x86_64-mavericks, r-release-windows-ix86+x86_64, r-oldrel-windows-ix86+x86_64

Version: 0.2.3
Check: R code for possible problems
Result: NOTE
    fitSBSA: no visible binding for global variable ‘var’
    fitSBSA: no visible global function definition for ‘var’
    fitSBSA: no visible global function definition for ‘qnorm’
    Undefined global functions or variables:
     qnorm var
    Consider adding
     importFrom("stats", "qnorm", "var")
    to your NAMESPACE file.
Flavors: r-devel-linux-x86_64-debian-clang, r-devel-linux-x86_64-debian-gcc, r-devel-linux-x86_64-fedora-clang, r-devel-linux-x86_64-fedora-gcc, r-devel-osx-x86_64-clang, r-devel-windows-ix86+x86_64, r-patched-linux-x86_64, r-patched-solaris-sparc, r-patched-solaris-x86, r-release-linux-x86_64, r-release-osx-x86_64-mavericks, r-release-windows-ix86+x86_64

Version: 0.2.3
Check: installed package size
Result: NOTE
     installed size is 5.4Mb
     sub-directories of 1Mb or more:
     libs 5.0Mb
Flavors: r-devel-linux-x86_64-debian-gcc, r-devel-linux-x86_64-fedora-gcc, r-patched-linux-x86_64, r-release-linux-x86_64