CRAN Package Check Results for Package SBSA

Last updated on 2015-03-27 19:48:36.

Flavor Version Tinstall Tcheck Ttotal Status Flags
r-devel-linux-x86_64-debian-clang 0.2.3 43.76 27.45 71.21 NOTE
r-devel-linux-x86_64-debian-gcc 0.2.3 49.19 25.29 74.48 NOTE
r-devel-linux-x86_64-fedora-clang 0.2.3 158.78 NOTE
r-devel-linux-x86_64-fedora-gcc 0.2.3 145.46 NOTE
r-devel-osx-x86_64-clang 0.2.3 102.53 NOTE
r-prerel-windows-ix86+x86_64 0.2.3 169.00 58.00 227.00 NOTE
r-prerel-linux-x86_64 0.2.3 49.24 25.90 75.15 NOTE
r-prerel-solaris-sparc 0.2.3 1009.40 NOTE
r-prerel-solaris-x86 0.2.3 178.60 NOTE
r-release-linux-x86_64 0.2.3 50.00 28.22 78.22 NOTE
r-release-osx-x86_64-mavericks 0.2.3 OK
r-release-osx-x86_64-snowleopard 0.2.3 OK
r-release-windows-ix86+x86_64 0.2.3 155.00 62.00 217.00 OK
r-oldrel-windows-ix86+x86_64 0.2.3 161.00 64.00 225.00 OK

Check Details

Version: 0.2.3
Check: DESCRIPTION meta-information
Result: NOTE
    Malformed Description field: should contain one or more complete sentences.
Flavors: r-devel-linux-x86_64-debian-clang, r-devel-linux-x86_64-debian-gcc, r-devel-linux-x86_64-fedora-clang, r-devel-linux-x86_64-fedora-gcc, r-devel-osx-x86_64-clang, r-prerel-windows-ix86+x86_64, r-prerel-linux-x86_64, r-prerel-solaris-sparc, r-prerel-solaris-x86

Version: 0.2.3
Check: installed package size
Result: NOTE
     installed size is 5.2Mb
     sub-directories of 1Mb or more:
     libs 4.8Mb
Flavors: r-devel-linux-x86_64-debian-gcc, r-devel-linux-x86_64-fedora-gcc, r-prerel-linux-x86_64, r-prerel-solaris-sparc, r-prerel-solaris-x86, r-release-linux-x86_64