CRAN Package Check Results for Package SBSA

Last updated on 2015-08-03 23:48:07.

Flavor Version Tinstall Tcheck Ttotal Status Flags
r-devel-linux-x86_64-debian-clang 0.2.3 44.40 26.62 71.02 NOTE
r-devel-linux-x86_64-debian-gcc 0.2.3 49.67 25.78 75.45 NOTE
r-devel-linux-x86_64-fedora-clang 0.2.3 158.54 NOTE
r-devel-linux-x86_64-fedora-gcc 0.2.3 145.60 NOTE
r-devel-osx-x86_64-clang 0.2.3 95.80 NOTE
r-devel-windows-ix86+x86_64 0.2.3 146.00 59.00 205.00 NOTE
r-patched-linux-x86_64 0.2.3 49.23 25.76 74.99 NOTE
r-patched-solaris-sparc 0.2.3 917.30 NOTE
r-patched-solaris-x86 0.2.3 164.10 NOTE
r-release-linux-x86_64 0.2.3 52.36 25.80 78.16 NOTE
r-release-osx-x86_64-mavericks 0.2.3 NOTE
r-release-windows-ix86+x86_64 0.2.3 214.00 85.00 299.00 NOTE
r-oldrel-windows-ix86+x86_64 0.2.3 179.00 82.00 261.00 OK

Check Details

Version: 0.2.3
Check: DESCRIPTION meta-information
Result: NOTE
    Malformed Description field: should contain one or more complete sentences.
Flavors: r-devel-linux-x86_64-debian-clang, r-devel-linux-x86_64-debian-gcc, r-devel-linux-x86_64-fedora-clang, r-devel-linux-x86_64-fedora-gcc, r-devel-osx-x86_64-clang, r-devel-windows-ix86+x86_64, r-patched-linux-x86_64, r-patched-solaris-sparc, r-patched-solaris-x86, r-release-linux-x86_64, r-release-osx-x86_64-mavericks, r-release-windows-ix86+x86_64

Version: 0.2.3
Check: R code for possible problems
Result: NOTE
    fitSBSA: no visible binding for global variable ‘var’
    fitSBSA: no visible global function definition for ‘var’
    fitSBSA: no visible global function definition for ‘qnorm’
    Undefined global functions or variables:
     qnorm var
    Consider adding
     importFrom("stats", "qnorm", "var")
    to your NAMESPACE.
Flavors: r-devel-linux-x86_64-debian-clang, r-devel-linux-x86_64-debian-gcc, r-devel-linux-x86_64-fedora-clang, r-devel-linux-x86_64-fedora-gcc, r-devel-windows-ix86+x86_64

Version: 0.2.3
Check: installed package size
Result: NOTE
     installed size is 5.1Mb
     sub-directories of 1Mb or more:
     libs 4.7Mb
Flavors: r-devel-linux-x86_64-debian-gcc, r-devel-linux-x86_64-fedora-gcc, r-patched-linux-x86_64, r-release-linux-x86_64