CRAN Package Check Results for Package SBSA

Last updated on 2016-07-26 16:49:12.

Flavor Version Tinstall Tcheck Ttotal Status Flags
r-devel-linux-x86_64-debian-clang 0.2.3 72.96 24.48 97.44 NOTE
r-devel-linux-x86_64-debian-gcc 0.2.3 82.18 26.06 108.24 NOTE
r-devel-linux-x86_64-fedora-clang 0.2.3 158.41 NOTE
r-devel-linux-x86_64-fedora-gcc 0.2.3 133.91 NOTE
r-devel-osx-x86_64-clang 0.2.3 99.80 NOTE
r-devel-windows-ix86+x86_64 0.2.3 221.00 60.00 281.00 NOTE
r-patched-linux-x86_64 0.2.3 55.56 25.23 80.80 NOTE
r-patched-solaris-sparc 0.2.3 814.20 NOTE
r-patched-solaris-x86 0.2.3 151.30 NOTE
r-release-linux-x86_64 0.2.3 54.47 24.10 78.57 NOTE
r-release-osx-x86_64-mavericks 0.2.3 NOTE
r-release-windows-ix86+x86_64 0.2.3 227.00 58.00 285.00 NOTE
r-oldrel-windows-ix86+x86_64 0.2.3 218.00 74.00 292.00 NOTE

Check Details

Version: 0.2.3
Check: DESCRIPTION meta-information
Result: NOTE
    Malformed Description field: should contain one or more complete sentences.
Flavors: r-devel-linux-x86_64-debian-clang, r-devel-linux-x86_64-debian-gcc, r-devel-linux-x86_64-fedora-clang, r-devel-linux-x86_64-fedora-gcc, r-devel-osx-x86_64-clang, r-devel-windows-ix86+x86_64, r-patched-linux-x86_64, r-patched-solaris-sparc, r-patched-solaris-x86, r-release-linux-x86_64, r-release-osx-x86_64-mavericks, r-release-windows-ix86+x86_64, r-oldrel-windows-ix86+x86_64

Version: 0.2.3
Check: R code for possible problems
Result: NOTE
    fitSBSA: no visible binding for global variable ‘var’
    fitSBSA: no visible global function definition for ‘var’
    fitSBSA: no visible global function definition for ‘qnorm’
    Undefined global functions or variables:
     qnorm var
    Consider adding
     importFrom("stats", "qnorm", "var")
    to your NAMESPACE file.
Flavors: r-devel-linux-x86_64-debian-clang, r-devel-linux-x86_64-debian-gcc, r-devel-linux-x86_64-fedora-clang, r-devel-linux-x86_64-fedora-gcc, r-devel-osx-x86_64-clang, r-devel-windows-ix86+x86_64, r-patched-linux-x86_64, r-patched-solaris-sparc, r-patched-solaris-x86, r-release-linux-x86_64, r-release-osx-x86_64-mavericks, r-release-windows-ix86+x86_64

Version: 0.2.3
Check: installed package size
Result: NOTE
     installed size is 5.4Mb
     sub-directories of 1Mb or more:
     libs 5.0Mb
Flavors: r-devel-linux-x86_64-debian-gcc, r-devel-linux-x86_64-fedora-gcc, r-patched-linux-x86_64, r-release-linux-x86_64