CRAN Package Check Results for Package SBSA

Last updated on 2016-09-29 12:48:06.

Flavor Version Tinstall Tcheck Ttotal Status Flags
r-devel-linux-x86_64-debian-clang 0.2.3 56.41 23.15 79.56 NOTE
r-devel-linux-x86_64-debian-gcc 0.2.3 62.33 21.50 83.83 NOTE
r-devel-linux-x86_64-fedora-clang 0.2.3 153.38 NOTE
r-devel-linux-x86_64-fedora-gcc 0.2.3 162.27 NOTE
r-devel-macos-x86_64-clang 0.2.3 101.11 NOTE
r-devel-windows-ix86+x86_64 0.2.3 191.00 61.00 252.00 NOTE
r-patched-linux-x86_64 0.2.3 48.86 22.23 71.09 NOTE
r-patched-solaris-sparc 0.2.3 822.90 NOTE
r-patched-solaris-x86 0.2.3 151.10 NOTE
r-release-linux-x86_64 0.2.3 49.60 21.64 71.24 NOTE
r-release-osx-x86_64-mavericks 0.2.3 NOTE
r-release-windows-ix86+x86_64 0.2.3 236.00 61.00 297.00 NOTE
r-oldrel-windows-ix86+x86_64 0.2.3 235.00 84.00 319.00 NOTE

Check Details

Version: 0.2.3
Check: DESCRIPTION meta-information
Result: NOTE
    Malformed Description field: should contain one or more complete sentences.
Flavors: r-devel-linux-x86_64-debian-clang, r-devel-linux-x86_64-debian-gcc, r-devel-linux-x86_64-fedora-clang, r-devel-linux-x86_64-fedora-gcc, r-devel-macos-x86_64-clang, r-devel-windows-ix86+x86_64, r-patched-linux-x86_64, r-patched-solaris-sparc, r-patched-solaris-x86, r-release-linux-x86_64, r-release-osx-x86_64-mavericks, r-release-windows-ix86+x86_64, r-oldrel-windows-ix86+x86_64

Version: 0.2.3
Check: R code for possible problems
Result: NOTE
    fitSBSA: no visible binding for global variable ‘var’
    fitSBSA: no visible global function definition for ‘var’
    fitSBSA: no visible global function definition for ‘qnorm’
    Undefined global functions or variables:
     qnorm var
    Consider adding
     importFrom("stats", "qnorm", "var")
    to your NAMESPACE file.
Flavors: r-devel-linux-x86_64-debian-clang, r-devel-linux-x86_64-debian-gcc, r-devel-linux-x86_64-fedora-clang, r-devel-linux-x86_64-fedora-gcc, r-devel-macos-x86_64-clang, r-devel-windows-ix86+x86_64, r-patched-linux-x86_64, r-patched-solaris-sparc, r-patched-solaris-x86, r-release-linux-x86_64, r-release-osx-x86_64-mavericks, r-release-windows-ix86+x86_64

Version: 0.2.3
Check: installed package size
Result: NOTE
     installed size is 5.4Mb
     sub-directories of 1Mb or more:
     libs 5.0Mb
Flavors: r-devel-linux-x86_64-debian-gcc, r-devel-linux-x86_64-fedora-gcc, r-patched-linux-x86_64, r-release-linux-x86_64