CRAN Package Check Results for Package SBSA

Last updated on 2014-09-02 08:47:26.

Flavor Version Tinstall Tcheck Ttotal Status Flags
r-devel-linux-x86_64-debian-clang 0.2.3 39.20 26.24 65.43 OK
r-devel-linux-x86_64-debian-gcc 0.2.3 47.54 26.04 73.59 OK
r-devel-linux-x86_64-fedora-clang 0.2.3 153.40 OK
r-devel-linux-x86_64-fedora-gcc 0.2.3 145.89 NOTE
r-devel-osx-x86_64-clang 0.2.3 86.25 OK
r-devel-windows-ix86+x86_64 0.2.3 134.00 60.00 194.00 OK
r-patched-linux-x86_64 0.2.3 47.77 26.49 74.26 OK
r-patched-solaris-sparc 0.2.3 944.00 NOTE
r-patched-solaris-x86 0.2.3 180.90 OK
r-release-linux-ix86 0.2.3 59.56 38.07 97.62 OK
r-release-linux-x86_64 0.2.3 47.41 26.66 74.07 OK
r-release-osx-x86_64-mavericks 0.2.3 OK
r-release-osx-x86_64-snowleopard 0.2.3 OK
r-release-windows-ix86+x86_64 0.2.3 147.00 59.00 206.00 OK
r-oldrel-windows-ix86+x86_64 0.2.3 204.00 60.00 264.00 OK

Check Details

Version: 0.2.3
Check: installed package size
Result: NOTE
     installed size is 5.1Mb
     sub-directories of 1Mb or more:
     libs 4.7Mb
Flavors: r-devel-linux-x86_64-fedora-gcc, r-patched-solaris-sparc