CRAN Package Check Results for Package SBSA

Last updated on 2014-07-24 05:48:33.

Flavor Version Tinstall Tcheck Ttotal Status Flags
r-devel-linux-x86_64-debian-clang 0.2.3 38.48 26.26 64.74 OK
r-devel-linux-x86_64-debian-gcc 0.2.3 46.70 25.61 72.31 OK
r-devel-linux-x86_64-fedora-clang 0.2.3 146.69 OK
r-devel-linux-x86_64-fedora-gcc 0.2.3 145.13 NOTE
r-devel-osx-x86_64-clang 0.2.3 82.26 OK
r-devel-windows-ix86+x86_64 0.2.3 151.00 59.00 210.00 OK
r-patched-linux-x86_64 0.2.3 46.84 26.18 73.02 OK
r-patched-solaris-sparc 0.2.3 947.90 NOTE
r-patched-solaris-x86 0.2.3 177.20 OK
r-release-linux-ix86 0.2.3 58.26 38.88 97.14 OK
r-release-linux-x86_64 0.2.3 47.08 26.55 73.64 OK
r-release-osx-x86_64-mavericks 0.2.3 OK
r-release-osx-x86_64-snowleopard 0.2.3 OK
r-release-windows-ix86+x86_64 0.2.3 143.00 59.00 202.00 OK
r-oldrel-windows-ix86+x86_64 0.2.3 148.00 57.00 205.00 OK

Check Details

Version: 0.2.3
Check: installed package size
Result: NOTE
     installed size is 5.0Mb
     sub-directories of 1Mb or more:
     libs 4.6Mb
Flavors: r-devel-linux-x86_64-fedora-gcc, r-patched-solaris-sparc