Last updated on 2023-09-26 00:20:34 CEST.
Flavor | Version | Tinstall | Tcheck | Ttotal | Status | Flags |
---|---|---|---|---|---|---|
r-devel-linux-x86_64-debian-clang | 1.1.0 | 3.38 | 250.63 | 254.01 | OK | |
r-devel-linux-x86_64-debian-gcc | 1.1.0 | 2.67 | 180.27 | 182.94 | OK | |
r-devel-linux-x86_64-fedora-clang | 1.1.0 | 293.45 | NOTE | |||
r-devel-linux-x86_64-fedora-gcc | 1.1.0 | 332.65 | NOTE | |||
r-devel-windows-x86_64 | 1.1.0 | 6.00 | 174.00 | 180.00 | OK | |
r-patched-linux-x86_64 | 1.1.0 | 3.93 | 238.12 | 242.05 | OK | |
r-release-linux-x86_64 | 1.1.0 | 2.41 | 243.60 | 246.01 | OK | |
r-release-macos-arm64 | 1.1.0 | 86.00 | OK | |||
r-release-macos-x86_64 | 1.1.0 | 169.00 | OK | |||
r-release-windows-x86_64 | 1.1.0 | 6.00 | 242.00 | 248.00 | OK | |
r-oldrel-macos-arm64 | 1.1.0 | 77.00 | NOTE | |||
r-oldrel-macos-x86_64 | 1.1.0 | 116.00 | NOTE | |||
r-oldrel-windows-x86_64 | 1.1.0 | 6.00 | 236.00 | 242.00 | OK |
Version: 1.1.0
Check: dependencies in R code
Result: NOTE
Namespaces in Imports field not imported from:
‘devtools’ ‘mathjaxr’
All declared Imports should be used.
Flavors: r-devel-linux-x86_64-fedora-clang, r-devel-linux-x86_64-fedora-gcc, r-oldrel-macos-arm64, r-oldrel-macos-x86_64