CRAN Package Check Results for Package SCEPtER

Last updated on 2017-02-28 12:49:44.

Flavor Version Tinstall Tcheck Ttotal Status Flags
r-devel-linux-x86_64-debian-clang 0.2-1 2.53 13.60 16.13 NOTE
r-devel-linux-x86_64-debian-gcc 0.2-1 2.68 13.55 16.23 NOTE
r-devel-linux-x86_64-fedora-clang 0.2-1 25.73 NOTE --no-stop-on-test-error
r-devel-linux-x86_64-fedora-gcc 0.2-1 25.24 NOTE --no-stop-on-test-error
r-devel-macos-x86_64-clang 0.2-1 23.55 NOTE --no-stop-on-test-error
r-devel-windows-ix86+x86_64 0.2-1 9.00 51.00 60.00 NOTE
r-patched-linux-x86_64 0.2-1 2.43 11.23 13.65 OK
r-patched-solaris-sparc 0.2-1 139.20 NOTE
r-patched-solaris-x86 0.2-1 34.50 NOTE
r-release-linux-x86_64 0.2-1 2.54 11.29 13.83 OK
r-release-osx-x86_64-mavericks 0.2-1 NOTE
r-release-windows-ix86+x86_64 0.2-1 15.00 40.00 55.00 NOTE
r-oldrel-windows-ix86+x86_64 0.2-1 8.00 38.00 46.00 NOTE

Check Details

Version: 0.2-1
Check: compiled code
Result: NOTE
    File ‘SCEPtER/libs/SCEPtER.so’:
     Found no calls to: ‘R_registerRoutines’, ‘R_useDynamicSymbols’
    
    It is good practice to register native routines and to disable symbol
    search.
    
    See ‘Writing portable packages’ in the ‘Writing R Extensions’ manual.
Flavors: r-devel-linux-x86_64-debian-clang, r-devel-linux-x86_64-debian-gcc

Version: 0.2-1
Flags: --no-stop-on-test-error
Check: installed package size
Result: NOTE
     installed size is 6.8Mb
     sub-directories of 1Mb or more:
     data 6.7Mb
Flavors: r-devel-linux-x86_64-fedora-clang, r-devel-linux-x86_64-fedora-gcc, r-devel-macos-x86_64-clang

Version: 0.2-1
Flags: --no-stop-on-test-error
Check: compiled code
Result: NOTE
    File ‘SCEPtER/libs/SCEPtER.so’:
     Found no calls to: ‘R_registerRoutines’, ‘R_useDynamicSymbols’
    
    It is good practice to register native routines and to disable symbol
    search.
    
    See ‘Writing portable packages’ in the ‘Writing R Extensions’ manual.
Flavors: r-devel-linux-x86_64-fedora-clang, r-devel-linux-x86_64-fedora-gcc, r-devel-macos-x86_64-clang

Version: 0.2-1
Check: installed package size
Result: NOTE
     installed size is 6.8Mb
     sub-directories of 1Mb or more:
     data 6.7Mb
Flavors: r-devel-windows-ix86+x86_64, r-patched-solaris-sparc, r-patched-solaris-x86, r-release-osx-x86_64-mavericks, r-release-windows-ix86+x86_64, r-oldrel-windows-ix86+x86_64