CRAN Package Check Results for Package SCEPtER

Last updated on 2015-09-04 06:48:21.

Flavor Version Tinstall Tcheck Ttotal Status Flags
r-devel-linux-x86_64-debian-clang 0.2-1 2.30 11.05 13.35 NOTE
r-devel-linux-x86_64-debian-gcc 0.2-1 2.28 10.84 13.12 NOTE
r-devel-linux-x86_64-fedora-clang 0.2-1 23.64 NOTE
r-devel-linux-x86_64-fedora-gcc 0.2-1 22.89 NOTE
r-devel-osx-x86_64-clang 0.2-1 23.30 NOTE
r-devel-windows-ix86+x86_64 0.2-1 8.00 27.00 35.00 NOTE
r-patched-linux-x86_64 0.2-1 2.37 11.41 13.78 NOTE
r-patched-solaris-sparc 0.2-1 176.80 NOTE
r-patched-solaris-x86 0.2-1 40.20 NOTE
r-release-linux-x86_64 0.2-1 2.40 11.66 14.05 NOTE
r-release-osx-x86_64-mavericks 0.2-1 NOTE
r-release-windows-ix86+x86_64 0.2-1 11.00 42.00 53.00 NOTE
r-oldrel-windows-ix86+x86_64 0.2-1 12.00 28.00 40.00 NOTE

Check Details

Version: 0.2-1
Check: installed package size
Result: NOTE
     installed size is 6.8Mb
     sub-directories of 1Mb or more:
     data 6.7Mb
Flavors: r-devel-linux-x86_64-debian-clang, r-devel-linux-x86_64-debian-gcc, r-devel-linux-x86_64-fedora-clang, r-devel-linux-x86_64-fedora-gcc, r-devel-osx-x86_64-clang, r-devel-windows-ix86+x86_64, r-patched-linux-x86_64, r-patched-solaris-sparc, r-patched-solaris-x86, r-release-linux-x86_64, r-release-osx-x86_64-mavericks, r-release-windows-ix86+x86_64, r-oldrel-windows-ix86+x86_64