CRAN Package Check Results for Package SCEPtER

Last updated on 2014-09-03 01:47:58.

Flavor Version Tinstall Tcheck Ttotal Status Flags
r-devel-linux-x86_64-debian-clang 0.1-0 1.46 11.30 12.76 NOTE
r-devel-linux-x86_64-debian-gcc 0.1-0 1.44 10.90 12.34 NOTE
r-devel-linux-x86_64-fedora-clang 0.1-0 24.74 NOTE
r-devel-linux-x86_64-fedora-gcc 0.1-0 22.49 NOTE
r-devel-osx-x86_64-clang 0.1-0 25.33 NOTE
r-devel-windows-ix86+x86_64 0.1-0 6.00 26.00 32.00 NOTE
r-patched-linux-x86_64 0.1-0 1.50 11.87 13.37 NOTE
r-patched-solaris-sparc 0.1-0 149.40 NOTE
r-patched-solaris-x86 0.1-0 36.30 NOTE
r-release-linux-ix86 0.1-0 2.36 18.79 21.16 NOTE
r-release-linux-x86_64 0.1-0 1.52 11.76 13.29 NOTE
r-release-osx-x86_64-mavericks 0.1-0 NOTE
r-release-osx-x86_64-snowleopard 0.1-0 OK
r-release-windows-ix86+x86_64 0.1-0 6.00 26.00 32.00 NOTE
r-oldrel-windows-ix86+x86_64 0.1-0 7.00 28.00 35.00 NOTE

Check Details

Version: 0.1-0
Check: dependencies in R code
Result: NOTE
    Package in Depends field not imported from: ‘MASS’
     These packages need to be imported from (in the NAMESPACE file)
     for when this namespace is loaded but not attached.
    See the information on DESCRIPTION files in the chapter ‘Creating R
    packages’ of the ‘Writing R Extensions’ manual.
Flavors: r-devel-linux-x86_64-debian-clang, r-devel-linux-x86_64-debian-gcc, r-devel-linux-x86_64-fedora-clang, r-devel-linux-x86_64-fedora-gcc, r-devel-osx-x86_64-clang, r-devel-windows-ix86+x86_64, r-patched-linux-x86_64, r-patched-solaris-sparc, r-patched-solaris-x86, r-release-linux-ix86, r-release-linux-x86_64, r-release-osx-x86_64-mavericks, r-release-windows-ix86+x86_64, r-oldrel-windows-ix86+x86_64