CRAN Package Check Results for Package SCEPtER

Last updated on 2014-10-24 11:47:25.

Flavor Version Tinstall Tcheck Ttotal Status Flags
r-devel-linux-x86_64-debian-clang 0.1-0 1.60 12.24 13.84 NOTE
r-devel-linux-x86_64-debian-gcc 0.1-0 1.58 12.27 13.86 NOTE
r-devel-linux-x86_64-fedora-clang 0.1-0 26.09 NOTE
r-devel-linux-x86_64-fedora-gcc 0.1-0 24.42 NOTE
r-devel-osx-x86_64-clang 0.1-0 30.67 NOTE
r-devel-windows-ix86+x86_64 0.1-0 7.00 24.00 31.00 NOTE
r-patched-linux-x86_64 0.1-0 1.62 12.44 14.06 NOTE
r-patched-solaris-sparc 0.1-0 149.40 NOTE
r-patched-solaris-x86 0.1-0 39.20 NOTE
r-release-linux-ix86 0.1-0 2.35 18.63 20.98 NOTE
r-release-linux-x86_64 0.1-0 1.54 12.18 13.72 NOTE
r-release-osx-x86_64-mavericks 0.1-0 NOTE
r-release-osx-x86_64-snowleopard 0.1-0 OK
r-release-windows-ix86+x86_64 0.1-0 6.00 25.00 31.00 NOTE
r-oldrel-windows-ix86+x86_64 0.1-0 6.00 28.00 34.00 NOTE

Check Details

Version: 0.1-0
Check: dependencies in R code
Result: NOTE
    Package in Depends field not imported from: ‘MASS’
     These packages need to be imported from (in the NAMESPACE file)
     for when this namespace is loaded but not attached.
    See the information on DESCRIPTION files in the chapter ‘Creating R
    packages’ of the ‘Writing R Extensions’ manual.
Flavors: r-devel-linux-x86_64-debian-clang, r-devel-linux-x86_64-debian-gcc, r-devel-linux-x86_64-fedora-clang, r-devel-linux-x86_64-fedora-gcc, r-devel-osx-x86_64-clang, r-devel-windows-ix86+x86_64, r-patched-linux-x86_64, r-patched-solaris-sparc, r-patched-solaris-x86, r-release-linux-ix86, r-release-linux-x86_64, r-release-osx-x86_64-mavericks, r-release-windows-ix86+x86_64, r-oldrel-windows-ix86+x86_64