CRAN Package Check Results for Package SCEPtER

Last updated on 2016-08-24 20:54:35.

Flavor Version Tinstall Tcheck Ttotal Status Flags
r-devel-linux-x86_64-debian-clang 0.2-1 2.54 11.29 13.83 NOTE
r-devel-linux-x86_64-debian-gcc 0.2-1 2.66 11.16 13.81 NOTE
r-devel-linux-x86_64-fedora-clang 0.2-1 23.02 NOTE
r-devel-linux-x86_64-fedora-gcc 0.2-1 22.44 NOTE
r-devel-osx-x86_64-clang 0.2-1 20.57 NOTE
r-devel-windows-ix86+x86_64 0.2-1 11.00 43.00 54.00 NOTE
r-patched-linux-x86_64 0.2-1 2.38 11.24 13.62 NOTE
r-patched-solaris-sparc 0.2-1 136.20 NOTE
r-patched-solaris-x86 0.2-1 32.00 NOTE
r-release-linux-x86_64 0.2-1 2.52 11.24 13.76 NOTE
r-release-osx-x86_64-mavericks 0.2-1 NOTE
r-release-windows-ix86+x86_64 0.2-1 13.00 40.00 53.00 NOTE
r-oldrel-windows-ix86+x86_64 0.2-1 10.00 41.00 51.00 NOTE

Check Details

Version: 0.2-1
Check: installed package size
Result: NOTE
     installed size is 6.8Mb
     sub-directories of 1Mb or more:
     data 6.7Mb
Flavors: r-devel-linux-x86_64-debian-clang, r-devel-linux-x86_64-debian-gcc, r-devel-linux-x86_64-fedora-clang, r-devel-linux-x86_64-fedora-gcc, r-devel-osx-x86_64-clang, r-devel-windows-ix86+x86_64, r-patched-linux-x86_64, r-patched-solaris-sparc, r-patched-solaris-x86, r-release-linux-x86_64, r-release-osx-x86_64-mavericks, r-release-windows-ix86+x86_64, r-oldrel-windows-ix86+x86_64