CRAN Package Check Results for Package SCEPtER

Last updated on 2017-04-27 10:48:46.

Flavor Version Tinstall Tcheck Ttotal Status Flags
r-devel-linux-x86_64-debian-clang 0.2-1 2.72 13.53 16.26 NOTE
r-devel-linux-x86_64-debian-gcc 0.2-1 2.53 13.17 15.69 NOTE
r-devel-linux-x86_64-fedora-clang 0.2-1 25.97 NOTE --no-stop-on-test-error
r-devel-linux-x86_64-fedora-gcc 0.2-1 25.50 NOTE --no-stop-on-test-error
r-devel-windows-ix86+x86_64 0.2-1 9.00 45.00 54.00 NOTE
r-patched-linux-x86_64 0.2-1 2.54 13.14 15.68 NOTE
r-patched-solaris-sparc 0.2-1 169.80 NOTE
r-patched-solaris-x86 0.2-1 38.90 NOTE
r-release-linux-x86_64 0.2-1 2.55 13.16 15.71 NOTE
r-release-windows-ix86+x86_64 0.2-1 8.00 38.00 46.00 NOTE
r-release-osx-x86_64 0.2-1 NOTE
r-oldrel-windows-ix86+x86_64 0.2-1 7.00 50.00 57.00 NOTE
r-oldrel-osx-x86_64 0.2-1 NOTE

Check Details

Version: 0.2-1
Check: compiled code
Result: NOTE
    File ‘SCEPtER/libs/SCEPtER.so’:
     Found no calls to: ‘R_registerRoutines’, ‘R_useDynamicSymbols’
    
    It is good practice to register native routines and to disable symbol
    search.
    
    See ‘Writing portable packages’ in the ‘Writing R Extensions’ manual.
Flavors: r-devel-linux-x86_64-debian-clang, r-devel-linux-x86_64-debian-gcc, r-patched-linux-x86_64, r-release-linux-x86_64

Version: 0.2-1
Flags: --no-stop-on-test-error
Check: installed package size
Result: NOTE
     installed size is 6.8Mb
     sub-directories of 1Mb or more:
     data 6.7Mb
Flavors: r-devel-linux-x86_64-fedora-clang, r-devel-linux-x86_64-fedora-gcc

Version: 0.2-1
Flags: --no-stop-on-test-error
Check: compiled code
Result: NOTE
    File ‘SCEPtER/libs/SCEPtER.so’:
     Found no calls to: ‘R_registerRoutines’, ‘R_useDynamicSymbols’
    
    It is good practice to register native routines and to disable symbol
    search.
    
    See ‘Writing portable packages’ in the ‘Writing R Extensions’ manual.
Flavors: r-devel-linux-x86_64-fedora-clang, r-devel-linux-x86_64-fedora-gcc

Version: 0.2-1
Check: installed package size
Result: NOTE
     installed size is 6.8Mb
     sub-directories of 1Mb or more:
     data 6.7Mb
Flavors: r-devel-windows-ix86+x86_64, r-patched-solaris-sparc, r-patched-solaris-x86, r-release-windows-ix86+x86_64, r-release-osx-x86_64, r-oldrel-windows-ix86+x86_64, r-oldrel-osx-x86_64