CRAN Package Check Results for Package SCEPtER

Last updated on 2014-07-25 01:48:52.

Flavor Version Tinstall Tcheck Ttotal Status Flags
r-devel-linux-x86_64-debian-clang 0.1-0 1.53 11.38 12.90 NOTE
r-devel-linux-x86_64-debian-gcc 0.1-0 1.47 11.24 12.72 NOTE
r-devel-linux-x86_64-fedora-clang 0.1-0 25.39 NOTE
r-devel-linux-x86_64-fedora-gcc 0.1-0 24.44 NOTE
r-devel-osx-x86_64-clang 0.1-0 26.37 NOTE
r-devel-windows-ix86+x86_64 0.1-0 6.00 25.00 31.00 NOTE
r-patched-linux-x86_64 0.1-0 1.56 11.35 12.90 NOTE
r-patched-solaris-sparc 0.1-0 149.10 NOTE
r-patched-solaris-x86 0.1-0 36.40 NOTE
r-release-linux-ix86 0.1-0 2.32 18.59 20.90 NOTE
r-release-linux-x86_64 0.1-0 1.52 11.57 13.09 NOTE
r-release-osx-x86_64-mavericks 0.1-0 NOTE
r-release-osx-x86_64-snowleopard 0.1-0 OK
r-release-windows-ix86+x86_64 0.1-0 6.00 28.00 34.00 NOTE
r-oldrel-windows-ix86+x86_64 0.1-0 6.00 26.00 32.00 NOTE

Check Details

Version: 0.1-0
Check: dependencies in R code
Result: NOTE
    Package in Depends field not imported from: ‘MASS’
     These packages need to be imported from (in the NAMESPACE file)
     for when this namespace is loaded but not attached.
    See the information on DESCRIPTION files in the chapter ‘Creating R
    packages’ of the ‘Writing R Extensions’ manual.
Flavors: r-devel-linux-x86_64-debian-clang, r-devel-linux-x86_64-debian-gcc, r-devel-linux-x86_64-fedora-clang, r-devel-linux-x86_64-fedora-gcc, r-devel-osx-x86_64-clang, r-devel-windows-ix86+x86_64, r-patched-linux-x86_64, r-patched-solaris-sparc, r-patched-solaris-x86, r-release-linux-ix86, r-release-linux-x86_64, r-release-osx-x86_64-mavericks, r-release-windows-ix86+x86_64, r-oldrel-windows-ix86+x86_64