CRAN Package Check Results for Package SCEPtER

Last updated on 2015-04-25 19:47:27.

Flavor Version Tinstall Tcheck Ttotal Status Flags
r-devel-linux-x86_64-debian-clang 0.2-1 2.36 12.04 14.40 NOTE
r-devel-linux-x86_64-debian-gcc 0.2-1 2.45 11.54 13.99 ERROR
r-devel-linux-x86_64-fedora-clang 0.2-1 26.41 NOTE
r-devel-linux-x86_64-fedora-gcc 0.2-1 19.10 NOTE
r-devel-osx-x86_64-clang 0.2-1 30.56 NOTE
r-devel-windows-ix86+x86_64 0.2-1 9.00 25.00 34.00 ERROR
r-patched-linux-x86_64 0.2-1 2.60 11.62 14.22 NOTE
r-patched-solaris-sparc 0.2-1 176.10 NOTE
r-patched-solaris-x86 0.2-1 39.00 NOTE
r-release-linux-x86_64 0.2-1 2.40 11.22 13.62 NOTE
r-release-osx-x86_64-mavericks 0.2-1 NOTE
r-release-osx-x86_64-snowleopard 0.2-1 NOTE
r-release-windows-ix86+x86_64 0.2-1 8.00 25.00 33.00 NOTE
r-oldrel-windows-ix86+x86_64 0.2-1 7.00 26.00 33.00 NOTE

Check Details

Version: 0.2-1
Check: installed package size
Result: NOTE
     installed size is 6.8Mb
     sub-directories of 1Mb or more:
     data 6.7Mb
Flavors: r-devel-windows-ix86+x86_64, r-release-windows-ix86+x86_64, r-oldrel-windows-ix86+x86_64

Version: 0.2-1
Check: running examples for arch 'i386'
Result: ERROR
    Running examples in 'SCEPtER-Ex.R' failed
    The error most likely occurred in:
    
    > ### Name: estimate
    > ### Title: Mass, radius, and age estimates for the supplied objects
    > ### Aliases: estimate
    > ### Keywords: manip
    >
    > ### ** Examples
    >
    > # Solar seismic data from Thiery et al. (2000)
    > Dnisun <- 134.8
    > nimaxsun <- 3034
    >
    > # Observational data for alpha Cent B from:
    > # Kjeldsen et al. (2005), Porto de Mello et al. (2008)
    > # Observed mass and radius: 0.935 +- 0.006, 0.863 +- 0.005
    > # from Miglio & Montalban (2005)
    > acenB <- c(5316, 0, 0.25, 161.5/Dnisun, 4100/nimaxsun, 0.935, 0.863)
    > sigmaCen <- c(30, 0, 0.04, 0.01, 0.05, 0.006/0.935, 0.005/0.863)
    >
    > # Load the standard estimation grid
    > data(stdGrid)
    >
    > # order standard grid by effective temperature (required by estimate)
    > ii <- do.call(order, as.data.frame(stdGrid[,1]))
    > oGrid <- stdGrid[ii, ]
    >
    > # For accurate estimates adopt at least NUM=10000
    > NUM <- 200
    > # obtain NUM copies of the object and add Gaussian perturbations
    > star <- matrix(acenB, byrow=TRUE, nrow=NUM, ncol=7)
    > starp <- errorObs(sigmaCen, star)
    >
    > # select the observational constraints
    > # using Teff, [Fe/H], Delta nu, nu_max
    > vsel <- c(1,0,1,1,1,0,0)
    >
    > # call the estimation routines
    > res <- estimate(oGrid, starp, sigmaCen, 3, vsel)
    Error in as.data.frame.matrix(res, row.names = 1:dim) :
     NAs are not allowed in subscripted assignments
    Calls: estimate -> as.data.frame -> as.data.frame.matrix
    Execution halted
Flavor: r-devel-windows-ix86+x86_64

Version: 0.2-1
Check: running examples for arch 'x64'
Result: ERROR
    Running examples in 'SCEPtER-Ex.R' failed
    The error most likely occurred in:
    
    > ### Name: estimate
    > ### Title: Mass, radius, and age estimates for the supplied objects
    > ### Aliases: estimate
    > ### Keywords: manip
    >
    > ### ** Examples
    >
    > # Solar seismic data from Thiery et al. (2000)
    > Dnisun <- 134.8
    > nimaxsun <- 3034
    >
    > # Observational data for alpha Cent B from:
    > # Kjeldsen et al. (2005), Porto de Mello et al. (2008)
    > # Observed mass and radius: 0.935 +- 0.006, 0.863 +- 0.005
    > # from Miglio & Montalban (2005)
    > acenB <- c(5316, 0, 0.25, 161.5/Dnisun, 4100/nimaxsun, 0.935, 0.863)
    > sigmaCen <- c(30, 0, 0.04, 0.01, 0.05, 0.006/0.935, 0.005/0.863)
    >
    > # Load the standard estimation grid
    > data(stdGrid)
    >
    > # order standard grid by effective temperature (required by estimate)
    > ii <- do.call(order, as.data.frame(stdGrid[,1]))
    > oGrid <- stdGrid[ii, ]
    >
    > # For accurate estimates adopt at least NUM=10000
    > NUM <- 200
    > # obtain NUM copies of the object and add Gaussian perturbations
    > star <- matrix(acenB, byrow=TRUE, nrow=NUM, ncol=7)
    > starp <- errorObs(sigmaCen, star)
    >
    > # select the observational constraints
    > # using Teff, [Fe/H], Delta nu, nu_max
    > vsel <- c(1,0,1,1,1,0,0)
    >
    > # call the estimation routines
    > res <- estimate(oGrid, starp, sigmaCen, 3, vsel)
    Error in as.data.frame.matrix(res, row.names = 1:dim) :
     NAs are not allowed in subscripted assignments
    Calls: estimate -> as.data.frame -> as.data.frame.matrix
    Execution halted
Flavor: r-devel-windows-ix86+x86_64