CRAN Package Check Results for Package SCEPtER

Last updated on 2016-05-04 23:47:08.

Flavor Version Tinstall Tcheck Ttotal Status Flags
r-devel-linux-x86_64-debian-gcc 0.2-1 2.54 11.21 13.75 NOTE
r-devel-linux-x86_64-fedora-clang 0.2-1 22.99 NOTE
r-devel-linux-x86_64-fedora-gcc 0.2-1 22.08 NOTE
r-devel-osx-x86_64-clang 0.2-1 27.58 NOTE
r-devel-windows-ix86+x86_64 0.2-1 10.00 47.00 57.00 NOTE
r-patched-linux-x86_64 0.2-1 2.42 11.18 13.60 NOTE
r-patched-solaris-sparc 0.2-1 133.70 NOTE
r-patched-solaris-x86 0.2-1 32.00 NOTE
r-release-linux-x86_64 0.2-1 2.47 11.09 13.56 NOTE
r-release-osx-x86_64-mavericks 0.2-1 NOTE
r-release-windows-ix86+x86_64 0.2-1 10.00 47.00 57.00 NOTE
r-oldrel-windows-ix86+x86_64 0.2-1 14.00 46.00 60.00 NOTE

Check Details

Version: 0.2-1
Check: installed package size
Result: NOTE
     installed size is 6.8Mb
     sub-directories of 1Mb or more:
     data 6.7Mb
Flavors: r-devel-linux-x86_64-debian-gcc, r-devel-linux-x86_64-fedora-clang, r-devel-linux-x86_64-fedora-gcc, r-devel-osx-x86_64-clang, r-devel-windows-ix86+x86_64, r-patched-linux-x86_64, r-patched-solaris-sparc, r-patched-solaris-x86, r-release-linux-x86_64, r-release-osx-x86_64-mavericks, r-release-windows-ix86+x86_64, r-oldrel-windows-ix86+x86_64