CRAN Package Check Results for Package SCEPtER

Last updated on 2016-07-29 23:47:07.

Flavor Version Tinstall Tcheck Ttotal Status Flags
r-devel-linux-x86_64-debian-clang 0.2-1 2.55 11.21 13.77 NOTE
r-devel-linux-x86_64-debian-gcc 0.2-1 2.46 11.31 13.77 NOTE
r-devel-linux-x86_64-fedora-clang 0.2-1 22.83 NOTE
r-devel-linux-x86_64-fedora-gcc 0.2-1 20.39 NOTE
r-devel-osx-x86_64-clang 0.2-1 20.57 NOTE
r-devel-windows-ix86+x86_64 0.2-1 8.00 32.00 40.00 NOTE
r-patched-linux-x86_64 0.2-1 2.75 13.16 15.91 NOTE
r-patched-solaris-sparc 0.2-1 136.20 NOTE
r-patched-solaris-x86 0.2-1 31.80 NOTE
r-release-linux-x86_64 0.2-1 3.00 13.42 16.42 NOTE
r-release-osx-x86_64-mavericks 0.2-1 NOTE
r-release-windows-ix86+x86_64 0.2-1 9.00 44.00 53.00 NOTE
r-oldrel-windows-ix86+x86_64 0.2-1 13.00 38.00 51.00 NOTE

Check Details

Version: 0.2-1
Check: installed package size
Result: NOTE
     installed size is 6.8Mb
     sub-directories of 1Mb or more:
     data 6.7Mb
Flavors: r-devel-linux-x86_64-debian-clang, r-devel-linux-x86_64-debian-gcc, r-devel-linux-x86_64-fedora-clang, r-devel-linux-x86_64-fedora-gcc, r-devel-osx-x86_64-clang, r-devel-windows-ix86+x86_64, r-patched-linux-x86_64, r-patched-solaris-sparc, r-patched-solaris-x86, r-release-linux-x86_64, r-release-osx-x86_64-mavericks, r-release-windows-ix86+x86_64, r-oldrel-windows-ix86+x86_64