CRAN Package Check Results for Package SCEPtER

Last updated on 2016-12-04 23:48:17.

Flavor Version Tinstall Tcheck Ttotal Status Flags
r-devel-linux-x86_64-debian-clang 0.2-1 2.68 13.05 15.72 OK
r-devel-linux-x86_64-debian-gcc 0.2-1 2.57 12.94 15.51 OK
r-devel-linux-x86_64-fedora-clang 0.2-1 26.62 NOTE --no-stop-on-test-error
r-devel-linux-x86_64-fedora-gcc 0.2-1 26.39 NOTE --no-stop-on-test-error
r-devel-macos-x86_64-clang 0.2-1 23.52 NOTE
r-devel-windows-ix86+x86_64 0.2-1 8.00 49.00 57.00 NOTE
r-patched-linux-x86_64 0.2-1 2.49 11.24 13.73 OK
r-patched-solaris-sparc 0.2-1 136.20 NOTE
r-patched-solaris-x86 0.2-1 32.10 NOTE
r-release-linux-x86_64 0.2-1 2.78 11.06 13.83 OK
r-release-osx-x86_64-mavericks 0.2-1 NOTE
r-release-windows-ix86+x86_64 0.2-1 13.00 32.00 45.00 NOTE
r-oldrel-windows-ix86+x86_64 0.2-1 8.00 33.00 41.00 NOTE

Check Details

Version: 0.2-1
Flags: --no-stop-on-test-error
Check: installed package size
Result: NOTE
     installed size is 6.8Mb
     sub-directories of 1Mb or more:
     data 6.7Mb
Flavors: r-devel-linux-x86_64-fedora-clang, r-devel-linux-x86_64-fedora-gcc

Version: 0.2-1
Check: installed package size
Result: NOTE
     installed size is 6.8Mb
     sub-directories of 1Mb or more:
     data 6.7Mb
Flavors: r-devel-macos-x86_64-clang, r-devel-windows-ix86+x86_64, r-patched-solaris-sparc, r-patched-solaris-x86, r-release-osx-x86_64-mavericks, r-release-windows-ix86+x86_64, r-oldrel-windows-ix86+x86_64