CRAN Package Check Results for Package SCEPtER

Last updated on 2015-03-05 17:49:17.

Flavor Version Tinstall Tcheck Ttotal Status Flags
r-devel-linux-x86_64-debian-clang 0.2-1 2.45 11.46 13.91 NOTE
r-devel-linux-x86_64-debian-gcc 0.2-1 2.42 11.15 13.56 NOTE
r-devel-linux-x86_64-fedora-clang 0.2-1 25.85 NOTE
r-devel-linux-x86_64-fedora-gcc 0.2-1 24.68 NOTE
r-devel-osx-x86_64-clang 0.2-1 30.91 NOTE
r-devel-windows-ix86+x86_64 0.2-1 8.00 26.00 34.00 NOTE
r-patched-linux-x86_64 0.2-1 2.48 12.87 15.36 NOTE
r-patched-solaris-sparc 0.2-1 192.00 NOTE
r-patched-solaris-x86 0.2-1 43.70 NOTE
r-release-linux-ix86 0.2-1 3.99 19.80 23.79 NOTE
r-release-linux-x86_64 0.2-1 2.54 12.76 15.29 NOTE
r-release-osx-x86_64-mavericks 0.2-1 NOTE
r-release-osx-x86_64-snowleopard 0.2-1 NOTE
r-release-windows-ix86+x86_64 0.2-1 8.00 27.00 35.00 NOTE
r-oldrel-windows-ix86+x86_64 0.2-0 10.00 22.00 32.00 ERROR

Check Details

Version: 0.2-1
Check: installed package size
Result: NOTE
     installed size is 6.8Mb
     sub-directories of 1Mb or more:
     data 6.7Mb
Flavors: r-devel-linux-x86_64-debian-clang, r-devel-linux-x86_64-debian-gcc, r-devel-linux-x86_64-fedora-clang, r-devel-linux-x86_64-fedora-gcc, r-devel-osx-x86_64-clang, r-devel-windows-ix86+x86_64, r-patched-linux-x86_64, r-patched-solaris-sparc, r-patched-solaris-x86, r-release-linux-ix86, r-release-linux-x86_64, r-release-osx-x86_64-mavericks, r-release-osx-x86_64-snowleopard, r-release-windows-ix86+x86_64

Version: 0.2-0
Check: installed package size
Result: NOTE
     installed size is 6.8Mb
     sub-directories of 1Mb or more:
     data 6.7Mb
Flavor: r-oldrel-windows-ix86+x86_64

Version: 0.2-0
Check: running examples for arch 'i386'
Result: ERROR
    Running examples in 'SCEPtER-Ex.R' failed
    The error most likely occurred in:
    
    > ### Name: estimate
    > ### Title: Mass, radius, and age estimates for the supplied objects
    > ### Aliases: estimate
    > ### Keywords: manip
    >
    > ### ** Examples
    >
    > # Solar seismic data from Thiery et al. (2000)
    > Dnisun <- 134.8
    > nimaxsun <- 3034
    >
    > # Observational data for alpha Cent B from:
    > # Kjeldsen et al. (2005), Porto de Mello et al. (2008)
    > # Observed mass and radius: 0.935 +- 0.006, 0.863 +- 0.005
    > # from Miglio & Montalban (2005)
    > acenB <- c(5316, 0, 0.25, 161.5/Dnisun, 4100/nimaxsun, 0.935, 0.863)
    > sigmaCen <- c(30, 0, 0.04, 0.01, 0.05, 0.006/0.935, 0.005/0.863)
    >
    > # Load the standard estimation grid
    > data(stdGrid)
    >
    > # order standard grid by effective temperature (required by estimate)
    > ii <- do.call(order, as.data.frame(stdGrid[,1]))
    > oGrid <- stdGrid[ii, ]
    >
    > # For accurate estimates adopt at least NUM=10000
    > NUM <- 200
    > # obtain NUM copies of the object and add Gaussian perturbations
    > star <- matrix(acenB, byrow=TRUE, nrow=NUM, ncol=7)
    > starp <- errorObs(sigmaCen, star)
    >
    > # select the observational constraints
    > # using Teff, [Fe/H], Delta nu, nu_max
    > vsel <- c(1,0,1,1,1,0,0)
    >
    > # call the estimation routines
    > res <- estimate(oGrid, starp, sigmaCen, 3, vsel)
    Error in rep(no, length.out = length(ans)) :
     attempt to replicate an object of type 'closure'
    Calls: estimate -> ifelse
    Execution halted
Flavor: r-oldrel-windows-ix86+x86_64

Version: 0.2-0
Check: running examples for arch 'x64'
Result: ERROR
    Running examples in 'SCEPtER-Ex.R' failed
    The error most likely occurred in:
    
    > ### Name: estimate
    > ### Title: Mass, radius, and age estimates for the supplied objects
    > ### Aliases: estimate
    > ### Keywords: manip
    >
    > ### ** Examples
    >
    > # Solar seismic data from Thiery et al. (2000)
    > Dnisun <- 134.8
    > nimaxsun <- 3034
    >
    > # Observational data for alpha Cent B from:
    > # Kjeldsen et al. (2005), Porto de Mello et al. (2008)
    > # Observed mass and radius: 0.935 +- 0.006, 0.863 +- 0.005
    > # from Miglio & Montalban (2005)
    > acenB <- c(5316, 0, 0.25, 161.5/Dnisun, 4100/nimaxsun, 0.935, 0.863)
    > sigmaCen <- c(30, 0, 0.04, 0.01, 0.05, 0.006/0.935, 0.005/0.863)
    >
    > # Load the standard estimation grid
    > data(stdGrid)
    >
    > # order standard grid by effective temperature (required by estimate)
    > ii <- do.call(order, as.data.frame(stdGrid[,1]))
    > oGrid <- stdGrid[ii, ]
    >
    > # For accurate estimates adopt at least NUM=10000
    > NUM <- 200
    > # obtain NUM copies of the object and add Gaussian perturbations
    > star <- matrix(acenB, byrow=TRUE, nrow=NUM, ncol=7)
    > starp <- errorObs(sigmaCen, star)
    >
    > # select the observational constraints
    > # using Teff, [Fe/H], Delta nu, nu_max
    > vsel <- c(1,0,1,1,1,0,0)
    >
    > # call the estimation routines
    > res <- estimate(oGrid, starp, sigmaCen, 3, vsel)
    Error in rep(no, length.out = length(ans)) :
     attempt to replicate an object of type 'closure'
    Calls: estimate -> ifelse
    Execution halted
Flavor: r-oldrel-windows-ix86+x86_64