CRAN Package Check Results for Package SCEPtER

Last updated on 2016-02-10 09:47:36.

Flavor Version Tinstall Tcheck Ttotal Status Flags
r-devel-linux-x86_64-debian-gcc 0.2-1 2.35 10.18 12.53 NOTE
r-devel-linux-x86_64-fedora-clang 0.2-1 22.35 NOTE
r-devel-linux-x86_64-fedora-gcc 0.2-1 20.98 NOTE
r-devel-osx-x86_64-clang 0.2-1 27.07 NOTE
r-devel-windows-ix86+x86_64 0.2-1 11.00 41.00 52.00 NOTE
r-patched-linux-x86_64 0.2-1 2.58 11.34 13.92 NOTE
r-patched-solaris-sparc 0.2-1 152.70 NOTE
r-patched-solaris-x86 0.2-1 34.90 NOTE
r-release-linux-x86_64 0.2-1 2.62 11.53 14.15 NOTE
r-release-osx-x86_64-mavericks 0.2-1 NOTE
r-release-windows-ix86+x86_64 0.2-1 11.00 44.00 55.00 NOTE
r-oldrel-windows-ix86+x86_64 0.2-1 12.00 31.00 43.00 NOTE

Check Details

Version: 0.2-1
Check: installed package size
Result: NOTE
     installed size is 6.8Mb
     sub-directories of 1Mb or more:
     data 6.7Mb
Flavors: r-devel-linux-x86_64-debian-gcc, r-devel-linux-x86_64-fedora-clang, r-devel-linux-x86_64-fedora-gcc, r-devel-osx-x86_64-clang, r-devel-windows-ix86+x86_64, r-patched-linux-x86_64, r-patched-solaris-sparc, r-patched-solaris-x86, r-release-linux-x86_64, r-release-osx-x86_64-mavericks, r-release-windows-ix86+x86_64, r-oldrel-windows-ix86+x86_64