CRAN Package Check Results for Package SCEPtER

Last updated on 2015-08-03 11:49:29.

Flavor Version Tinstall Tcheck Ttotal Status Flags
r-devel-linux-x86_64-debian-clang 0.2-1 2.52 11.31 13.82 NOTE
r-devel-linux-x86_64-debian-gcc 0.2-1 2.30 10.74 13.05 NOTE
r-devel-linux-x86_64-fedora-clang 0.2-1 25.04 NOTE
r-devel-linux-x86_64-fedora-gcc 0.2-1 24.27 NOTE
r-devel-osx-x86_64-clang 0.2-1 27.44 NOTE
r-devel-windows-ix86+x86_64 0.2-1 9.00 27.00 36.00 NOTE
r-patched-linux-x86_64 0.2-1 2.42 11.41 13.83 NOTE
r-patched-solaris-sparc 0.2-1 176.80 NOTE
r-patched-solaris-x86 0.2-1 40.30 NOTE
r-release-linux-x86_64 0.2-1 2.38 11.32 13.69 NOTE
r-release-osx-x86_64-mavericks 0.2-1 NOTE
r-release-windows-ix86+x86_64 0.2-1 11.00 42.00 53.00 NOTE
r-oldrel-windows-ix86+x86_64 0.2-1 11.00 42.00 53.00 NOTE

Check Details

Version: 0.2-1
Check: installed package size
Result: NOTE
     installed size is 6.8Mb
     sub-directories of 1Mb or more:
     data 6.7Mb
Flavors: r-devel-linux-x86_64-debian-clang, r-devel-linux-x86_64-debian-gcc, r-devel-linux-x86_64-fedora-clang, r-devel-linux-x86_64-fedora-gcc, r-devel-osx-x86_64-clang, r-devel-windows-ix86+x86_64, r-patched-linux-x86_64, r-patched-solaris-sparc, r-patched-solaris-x86, r-release-linux-x86_64, r-release-osx-x86_64-mavericks, r-release-windows-ix86+x86_64, r-oldrel-windows-ix86+x86_64