CRAN Package Check Results for Package SCEPtER

Last updated on 2016-06-29 23:51:41.

Flavor Version Tinstall Tcheck Ttotal Status Flags
r-devel-linux-x86_64-debian-gcc 0.2-1 2.74 12.94 15.68 NOTE
r-devel-linux-x86_64-fedora-clang 0.2-1 22.40 NOTE
r-devel-linux-x86_64-fedora-gcc 0.2-1 21.35 NOTE
r-devel-osx-x86_64-clang 0.2-1 20.82 NOTE
r-devel-windows-ix86+x86_64 0.2-1 8.00 46.00 54.00 NOTE
r-patched-linux-x86_64 0.2-1 2.61 11.23 13.84 NOTE
r-patched-solaris-sparc 0.2-1 136.20 NOTE
r-patched-solaris-x86 0.2-1 32.40 NOTE
r-release-linux-x86_64 0.2-1 2.46 11.29 13.75 NOTE
r-release-osx-x86_64-mavericks 0.2-1 NOTE
r-release-windows-ix86+x86_64 0.2-1 11.00 41.00 52.00 NOTE
r-oldrel-windows-ix86+x86_64 0.2-1 12.00 32.00 44.00 NOTE

Check Details

Version: 0.2-1
Check: installed package size
Result: NOTE
     installed size is 6.8Mb
     sub-directories of 1Mb or more:
     data 6.7Mb
Flavors: r-devel-linux-x86_64-debian-gcc, r-devel-linux-x86_64-fedora-clang, r-devel-linux-x86_64-fedora-gcc, r-devel-osx-x86_64-clang, r-devel-windows-ix86+x86_64, r-patched-linux-x86_64, r-patched-solaris-sparc, r-patched-solaris-x86, r-release-linux-x86_64, r-release-osx-x86_64-mavericks, r-release-windows-ix86+x86_64, r-oldrel-windows-ix86+x86_64