CRAN Package Check Results for Package SCEPtER

Last updated on 2015-05-25 16:47:24.

Flavor Version Tinstall Tcheck Ttotal Status Flags
r-devel-linux-x86_64-debian-clang 0.2-1 2.44 11.38 13.82 NOTE
r-devel-linux-x86_64-debian-gcc 0.2-1 2.35 11.28 13.62 NOTE
r-devel-linux-x86_64-fedora-clang 0.2-1 25.21 NOTE
r-devel-linux-x86_64-fedora-gcc 0.2-1 24.81 NOTE
r-devel-osx-x86_64-clang 0.2-1 30.68 NOTE
r-devel-windows-ix86+x86_64 0.2-1 9.00 27.00 36.00 NOTE
r-patched-linux-x86_64 0.2-1 2.36 11.68 14.04 NOTE
r-patched-solaris-sparc 0.2-1 178.60 NOTE
r-patched-solaris-x86 0.2-1 39.80 NOTE
r-release-linux-x86_64 0.2-1 2.53 11.52 14.06 NOTE
r-release-osx-x86_64-mavericks 0.2-1 NOTE
r-release-osx-x86_64-snowleopard 0.2-1 NOTE
r-release-windows-ix86+x86_64 0.2-1 8.00 27.00 35.00 NOTE
r-oldrel-windows-ix86+x86_64 0.2-1 10.00 28.00 38.00 NOTE

Check Details

Version: 0.2-1
Check: installed package size
Result: NOTE
     installed size is 6.8Mb
     sub-directories of 1Mb or more:
     data 6.7Mb
Flavors: r-devel-linux-x86_64-debian-clang, r-devel-linux-x86_64-debian-gcc, r-devel-linux-x86_64-fedora-clang, r-devel-linux-x86_64-fedora-gcc, r-devel-osx-x86_64-clang, r-devel-windows-ix86+x86_64, r-patched-linux-x86_64, r-patched-solaris-sparc, r-patched-solaris-x86, r-release-linux-x86_64, r-release-osx-x86_64-mavericks, r-release-osx-x86_64-snowleopard, r-release-windows-ix86+x86_64, r-oldrel-windows-ix86+x86_64