CRAN Package Check Results for Package SCEPtER

Last updated on 2016-10-01 12:48:03.

Flavor Version Tinstall Tcheck Ttotal Status Flags
r-devel-linux-x86_64-debian-clang 0.2-1 2.65 12.61 15.26 NOTE
r-devel-linux-x86_64-debian-gcc 0.2-1 2.59 12.29 14.89 NOTE
r-devel-linux-x86_64-fedora-clang 0.2-1 25.17 NOTE
r-devel-linux-x86_64-fedora-gcc 0.2-1 23.13 NOTE
r-devel-macos-x86_64-clang 0.2-1 21.09 NOTE
r-devel-windows-ix86+x86_64 0.2-1 8.00 42.00 50.00 NOTE
r-patched-linux-x86_64 0.2-1 2.52 11.41 13.93 NOTE
r-patched-solaris-sparc 0.2-1 136.20 NOTE
r-patched-solaris-x86 0.2-1 31.80 NOTE
r-release-linux-x86_64 0.2-1 2.47 11.68 14.15 NOTE
r-release-osx-x86_64-mavericks 0.2-1 NOTE
r-release-windows-ix86+x86_64 0.2-1 8.00 36.00 44.00 NOTE
r-oldrel-windows-ix86+x86_64 0.2-1 15.00 44.00 59.00 NOTE

Check Details

Version: 0.2-1
Check: installed package size
Result: NOTE
     installed size is 6.8Mb
     sub-directories of 1Mb or more:
     data 6.7Mb
Flavors: r-devel-linux-x86_64-debian-clang, r-devel-linux-x86_64-debian-gcc, r-devel-linux-x86_64-fedora-clang, r-devel-linux-x86_64-fedora-gcc, r-devel-macos-x86_64-clang, r-devel-windows-ix86+x86_64, r-patched-linux-x86_64, r-patched-solaris-sparc, r-patched-solaris-x86, r-release-linux-x86_64, r-release-osx-x86_64-mavericks, r-release-windows-ix86+x86_64, r-oldrel-windows-ix86+x86_64