CRAN Package Check Results for Package SCEPtER

Last updated on 2014-04-23 12:48:27.

Flavor Version Tinstall Tcheck Ttotal Status Flags
r-devel-linux-x86_64-debian-clang 0.1-0 1.54 12.19 13.73 NOTE
r-devel-linux-x86_64-debian-gcc 0.1-0 1.55 12.01 13.56 NOTE
r-devel-linux-x86_64-fedora-clang 0.1-0 24.77 NOTE
r-devel-linux-x86_64-fedora-gcc 0.1-0 23.86 NOTE
r-devel-osx-x86_64-clang 0.1-0 25.25 NOTE
r-devel-osx-x86_64-gcc 0.1-0 NOTE
r-devel-windows-ix86+x86_64 0.1-0 6.00 25.00 31.00 NOTE
r-patched-linux-x86_64 0.1-0 1.53 11.94 13.48 NOTE
r-patched-solaris-sparc 0.1-0 149.10 NOTE
r-patched-solaris-x86 0.1-0 37.10 NOTE
r-release-linux-ix86 0.1-0 2.00 27.00 29.00 NOTE
r-release-linux-x86_64 0.1-0 1.55 11.81 13.36 NOTE
r-release-osx-x86_64-mavericks 0.1-0 WARN
r-release-osx-x86_64-snowleopard 0.1-0 OK
r-release-windows-ix86+x86_64 0.1-0 6.00 25.00 31.00 NOTE
r-oldrel-windows-ix86+x86_64 0.1-0 7.00 26.00 33.00 NOTE

Check Details

Version: 0.1-0
Check: dependencies in R code
Result: NOTE
    Package in Depends field not imported from: ‘MASS’
     These packages need to be imported from (in the NAMESPACE file)
     for when this namespace is loaded but not attached.
    See the information on DESCRIPTION files in the chapter ‘Creating R
    packages’ of the ‘Writing R Extensions’ manual.
Flavors: r-devel-linux-x86_64-debian-clang, r-devel-linux-x86_64-debian-gcc, r-devel-linux-x86_64-fedora-clang, r-devel-linux-x86_64-fedora-gcc, r-devel-osx-x86_64-clang, r-devel-osx-x86_64-gcc, r-devel-windows-ix86+x86_64, r-patched-linux-x86_64, r-patched-solaris-sparc, r-patched-solaris-x86, r-release-linux-ix86, r-release-linux-x86_64, r-release-osx-x86_64-mavericks, r-release-windows-ix86+x86_64, r-oldrel-windows-ix86+x86_64

Version: 0.1-0
Check: PDF version of manual
Result: WARNING
    LaTeX errors when creating PDF version.
    This typically indicates Rd problems.
    LaTeX errors found:
    ! LaTeX Error: File `upquote.sty' not found.
    
    Type X to quit or <RETURN> to proceed,
    or enter new name. (Default extension: sty)
    
    3e624c8e/Rd2.tex:8: ==> Fatal error occurred, no output PDF file produced!
Flavor: r-release-osx-x86_64-mavericks