CRAN Package Check Results for Package SCEPtER

Last updated on 2017-06-29 06:53:21.

Flavor Version Tinstall Tcheck Ttotal Status Flags
r-devel-linux-x86_64-debian-clang 0.2-1 2.65 14.02 16.67 NOTE
r-devel-linux-x86_64-debian-gcc 0.2-1 2.52 14.99 17.51 NOTE
r-devel-linux-x86_64-fedora-clang 0.2-1 25.80 NOTE
r-devel-linux-x86_64-fedora-gcc 0.2-1 25.22 NOTE
r-devel-windows-ix86+x86_64 0.2-1 11.00 37.00 48.00 NOTE
r-patched-linux-x86_64 0.2-1 2.74 13.19 15.93 NOTE
r-patched-solaris-sparc 0.2-1 169.80 NOTE
r-patched-solaris-x86 0.2-1 39.10 NOTE
r-release-linux-x86_64 0.2-1 2.71 13.21 15.92 NOTE
r-release-windows-ix86+x86_64 0.2-1 9.00 44.00 53.00 NOTE
r-release-osx-x86_64 0.2-1 NOTE
r-oldrel-windows-ix86+x86_64 0.2-1 11.00 40.00 51.00 NOTE
r-oldrel-osx-x86_64 0.2-1 NOTE

Check Details

Version: 0.2-1
Check: compiled code
Result: NOTE
    File ‘SCEPtER/libs/SCEPtER.so’:
     Found no calls to: ‘R_registerRoutines’, ‘R_useDynamicSymbols’
    
    It is good practice to register native routines and to disable symbol
    search.
    
    See ‘Writing portable packages’ in the ‘Writing R Extensions’ manual.
Flavors: r-devel-linux-x86_64-debian-clang, r-devel-linux-x86_64-debian-gcc, r-devel-linux-x86_64-fedora-clang, r-devel-linux-x86_64-fedora-gcc, r-patched-linux-x86_64, r-release-linux-x86_64

Version: 0.2-1
Check: installed package size
Result: NOTE
     installed size is 6.8Mb
     sub-directories of 1Mb or more:
     data 6.7Mb
Flavors: r-devel-linux-x86_64-fedora-clang, r-devel-linux-x86_64-fedora-gcc, r-devel-windows-ix86+x86_64, r-patched-solaris-sparc, r-patched-solaris-x86, r-release-windows-ix86+x86_64, r-release-osx-x86_64, r-oldrel-windows-ix86+x86_64, r-oldrel-osx-x86_64