CRAN Package Check Results for Package SCEPtER

Last updated on 2014-12-20 19:48:31.

Flavor Version Tinstall Tcheck Ttotal Status Flags
r-devel-linux-x86_64-debian-clang 0.2-0 2.56 12.78 15.34 NOTE
r-devel-linux-x86_64-debian-gcc 0.2-0 2.47 12.41 14.88 NOTE
r-devel-linux-x86_64-fedora-clang 0.2-0 18.25 NOTE
r-devel-linux-x86_64-fedora-gcc 0.2-0 17.06 NOTE
r-devel-osx-x86_64-clang 0.2-0 38.59 NOTE
r-devel-windows-ix86+x86_64 0.2-0 10.00 27.00 37.00 NOTE
r-patched-linux-x86_64 0.2-0 2.55 12.80 15.35 NOTE
r-patched-solaris-sparc 0.2-0 159.70 NOTE
r-patched-solaris-x86 0.2-0 43.50 NOTE
r-release-linux-ix86 0.2-0 4.04 19.12 23.16 NOTE
r-release-linux-x86_64 0.2-0 2.51 12.41 14.92 NOTE
r-release-osx-x86_64-mavericks 0.2-0 NOTE
r-release-osx-x86_64-snowleopard 0.2-0 NOTE
r-release-windows-ix86+x86_64 0.2-0 8.00 27.00 35.00 NOTE
r-oldrel-windows-ix86+x86_64 0.2-0 9.00 24.00 33.00 ERROR

Check Details

Version: 0.2-0
Check: installed package size
Result: NOTE
     installed size is 6.8Mb
     sub-directories of 1Mb or more:
     data 6.7Mb
Flavors: r-devel-linux-x86_64-debian-clang, r-devel-linux-x86_64-debian-gcc, r-devel-linux-x86_64-fedora-clang, r-devel-linux-x86_64-fedora-gcc, r-devel-osx-x86_64-clang, r-devel-windows-ix86+x86_64, r-patched-linux-x86_64, r-patched-solaris-sparc, r-patched-solaris-x86, r-release-linux-ix86, r-release-linux-x86_64, r-release-osx-x86_64-mavericks, r-release-osx-x86_64-snowleopard, r-release-windows-ix86+x86_64, r-oldrel-windows-ix86+x86_64

Version: 0.2-0
Check: running examples for arch 'i386'
Result: ERROR
    Running examples in 'SCEPtER-Ex.R' failed
    The error most likely occurred in:
    
    > ### Name: estimate
    > ### Title: Mass, radius, and age estimates for the supplied objects
    > ### Aliases: estimate
    > ### Keywords: manip
    >
    > ### ** Examples
    >
    > # Solar seismic data from Thiery et al. (2000)
    > Dnisun <- 134.8
    > nimaxsun <- 3034
    >
    > # Observational data for alpha Cent B from:
    > # Kjeldsen et al. (2005), Porto de Mello et al. (2008)
    > # Observed mass and radius: 0.935 +- 0.006, 0.863 +- 0.005
    > # from Miglio & Montalban (2005)
    > acenB <- c(5316, 0, 0.25, 161.5/Dnisun, 4100/nimaxsun, 0.935, 0.863)
    > sigmaCen <- c(30, 0, 0.04, 0.01, 0.05, 0.006/0.935, 0.005/0.863)
    >
    > # Load the standard estimation grid
    > data(stdGrid)
    >
    > # order standard grid by effective temperature (required by estimate)
    > ii <- do.call(order, as.data.frame(stdGrid[,1]))
    > oGrid <- stdGrid[ii, ]
    >
    > # For accurate estimates adopt at least NUM=10000
    > NUM <- 200
    > # obtain NUM copies of the object and add Gaussian perturbations
    > star <- matrix(acenB, byrow=TRUE, nrow=NUM, ncol=7)
    > starp <- errorObs(sigmaCen, star)
    >
    > # select the observational constraints
    > # using Teff, [Fe/H], Delta nu, nu_max
    > vsel <- c(1,0,1,1,1,0,0)
    >
    > # call the estimation routines
    > res <- estimate(oGrid, starp, sigmaCen, 3, vsel)
    Error in rep(no, length.out = length(ans)) :
     attempt to replicate an object of type 'closure'
    Calls: estimate -> ifelse
    Execution halted
Flavor: r-oldrel-windows-ix86+x86_64

Version: 0.2-0
Check: running examples for arch 'x64'
Result: ERROR
    Running examples in 'SCEPtER-Ex.R' failed
    The error most likely occurred in:
    
    > ### Name: estimate
    > ### Title: Mass, radius, and age estimates for the supplied objects
    > ### Aliases: estimate
    > ### Keywords: manip
    >
    > ### ** Examples
    >
    > # Solar seismic data from Thiery et al. (2000)
    > Dnisun <- 134.8
    > nimaxsun <- 3034
    >
    > # Observational data for alpha Cent B from:
    > # Kjeldsen et al. (2005), Porto de Mello et al. (2008)
    > # Observed mass and radius: 0.935 +- 0.006, 0.863 +- 0.005
    > # from Miglio & Montalban (2005)
    > acenB <- c(5316, 0, 0.25, 161.5/Dnisun, 4100/nimaxsun, 0.935, 0.863)
    > sigmaCen <- c(30, 0, 0.04, 0.01, 0.05, 0.006/0.935, 0.005/0.863)
    >
    > # Load the standard estimation grid
    > data(stdGrid)
    >
    > # order standard grid by effective temperature (required by estimate)
    > ii <- do.call(order, as.data.frame(stdGrid[,1]))
    > oGrid <- stdGrid[ii, ]
    >
    > # For accurate estimates adopt at least NUM=10000
    > NUM <- 200
    > # obtain NUM copies of the object and add Gaussian perturbations
    > star <- matrix(acenB, byrow=TRUE, nrow=NUM, ncol=7)
    > starp <- errorObs(sigmaCen, star)
    >
    > # select the observational constraints
    > # using Teff, [Fe/H], Delta nu, nu_max
    > vsel <- c(1,0,1,1,1,0,0)
    >
    > # call the estimation routines
    > res <- estimate(oGrid, starp, sigmaCen, 3, vsel)
    Error in rep(no, length.out = length(ans)) :
     attempt to replicate an object of type 'closure'
    Calls: estimate -> ifelse
    Execution halted
Flavor: r-oldrel-windows-ix86+x86_64