CRAN Package Check Results for Package SCEPtERextras

Last updated on 2014-12-18 11:50:16.

Flavor Version Tinstall Tcheck Ttotal Status Flags
r-devel-linux-x86_64-debian-clang 0.1-0 3.06 6.52 9.58 NOTE
r-devel-linux-x86_64-debian-gcc 0.1-0 3.00 6.56 9.56 NOTE
r-devel-linux-x86_64-fedora-clang 0.1-0 20.33 NOTE
r-devel-linux-x86_64-fedora-gcc 0.1-0 18.60 NOTE
r-devel-osx-x86_64-clang 0.1-0 21.21 NOTE
r-devel-windows-ix86+x86_64 0.1-0 9.00 14.00 23.00 NOTE
r-patched-linux-x86_64 0.1-0 3.04 7.00 10.04 NOTE
r-patched-solaris-sparc 0.1-0 108.90 NOTE
r-patched-solaris-x86 0.1-0 29.10 NOTE
r-release-linux-ix86 0.1-0 4.25 9.93 14.18 NOTE
r-release-linux-x86_64 0.1-0 3.02 6.28 9.31 NOTE
r-release-osx-x86_64-mavericks 0.1-0 NOTE
r-release-windows-ix86+x86_64 0.1-0 6.00 10.00 16.00 NOTE
r-oldrel-windows-ix86+x86_64 0.1-0 6.00 10.00 16.00 NOTE

Check Details

Version: 0.1-0
Check: installed package size
Result: NOTE
     installed size is 8.4Mb
     sub-directories of 1Mb or more:
     data 8.4Mb
Flavors: r-devel-linux-x86_64-debian-clang, r-devel-linux-x86_64-debian-gcc, r-devel-linux-x86_64-fedora-clang, r-devel-linux-x86_64-fedora-gcc, r-devel-osx-x86_64-clang, r-devel-windows-ix86+x86_64, r-patched-linux-x86_64, r-patched-solaris-sparc, r-patched-solaris-x86, r-release-linux-ix86, r-release-linux-x86_64, r-release-osx-x86_64-mavericks, r-release-windows-ix86+x86_64, r-oldrel-windows-ix86+x86_64