CRAN Package Check Results for Package SCEPtERextras

Last updated on 2014-11-28 07:47:18.

Flavor Version Tinstall Tcheck Ttotal Status Flags
r-devel-linux-x86_64-debian-clang 0.1-0 2.90 6.58 9.48 NOTE
r-devel-linux-x86_64-debian-gcc 0.1-0 2.86 6.37 9.23 NOTE
r-devel-linux-x86_64-fedora-clang 0.1-0 19.89 NOTE
r-devel-linux-x86_64-fedora-gcc 0.1-0 21.38 NOTE
r-devel-osx-x86_64-clang 0.1-0 21.19 NOTE
r-devel-windows-ix86+x86_64 0.1-0 6.00 11.00 17.00 NOTE
r-patched-linux-x86_64 0.1-0 2.98 6.60 9.58 NOTE
r-patched-solaris-sparc 0.1-0 108.90 NOTE
r-patched-solaris-x86 0.1-0 28.30 NOTE
r-release-linux-ix86 0.1-0 4.22 10.06 14.28 NOTE
r-release-linux-x86_64 0.1-0 2.95 6.20 9.15 NOTE
r-release-osx-x86_64-mavericks 0.1-0 NOTE
r-release-windows-ix86+x86_64 0.1-0 6.00 10.00 16.00 NOTE
r-oldrel-windows-ix86+x86_64 0.1-0 6.00 10.00 16.00 NOTE

Check Details

Version: 0.1-0
Check: installed package size
Result: NOTE
     installed size is 8.4Mb
     sub-directories of 1Mb or more:
     data 8.4Mb
Flavors: r-devel-linux-x86_64-debian-clang, r-devel-linux-x86_64-debian-gcc, r-devel-linux-x86_64-fedora-clang, r-devel-linux-x86_64-fedora-gcc, r-devel-osx-x86_64-clang, r-devel-windows-ix86+x86_64, r-patched-linux-x86_64, r-patched-solaris-sparc, r-patched-solaris-x86, r-release-linux-ix86, r-release-linux-x86_64, r-release-osx-x86_64-mavericks, r-release-windows-ix86+x86_64, r-oldrel-windows-ix86+x86_64