CRAN Package Check Results for Package SCEPtERextras

Last updated on 2014-09-19 13:46:59.

Flavor Version Tinstall Tcheck Ttotal Status Flags
r-devel-linux-x86_64-debian-clang 0.1-0 3.11 6.17 9.28 NOTE
r-devel-linux-x86_64-debian-gcc 0.1-0 2.86 5.98 8.83 NOTE
r-devel-linux-x86_64-fedora-clang 0.1-0 17.77 NOTE
r-devel-linux-x86_64-fedora-gcc 0.1-0 17.99 NOTE
r-devel-osx-x86_64-clang 0.1-0 21.16 NOTE
r-devel-windows-ix86+x86_64 0.1-0 6.00 11.00 17.00 NOTE
r-patched-linux-x86_64 0.1-0 3.04 6.14 9.18 NOTE
r-patched-solaris-sparc 0.1-0 108.90 NOTE
r-patched-solaris-x86 0.1-0 27.70 NOTE
r-release-linux-ix86 0.1-0 4.44 10.22 14.66 NOTE
r-release-linux-x86_64 0.1-0 2.91 6.20 9.11 NOTE
r-release-osx-x86_64-mavericks 0.1-0 NOTE
r-release-windows-ix86+x86_64 0.1-0 7.00 11.00 18.00 NOTE
r-oldrel-windows-ix86+x86_64 0.1-0 6.00 10.00 16.00 NOTE

Check Details

Version: 0.1-0
Check: installed package size
Result: NOTE
     installed size is 8.4Mb
     sub-directories of 1Mb or more:
     data 8.4Mb
Flavors: r-devel-linux-x86_64-debian-clang, r-devel-linux-x86_64-debian-gcc, r-devel-linux-x86_64-fedora-clang, r-devel-linux-x86_64-fedora-gcc, r-devel-osx-x86_64-clang, r-devel-windows-ix86+x86_64, r-patched-linux-x86_64, r-patched-solaris-sparc, r-patched-solaris-x86, r-release-linux-ix86, r-release-linux-x86_64, r-release-osx-x86_64-mavericks, r-release-windows-ix86+x86_64, r-oldrel-windows-ix86+x86_64