CRAN Package Check Results for Package SCEPtERextras

Last updated on 2014-07-29 17:47:58.

Flavor Version Tinstall Tcheck Ttotal Status Flags
r-devel-linux-x86_64-debian-clang 0.1-0 4.20 5.98 10.18 NOTE
r-devel-linux-x86_64-debian-gcc 0.1-0 2.92 6.14 9.06 NOTE
r-devel-linux-x86_64-fedora-clang 0.1-0 17.40 NOTE
r-devel-linux-x86_64-fedora-gcc 0.1-0 16.85 NOTE
r-devel-osx-x86_64-clang 0.1-0 19.92 NOTE
r-devel-windows-ix86+x86_64 0.1-0 6.00 11.00 17.00 NOTE
r-patched-linux-x86_64 0.1-0 2.90 6.08 8.98 NOTE
r-patched-solaris-sparc 0.1-0 111.90 NOTE
r-patched-solaris-x86 0.1-0 27.30 NOTE
r-release-linux-ix86 0.1-0 4.44 9.96 14.40 NOTE
r-release-linux-x86_64 0.1-0 3.04 5.97 9.01 NOTE
r-release-osx-x86_64-mavericks 0.1-0 NOTE
r-release-windows-ix86+x86_64 0.1-0 7.00 11.00 18.00 NOTE
r-oldrel-windows-ix86+x86_64 0.1-0 6.00 10.00 16.00 NOTE

Check Details

Version: 0.1-0
Check: installed package size
Result: NOTE
     installed size is 8.4Mb
     sub-directories of 1Mb or more:
     data 8.4Mb
Flavors: r-devel-linux-x86_64-debian-clang, r-devel-linux-x86_64-debian-gcc, r-devel-linux-x86_64-fedora-clang, r-devel-linux-x86_64-fedora-gcc, r-devel-osx-x86_64-clang, r-devel-windows-ix86+x86_64, r-patched-linux-x86_64, r-patched-solaris-sparc, r-patched-solaris-x86, r-release-linux-ix86, r-release-linux-x86_64, r-release-osx-x86_64-mavericks, r-release-windows-ix86+x86_64, r-oldrel-windows-ix86+x86_64