CRAN Package Check Results for Package SCEPtERextras

Last updated on 2014-10-02 03:47:56.

Flavor Version Tinstall Tcheck Ttotal Status Flags
r-devel-linux-x86_64-debian-clang 0.1-0 3.06 6.36 9.42 NOTE
r-devel-linux-x86_64-debian-gcc 0.1-0 2.95 6.44 9.39 NOTE
r-devel-linux-x86_64-fedora-clang 0.1-0 18.07 NOTE
r-devel-linux-x86_64-fedora-gcc 0.1-0 19.59 NOTE
r-devel-osx-x86_64-clang 0.1-0 20.77 NOTE
r-devel-windows-ix86+x86_64 0.1-0 6.00 12.00 18.00 NOTE
r-patched-linux-x86_64 0.1-0 2.92 6.33 9.25 NOTE
r-patched-solaris-sparc 0.1-0 108.90 NOTE
r-patched-solaris-x86 0.1-0 27.90 NOTE
r-release-linux-ix86 0.1-0 4.51 10.82 15.33 NOTE
r-release-linux-x86_64 0.1-0 3.08 6.13 9.20 NOTE
r-release-osx-x86_64-mavericks 0.1-0 NOTE
r-release-windows-ix86+x86_64 0.1-0 7.00 11.00 18.00 NOTE
r-oldrel-windows-ix86+x86_64 0.1-0 6.00 10.00 16.00 NOTE

Check Details

Version: 0.1-0
Check: installed package size
Result: NOTE
     installed size is 8.4Mb
     sub-directories of 1Mb or more:
     data 8.4Mb
Flavors: r-devel-linux-x86_64-debian-clang, r-devel-linux-x86_64-debian-gcc, r-devel-linux-x86_64-fedora-clang, r-devel-linux-x86_64-fedora-gcc, r-devel-osx-x86_64-clang, r-devel-windows-ix86+x86_64, r-patched-linux-x86_64, r-patched-solaris-sparc, r-patched-solaris-x86, r-release-linux-ix86, r-release-linux-x86_64, r-release-osx-x86_64-mavericks, r-release-windows-ix86+x86_64, r-oldrel-windows-ix86+x86_64