CRAN Package Check Results for Package SCGLR

Last updated on 2016-02-06 22:47:19.

Flavor Version Tinstall Tcheck Ttotal Status Flags
r-devel-linux-x86_64-debian-gcc 2.0.2 3.12 67.91 71.04 WARN
r-devel-linux-x86_64-fedora-clang 2.0.2 138.03 WARN
r-devel-linux-x86_64-fedora-gcc 2.0.2 133.37 WARN
r-devel-osx-x86_64-clang 2.0.2 144.49 WARN
r-devel-windows-ix86+x86_64 2.0.2 13.00 70.00 83.00 NOTE --no-vignettes
r-patched-linux-x86_64 2.0.2 3.09 73.40 76.49 NOTE
r-patched-solaris-sparc 2.0.2 508.30 OK --no-vignettes
r-patched-solaris-x86 2.0.2 110.50 OK --no-build-vignettes
r-release-linux-x86_64 2.0.2 3.14 76.31 79.45 WARN
r-release-osx-x86_64-mavericks 2.0.2 OK
r-release-windows-ix86+x86_64 2.0.2 9.00 87.00 96.00 OK --no-vignettes
r-oldrel-windows-ix86+x86_64 2.0.2 19.00 120.00 139.00 WARN --no-vignettes

Check Details

Version: 2.0.2
Check: R code for possible problems
Result: NOTE
    infoCriterion: no visible global function definition for ‘dbinom’
    infoCriterion: no visible global function definition for ‘dpois’
    infoCriterion: no visible global function definition for ‘dnorm’
    metricBloc: no visible global function definition for ‘model.matrix’
    multivariateGlm: no visible global function definition for
     ‘model.matrix’
    multivariateGlm: no visible global function definition for
     ‘model.extract’
    multivariateGlm.fit: no visible global function definition for
     ‘as.formula’
    multivariateGlm.fit: no visible global function definition for ‘glm’
    multivariatePredictGlm: no visible global function definition for
     ‘as.formula’
    multivariatePredictGlm: no visible global function definition for
     ‘model.matrix’
    pairs.SCGLR: no visible global function definition for ‘combn’
    plot.SCGLR: no visible global function definition for ‘cor’
    plot.SCGLR: no visible global function definition for ‘aggregate’
    scglr: no visible binding for global variable ‘na.omit’
    scglr: no visible global function definition for ‘model.matrix’
    scglr: no visible global function definition for ‘model.extract’
    scglr: no visible binding for global variable ‘coef’
    scglr: no visible global function definition for ‘cor’
    scglrCrossVal: no visible binding for global variable ‘na.omit’
    scglrCrossVal: no visible global function definition for ‘model.matrix’
    scglrCrossVal: no visible global function definition for
     ‘model.extract’
    scglrCrossVal : mainFolds: no visible binding for global variable
     ‘coef’
    summary.SCGLR: no visible global function definition for ‘cor’
    summary.SCGLR: no visible global function definition for ‘combn’
    Undefined global functions or variables:
     aggregate as.formula coef combn cor dbinom dnorm dpois glm
     model.extract model.matrix na.omit
    Consider adding
     importFrom("stats", "aggregate", "as.formula", "coef", "cor", "dbinom",
     "dnorm", "dpois", "glm", "model.extract", "model.matrix",
     "na.omit")
     importFrom("utils", "combn")
    to your NAMESPACE file.
Flavors: r-devel-linux-x86_64-debian-gcc, r-devel-linux-x86_64-fedora-clang, r-devel-osx-x86_64-clang

Version: 2.0.2
Check: re-building of vignette outputs
Result: WARN
    Error in re-building vignettes:
     ...
    Quitting from lines 242-243 (scglrVignettes.rnw)
    Error: processing vignette ‘scglrVignettes.rnw’ failed with diagnostics:
    stat_count() must not be used with a y aesthetic.
    Execution halted
Flavors: r-devel-linux-x86_64-debian-gcc, r-devel-linux-x86_64-fedora-clang, r-devel-linux-x86_64-fedora-gcc, r-devel-osx-x86_64-clang

Version: 2.0.2
Check: R code for possible problems
Result: NOTE
    infoCriterion: no visible global function definition for ‘dbinom’
    infoCriterion: no visible global function definition for ‘dpois’
    infoCriterion: no visible global function definition for ‘dnorm’
    metricBloc: no visible global function definition for ‘model.matrix’
    multivariateGlm: no visible global function definition for
     ‘model.matrix’
    multivariateGlm: no visible global function definition for
     ‘model.extract’
    multivariateGlm.fit: no visible global function definition for
     ‘as.formula’
    multivariateGlm.fit: no visible global function definition for ‘glm’
    multivariatePredictGlm: no visible global function definition for
     ‘as.formula’
    multivariatePredictGlm: no visible global function definition for
     ‘model.matrix’
    pairs.SCGLR: no visible global function definition for ‘combn’
    plot.SCGLR: no visible global function definition for ‘cor’
    plot.SCGLR: no visible global function definition for ‘aggregate’
    scglr: no visible binding for global variable ‘na.omit’
    scglr: no visible global function definition for ‘model.matrix’
    scglr: no visible global function definition for ‘model.extract’
    scglr: no visible binding for global variable ‘coef’
    scglr: no visible global function definition for ‘cor’
    scglrCrossVal: no visible binding for global variable ‘na.omit’
    scglrCrossVal: no visible global function definition for ‘model.matrix’
    scglrCrossVal: no visible global function definition for
     ‘model.extract’
    scglrCrossVal : mainFolds: no visible binding for global variable
     ‘coef’
    summary.SCGLR: no visible global function definition for ‘cor’
    summary.SCGLR: no visible global function definition for ‘combn’
    Undefined global functions or variables:
     aggregate as.formula coef combn cor dbinom dnorm dpois glm
     model.extract model.matrix na.omit
    Consider adding
     importFrom("stats", "aggregate", "as.formula", "coef", "cor", "dbinom",
     "dnorm", "dpois", "glm", "model.extract", "model.matrix",
     "na.omit")
     importFrom("utils", "combn")
    to your NAMESPACE.
Flavor: r-devel-linux-x86_64-fedora-gcc

Version: 2.0.2
Flags: --no-vignettes
Check: R code for possible problems
Result: NOTE
    infoCriterion: no visible global function definition for 'dbinom'
    infoCriterion: no visible global function definition for 'dpois'
    infoCriterion: no visible global function definition for 'dnorm'
    metricBloc: no visible global function definition for 'model.matrix'
    multivariateGlm: no visible global function definition for
     'model.matrix'
    multivariateGlm: no visible global function definition for
     'model.extract'
    multivariateGlm.fit: no visible global function definition for
     'as.formula'
    multivariateGlm.fit: no visible global function definition for 'glm'
    multivariatePredictGlm: no visible global function definition for
     'as.formula'
    multivariatePredictGlm: no visible global function definition for
     'model.matrix'
    pairs.SCGLR: no visible global function definition for 'combn'
    plot.SCGLR: no visible global function definition for 'cor'
    plot.SCGLR: no visible global function definition for 'aggregate'
    scglr: no visible binding for global variable 'na.omit'
    scglr: no visible global function definition for 'model.matrix'
    scglr: no visible global function definition for 'model.extract'
    scglr: no visible binding for global variable 'coef'
    scglr: no visible global function definition for 'cor'
    scglrCrossVal: no visible binding for global variable 'na.omit'
    scglrCrossVal: no visible global function definition for 'model.matrix'
    scglrCrossVal: no visible global function definition for
     'model.extract'
    scglrCrossVal : mainFolds: no visible binding for global variable
     'coef'
    summary.SCGLR: no visible global function definition for 'cor'
    summary.SCGLR: no visible global function definition for 'combn'
    Undefined global functions or variables:
     aggregate as.formula coef combn cor dbinom dnorm dpois glm
     model.extract model.matrix na.omit
    Consider adding
     importFrom("stats", "aggregate", "as.formula", "coef", "cor", "dbinom",
     "dnorm", "dpois", "glm", "model.extract", "model.matrix",
     "na.omit")
     importFrom("utils", "combn")
    to your NAMESPACE.
Flavor: r-devel-windows-ix86+x86_64

Version: 2.0.2
Check: re-building of vignette outputs
Result: NOTE
    Error in re-building vignettes:
     ...
    Quitting from lines 242-243 (scglrVignettes.rnw)
    Error: processing vignette ‘scglrVignettes.rnw’ failed with diagnostics:
    stat_count() must not be used with a y aesthetic.
    Execution halted
Flavors: r-patched-linux-x86_64, r-release-linux-x86_64

Version: 2.0.2
Check: whether package can be installed
Result: WARN
    Found the following significant warnings:
     Warning: replacing previous import by ‘grid::arrow’ when loading ‘SCGLR’
     Warning: replacing previous import by ‘grid::unit’ when loading ‘SCGLR’
Flavor: r-release-linux-x86_64

Version: 2.0.2
Flags: --no-vignettes
Check: whether package can be installed
Result: WARN
    Found the following significant warnings:
     Warning: replacing previous import by 'grid::arrow' when loading 'SCGLR'
     Warning: replacing previous import by 'grid::unit' when loading 'SCGLR'
Flavor: r-oldrel-windows-ix86+x86_64