CRAN Package Check Results for Package SCGLR

Last updated on 2014-09-02 17:46:59.

Flavor Version Tinstall Tcheck Ttotal Status Flags
r-devel-linux-x86_64-debian-clang 2.0 4.49 540.45 544.94 NOTE
r-devel-linux-x86_64-debian-gcc 2.0 4.57 514.38 518.95 NOTE
r-devel-linux-x86_64-fedora-clang 2.0 1012.62 NOTE
r-devel-linux-x86_64-fedora-gcc 2.0 1034.59 NOTE
r-devel-osx-x86_64-clang 2.0 731.98 NOTE
r-devel-windows-ix86+x86_64 2.0 16.00 705.00 721.00 NOTE
r-patched-linux-x86_64 2.0 4.79 557.69 562.48 OK
r-patched-solaris-sparc 2.0 733.20 OK --no-vignettes
r-patched-solaris-x86 2.0 758.60 OK --no-build-vignettes
r-release-linux-ix86 2.0 5.80 776.60 782.40 OK
r-release-linux-x86_64 2.0 4.90 555.59 560.49 OK
r-release-osx-x86_64-mavericks 2.0 NOTE
r-release-osx-x86_64-snowleopard 2.0 OK
r-release-windows-ix86+x86_64 2.0 16.00 712.00 728.00 OK
r-oldrel-windows-ix86+x86_64 2.0 19.00 680.00 699.00 OK

Check Details

Version: 2.0
Check: R code for possible problems
Result: NOTE
    scglrCrossVal: no visible global function definition for ‘mclapply’
Flavors: r-devel-linux-x86_64-debian-clang, r-devel-linux-x86_64-debian-gcc, r-devel-linux-x86_64-fedora-clang, r-devel-linux-x86_64-fedora-gcc, r-devel-osx-x86_64-clang, r-devel-windows-ix86+x86_64

Version: 2.0
Check: re-building of vignette outputs
Result: NOTE
    Error in re-building vignettes:
     ...
    Warning: running command 'kpsewhich framed.sty' had status 1
    Warning in test_latex_pkg("framed", system.file("misc", "framed.sty", package = "knitr")) :
     unable to find LaTeX package 'framed'; will use a copy from knitr
    Error in texi2dvi(file = file, pdf = TRUE, clean = clean, quiet = quiet, :
     Running 'texi2dvi' on 'scglrVignettes.tex' failed.
    LaTeX errors:
    ! LaTeX Error: File `diagbox.sty' not found.
    
    Type X to quit or <RETURN> to proceed,
    or enter new name. (Default extension: sty)
    
    est/SCGLR/vignettes/scglrVignettes.tex:63: ==> Fatal error occurred, no output
     PDF file produced!
    Calls: buildVignettes -> texi2pdf -> texi2dvi
    Execution halted
Flavor: r-release-osx-x86_64-mavericks