CRAN Package Check Results for Package SCGLR

Last updated on 2015-07-30 21:47:23.

Flavor Version Tinstall Tcheck Ttotal Status Flags
r-devel-linux-x86_64-debian-clang 2.0.2 3.55 76.83 80.38 NOTE
r-devel-linux-x86_64-debian-gcc 2.0.2 3.04 75.56 78.60 NOTE
r-devel-linux-x86_64-fedora-clang 2.0.2 159.78 NOTE
r-devel-linux-x86_64-fedora-gcc 2.0.2 157.15 NOTE
r-devel-osx-x86_64-clang 2.0.2 138.31 OK
r-devel-windows-ix86+x86_64 2.0.2 9.00 93.00 102.00 NOTE --no-vignettes
r-patched-linux-x86_64 2.0.2 3.23 74.65 77.88 OK
r-patched-solaris-sparc 2.0.2 553.00 OK --no-vignettes
r-patched-solaris-x86 2.0.2 127.70 OK --no-build-vignettes
r-release-linux-x86_64 2.0.2 3.27 75.02 78.28 OK
r-release-osx-x86_64-mavericks 2.0.2 OK
r-release-windows-ix86+x86_64 2.0.2 14.00 96.00 110.00 OK --no-vignettes
r-oldrel-windows-ix86+x86_64 2.0.2 15.00 97.00 112.00 OK --no-vignettes

Check Details

Version: 2.0.2
Check: R code for possible problems
Result: NOTE
    infoCriterion: no visible global function definition for ‘dbinom’
    infoCriterion: no visible global function definition for ‘dpois’
    infoCriterion: no visible global function definition for ‘dnorm’
    metricBloc: no visible global function definition for ‘model.matrix’
    multivariateGlm: no visible global function definition for
     ‘model.matrix’
    multivariateGlm: no visible global function definition for
     ‘model.extract’
    multivariateGlm.fit: no visible global function definition for
     ‘as.formula’
    multivariateGlm.fit: no visible global function definition for ‘glm’
    multivariatePredictGlm: no visible global function definition for
     ‘as.formula’
    multivariatePredictGlm: no visible global function definition for
     ‘model.matrix’
    pairs.SCGLR: no visible global function definition for ‘combn’
    plot.SCGLR: no visible global function definition for ‘cor’
    plot.SCGLR: no visible global function definition for ‘aggregate’
    scglr: no visible binding for global variable ‘na.omit’
    scglr: no visible global function definition for ‘model.matrix’
    scglr: no visible global function definition for ‘model.extract’
    scglr: no visible binding for global variable ‘coef’
    scglr: no visible global function definition for ‘cor’
    scglrCrossVal: no visible binding for global variable ‘na.omit’
    scglrCrossVal: no visible global function definition for ‘model.matrix’
    scglrCrossVal: no visible global function definition for
     ‘model.extract’
    scglrCrossVal : mainFolds: no visible binding for global variable
     ‘coef’
    summary.SCGLR: no visible global function definition for ‘cor’
    summary.SCGLR: no visible global function definition for ‘combn’
    Undefined global functions or variables:
     aggregate as.formula coef combn cor dbinom dnorm dpois glm
     model.extract model.matrix na.omit
    Consider adding
     importFrom("stats", "aggregate", "as.formula", "coef", "cor", "dbinom",
     "dnorm", "dpois", "glm", "model.extract", "model.matrix",
     "na.omit")
     importFrom("utils", "combn")
    to your NAMESPACE.
Flavors: r-devel-linux-x86_64-debian-clang, r-devel-linux-x86_64-debian-gcc, r-devel-linux-x86_64-fedora-clang, r-devel-linux-x86_64-fedora-gcc

Version: 2.0.2
Flags: --no-vignettes
Check: R code for possible problems
Result: NOTE
    infoCriterion: no visible global function definition for 'dbinom'
    infoCriterion: no visible global function definition for 'dpois'
    infoCriterion: no visible global function definition for 'dnorm'
    metricBloc: no visible global function definition for 'model.matrix'
    multivariateGlm: no visible global function definition for
     'model.matrix'
    multivariateGlm: no visible global function definition for
     'model.extract'
    multivariateGlm.fit: no visible global function definition for
     'as.formula'
    multivariateGlm.fit: no visible global function definition for 'glm'
    multivariatePredictGlm: no visible global function definition for
     'as.formula'
    multivariatePredictGlm: no visible global function definition for
     'model.matrix'
    pairs.SCGLR: no visible global function definition for 'combn'
    plot.SCGLR: no visible global function definition for 'cor'
    plot.SCGLR: no visible global function definition for 'aggregate'
    scglr: no visible binding for global variable 'na.omit'
    scglr: no visible global function definition for 'model.matrix'
    scglr: no visible global function definition for 'model.extract'
    scglr: no visible binding for global variable 'coef'
    scglr: no visible global function definition for 'cor'
    scglrCrossVal: no visible binding for global variable 'na.omit'
    scglrCrossVal: no visible global function definition for 'model.matrix'
    scglrCrossVal: no visible global function definition for
     'model.extract'
    scglrCrossVal : mainFolds: no visible binding for global variable
     'coef'
    summary.SCGLR: no visible global function definition for 'cor'
    summary.SCGLR: no visible global function definition for 'combn'
    Undefined global functions or variables:
     aggregate as.formula coef combn cor dbinom dnorm dpois glm
     model.extract model.matrix na.omit
    Consider adding
     importFrom("stats", "aggregate", "as.formula", "coef", "cor", "dbinom",
     "dnorm", "dpois", "glm", "model.extract", "model.matrix",
     "na.omit")
     importFrom("utils", "combn")
    to your NAMESPACE.
Flavor: r-devel-windows-ix86+x86_64