CRAN Package Check Results for Package SCGLR

Last updated on 2015-05-28 00:47:12.

Flavor Version Tinstall Tcheck Ttotal Status Flags
r-devel-linux-x86_64-debian-clang 2.0.2 3.14 78.37 81.51 OK
r-devel-linux-x86_64-debian-gcc 2.0.2 3.14 75.65 78.78 OK
r-devel-linux-x86_64-fedora-clang 2.0.2 160.33 OK
r-devel-linux-x86_64-fedora-gcc 2.0.2 156.13 OK
r-devel-osx-x86_64-clang 2.0.2 135.02 OK
r-devel-windows-ix86+x86_64 2.0.2 10.00 65.00 75.00 OK --no-vignettes
r-patched-linux-x86_64 2.0.2 3.02 74.68 77.70 OK
r-patched-solaris-sparc 2.0.2 539.20 OK --no-vignettes
r-patched-solaris-x86 2.0.2 127.20 OK --no-build-vignettes
r-release-linux-x86_64 2.0.2 3.08 76.46 79.54 OK
r-release-osx-x86_64-mavericks 2.0.2 OK
r-release-osx-x86_64-snowleopard 2.0.2 ERROR
r-release-windows-ix86+x86_64 2.0.2 9.00 104.00 113.00 OK --no-vignettes
r-oldrel-windows-ix86+x86_64 2.0.2 14.00 133.00 147.00 OK --no-vignettes

Check Details

Version: 2.0.2
Check: package dependencies
Result: ERROR
    Package required but not available: ‘ggplot2’
    
    Packages suggested but not available for checking: ‘gridExtra’ ‘knitr’
    
    VignetteBuilder package required for checking but not installed: ‘knitr’
    
    Files named as vignettes but with no recognized vignette engine:
     ‘inst/doc/scglrVignettes.rnw’
    (Is a VignetteBuilder field missing?)
    
    See section ‘The DESCRIPTION file’ in the ‘Writing R Extensions’
    manual.
Flavor: r-release-osx-x86_64-snowleopard