CRAN Package Check Results for Package SCGLR

Last updated on 2014-07-29 20:49:12.

Flavor Version Tinstall Tcheck Ttotal Status Flags
r-devel-linux-x86_64-debian-clang 2.0 4.83 546.09 550.92 OK
r-devel-linux-x86_64-debian-gcc 2.0 5.64 539.64 545.28 OK
r-devel-linux-x86_64-fedora-clang 2.0 1047.93 OK
r-devel-linux-x86_64-fedora-gcc 2.0 1039.58 OK
r-devel-osx-x86_64-clang 2.0 736.82 OK
r-devel-windows-ix86+x86_64 2.0 15.00 735.00 750.00 OK
r-patched-linux-x86_64 2.0 4.78 509.60 514.38 OK
r-patched-solaris-sparc 2.0 690.70 OK --no-vignettes
r-patched-solaris-x86 2.0 737.70 OK --no-build-vignettes
r-release-linux-ix86 2.0 5.74 781.98 787.72 OK
r-release-linux-x86_64 2.0 6.15 545.97 552.12 OK
r-release-osx-x86_64-mavericks 2.0 NOTE
r-release-osx-x86_64-snowleopard 2.0 OK
r-release-windows-ix86+x86_64 2.0 13.00 708.00 721.00 OK
r-oldrel-windows-ix86+x86_64 2.0 14.00 744.00 758.00 OK

Check Details

Version: 2.0
Check: re-building of vignette outputs
Result: NOTE
    Error in re-building vignettes:
     ...
    Warning: running command 'kpsewhich framed.sty' had status 1
    Warning in test_latex_pkg("framed", system.file("misc", "framed.sty", package = "knitr")) :
     unable to find LaTeX package 'framed'; will use a copy from knitr
    Error in texi2dvi(file = file, pdf = TRUE, clean = clean, quiet = quiet, :
     Running 'texi2dvi' on 'scglrVignettes.tex' failed.
    LaTeX errors:
    ! LaTeX Error: File `diagbox.sty' not found.
    
    Type X to quit or <RETURN> to proceed,
    or enter new name. (Default extension: sty)
    
    est/SCGLR/vignettes/scglrVignettes.tex:63: ==> Fatal error occurred, no output
     PDF file produced!
    Calls: buildVignettes -> texi2pdf -> texi2dvi
    Execution halted
Flavor: r-release-osx-x86_64-mavericks