CRAN Package Check Results for Package SCGLR

Last updated on 2014-11-26 05:47:57.

Flavor Version Tinstall Tcheck Ttotal Status Flags
r-devel-linux-x86_64-debian-clang 2.0.1 5.70 519.42 525.12 OK
r-devel-linux-x86_64-debian-gcc 2.0.1 6.09 508.06 514.15 OK
r-devel-linux-x86_64-fedora-clang 2.0.1 962.91 OK
r-devel-linux-x86_64-fedora-gcc 2.0.1 966.33 OK
r-devel-osx-x86_64-clang 2.0.1 731.65 OK
r-devel-windows-ix86+x86_64 2.0.1 15.00 686.00 701.00 OK
r-patched-linux-x86_64 2.0.1 4.78 524.91 529.69 OK
r-patched-solaris-sparc 2.0.1 746.60 OK --no-vignettes
r-patched-solaris-x86 2.0.1 614.20 OK --no-build-vignettes
r-release-linux-ix86 2.0.1 5.61 730.81 736.42 OK
r-release-linux-x86_64 2.0.1 4.83 519.66 524.49 OK
r-release-osx-x86_64-mavericks 2.0.1 NOTE
r-release-osx-x86_64-snowleopard 2.0.1 OK
r-release-windows-ix86+x86_64 2.0.1 17.00 750.00 767.00 OK
r-oldrel-windows-ix86+x86_64 2.0.1 15.00 731.00 746.00 OK

Check Details

Version: 2.0.1
Check: re-building of vignette outputs
Result: NOTE
    Error in re-building vignettes:
     ...
    Warning: running command 'kpsewhich framed.sty' had status 1
    Warning in test_latex_pkg("framed", system.file("misc", "framed.sty", package = "knitr")) :
     unable to find LaTeX package 'framed'; will use a copy from knitr
    Error in texi2dvi(file = file, pdf = TRUE, clean = clean, quiet = quiet, :
     Running 'texi2dvi' on 'scglrVignettes.tex' failed.
    LaTeX errors:
    ! LaTeX Error: File `diagbox.sty' not found.
    
    Type X to quit or <RETURN> to proceed,
    or enter new name. (Default extension: sty)
    
    est/SCGLR/vignettes/scglrVignettes.tex:63: ==> Fatal error occurred, no output
     PDF file produced!
    Calls: buildVignettes -> texi2pdf -> texi2dvi
    Execution halted
Flavor: r-release-osx-x86_64-mavericks