CRAN Package Check Results for Package SCGLR

Last updated on 2014-08-31 05:50:20.

Flavor Version Tinstall Tcheck Ttotal Status Flags
r-devel-linux-x86_64-debian-clang 2.0 4.63 527.62 532.25 NOTE
r-devel-linux-x86_64-debian-gcc 2.0 4.51 494.17 498.68 NOTE
r-devel-linux-x86_64-fedora-clang 2.0 1094.13 NOTE
r-devel-linux-x86_64-fedora-gcc 2.0 1034.59 NOTE
r-devel-osx-x86_64-clang 2.0 719.93 NOTE
r-devel-windows-ix86+x86_64 2.0 14.00 700.00 714.00 NOTE
r-patched-linux-x86_64 2.0 4.75 541.19 545.94 OK
r-patched-solaris-sparc 2.0 733.20 OK --no-vignettes
r-patched-solaris-x86 2.0 719.00 OK --no-build-vignettes
r-release-linux-ix86 2.0 5.80 776.60 782.40 OK
r-release-linux-x86_64 2.0 4.90 516.52 521.42 OK
r-release-osx-x86_64-mavericks 2.0 NOTE
r-release-osx-x86_64-snowleopard 2.0 OK
r-release-windows-ix86+x86_64 2.0 17.00 716.00 733.00 OK
r-oldrel-windows-ix86+x86_64 2.0 15.00 726.00 741.00 OK

Check Details

Version: 2.0
Check: R code for possible problems
Result: NOTE
    scglrCrossVal: no visible global function definition for ‘mclapply’
Flavors: r-devel-linux-x86_64-debian-clang, r-devel-linux-x86_64-debian-gcc, r-devel-linux-x86_64-fedora-clang, r-devel-linux-x86_64-fedora-gcc, r-devel-osx-x86_64-clang, r-devel-windows-ix86+x86_64

Version: 2.0
Check: re-building of vignette outputs
Result: NOTE
    Error in re-building vignettes:
     ...
    Warning: running command 'kpsewhich framed.sty' had status 1
    Warning in test_latex_pkg("framed", system.file("misc", "framed.sty", package = "knitr")) :
     unable to find LaTeX package 'framed'; will use a copy from knitr
    Error in texi2dvi(file = file, pdf = TRUE, clean = clean, quiet = quiet, :
     Running 'texi2dvi' on 'scglrVignettes.tex' failed.
    LaTeX errors:
    ! LaTeX Error: File `diagbox.sty' not found.
    
    Type X to quit or <RETURN> to proceed,
    or enter new name. (Default extension: sty)
    
    est/SCGLR/vignettes/scglrVignettes.tex:63: ==> Fatal error occurred, no output
     PDF file produced!
    Calls: buildVignettes -> texi2pdf -> texi2dvi
    Execution halted
Flavor: r-release-osx-x86_64-mavericks