CRAN Package Check Results for Package SCGLR

Last updated on 2014-12-18 23:47:59.

Flavor Version Tinstall Tcheck Ttotal Status Flags
r-devel-linux-x86_64-debian-clang 2.0.1 4.67 513.68 518.35 OK
r-devel-linux-x86_64-debian-gcc 2.0.1 4.79 530.32 535.11 OK
r-devel-linux-x86_64-fedora-clang 2.0.1 967.65 OK
r-devel-linux-x86_64-fedora-gcc 2.0.1 853.07 OK
r-devel-osx-x86_64-clang 2.0.1 718.16 OK
r-devel-windows-ix86+x86_64 2.0.1 15.00 655.00 670.00 OK
r-patched-linux-x86_64 2.0.1 4.94 532.43 537.37 OK
r-patched-solaris-sparc 2.0.1 746.60 OK --no-vignettes
r-patched-solaris-x86 2.0.1 749.20 OK --no-build-vignettes
r-release-linux-ix86 2.0.1 5.66 739.25 744.90 OK
r-release-linux-x86_64 2.0.1 5.07 538.50 543.57 OK
r-release-osx-x86_64-mavericks 2.0.1 NOTE
r-release-osx-x86_64-snowleopard 2.0.1 OK
r-release-windows-ix86+x86_64 2.0.1 15.00 733.00 748.00 OK
r-oldrel-windows-ix86+x86_64 2.0.1 17.00 736.00 753.00 OK

Check Details

Version: 2.0.1
Check: re-building of vignette outputs
Result: NOTE
    Error in re-building vignettes:
     ...
    Warning: running command 'kpsewhich framed.sty' had status 1
    Warning in test_latex_pkg("framed", system.file("misc", "framed.sty", package = "knitr")) :
     unable to find LaTeX package 'framed'; will use a copy from knitr
    Error in texi2dvi(file = file, pdf = TRUE, clean = clean, quiet = quiet, :
     Running 'texi2dvi' on 'scglrVignettes.tex' failed.
    LaTeX errors:
    ! LaTeX Error: File `diagbox.sty' not found.
    
    Type X to quit or <RETURN> to proceed,
    or enter new name. (Default extension: sty)
    
    est/SCGLR/vignettes/scglrVignettes.tex:63: ==> Fatal error occurred, no output
     PDF file produced!
    Calls: buildVignettes -> texi2pdf -> texi2dvi
    Execution halted
Flavor: r-release-osx-x86_64-mavericks