CRAN Package Check Results for Package SCGLR

Last updated on 2014-10-31 15:50:19.

Flavor Version Tinstall Tcheck Ttotal Status Flags
r-devel-linux-x86_64-debian-clang 2.0.1 4.63 530.99 535.62 OK
r-devel-linux-x86_64-debian-gcc 2.0.1 4.70 515.79 520.49 OK
r-devel-linux-x86_64-fedora-clang 2.0.1 1016.73 OK
r-devel-linux-x86_64-fedora-gcc 2.0.1 996.01 OK
r-devel-osx-x86_64-clang 2.0.1 687.30 OK
r-devel-windows-ix86+x86_64 2.0.1 13.00 669.00 682.00 OK
r-patched-linux-x86_64 2.0.1 4.78 497.43 502.21 OK
r-patched-solaris-sparc 2.0.1 746.60 OK --no-vignettes
r-patched-solaris-x86 2.0.1 724.20 OK --no-build-vignettes
r-release-linux-ix86 2.0 5.86 795.20 801.07 OK
r-release-linux-x86_64 2.0 4.73 500.39 505.12 OK
r-release-osx-x86_64-mavericks 2.0.1 NOTE
r-release-osx-x86_64-snowleopard 2.0.1 OK
r-release-windows-ix86+x86_64 2.0.1 14.00 734.00 748.00 OK
r-oldrel-windows-ix86+x86_64 2.0.1 16.00 707.00 723.00 OK

Check Details

Version: 2.0.1
Check: re-building of vignette outputs
Result: NOTE
    Error in re-building vignettes:
     ...
    Warning: running command 'kpsewhich framed.sty' had status 1
    Warning in test_latex_pkg("framed", system.file("misc", "framed.sty", package = "knitr")) :
     unable to find LaTeX package 'framed'; will use a copy from knitr
    Error in texi2dvi(file = file, pdf = TRUE, clean = clean, quiet = quiet, :
     Running 'texi2dvi' on 'scglrVignettes.tex' failed.
    LaTeX errors:
    ! LaTeX Error: File `diagbox.sty' not found.
    
    Type X to quit or <RETURN> to proceed,
    or enter new name. (Default extension: sty)
    
    est/SCGLR/vignettes/scglrVignettes.tex:63: ==> Fatal error occurred, no output
     PDF file produced!
    Calls: buildVignettes -> texi2pdf -> texi2dvi
    Execution halted
Flavor: r-release-osx-x86_64-mavericks