CRAN Package Check Results for Package SCGLR

Last updated on 2017-11-24 18:50:57 CET.

Flavor Version Tinstall Tcheck Ttotal Status Flags
r-devel-linux-x86_64-debian-clang 2.0.3 4.51 162.64 167.16 OK
r-devel-linux-x86_64-debian-gcc 2.0.3 3.67 138.86 142.53 OK
r-devel-linux-x86_64-fedora-clang 2.0.3 142.07 OK
r-devel-linux-x86_64-fedora-gcc 2.0.3 139.75 OK
r-devel-windows-ix86+x86_64 2.0.3 8.00 100.00 108.00 OK --no-vignettes
r-patched-linux-x86_64 2.0.3 4.11 175.67 179.78 OK
r-patched-solaris-x86 2.0.3 125.60 OK --no-build-vignettes
r-release-linux-x86_64 2.0.3 4.42 175.57 179.99 OK
r-release-windows-ix86+x86_64 2.0.3 8.00 110.00 118.00 OK --no-vignettes
r-release-osx-x86_64 2.0.3 WARN
r-oldrel-windows-ix86+x86_64 2.0.3 9.00 103.00 112.00 OK --no-vignettes
r-oldrel-osx-x86_64 2.0.3 OK

Check Details

Version: 2.0.3
Check: re-building of vignette outputs
Result: WARN
    Error in re-building vignettes:
     ...
    Warning: running command 'kpsewhich framed.sty' had status 1
    Warning in test_latex_pkg("framed", system.file("misc", "framed.sty", package = "knitr")) :
     unable to find LaTeX package 'framed'; will use a copy from knitr
    Error in texi2dvi(file = file, pdf = TRUE, clean = clean, quiet = quiet, :
     Running 'texi2dvi' on 'scglrVignettes.tex' failed.
    LaTeX errors:
    ! LaTeX Error: File `diagbox.sty' not found.
    
    Type X to quit or <RETURN> to proceed,
    or enter new name. (Default extension: sty)
    
    ! Emergency stop.
    <read *>
    
    l.64 \usepackage
     {url}^^M
    ! ==> Fatal error occurred, no output PDF file produced!
    Calls: buildVignettes -> texi2pdf -> texi2dvi
    Execution halted
Flavor: r-release-osx-x86_64