CRAN Package Check Results for Package SCGLR

Last updated on 2014-04-24 19:54:08.

Flavor Version Tinstall Tcheck Ttotal Status Flags
r-devel-linux-x86_64-debian-clang 1.2 5.01 367.18 372.19 OK
r-devel-linux-x86_64-debian-gcc 1.2 4.97 322.86 327.84 OK
r-devel-linux-x86_64-fedora-clang 1.2 826.93 OK
r-devel-linux-x86_64-fedora-gcc 1.2 715.92 OK
r-devel-osx-x86_64-clang 1.2 681.50 OK
r-devel-osx-x86_64-gcc 1.2 ERROR
r-devel-windows-ix86+x86_64 1.2 14.00 478.00 492.00 OK
r-patched-linux-x86_64 1.2 4.88 348.79 353.67 OK
r-patched-solaris-sparc 1.2 712.10 OK --no-vignettes
r-patched-solaris-x86 1.2 550.80 OK --no-build-vignettes
r-release-linux-ix86 1.2 8.00 546.00 554.00 OK
r-release-linux-x86_64 1.2 4.89 334.18 339.07 OK
r-release-osx-x86_64-mavericks 1.2 NOTE
r-release-osx-x86_64-snowleopard 1.2 OK
r-release-windows-ix86+x86_64 1.2 14.00 473.00 487.00 OK
r-oldrel-windows-ix86+x86_64 1.2 15.00 468.00 483.00 OK

Check Details

Version: 1.2
Check: package dependencies
Result: ERROR
    Package required but not available: ‘ggplot2’
    
    See the information on DESCRIPTION files in the chapter ‘Creating R
    packages’ of the ‘Writing R Extensions’ manual.
Flavor: r-devel-osx-x86_64-gcc

Version: 1.2
Check: re-building of vignette outputs
Result: NOTE
    Error in re-building vignettes:
     ...
    KernSmooth 2.23 loaded
    Copyright M. P. Wand 1997-2009
    Error in texi2dvi(file = file, pdf = TRUE, clean = clean, quiet = quiet, :
     Running 'texi2dvi' on 'scglrVignettes.tex' failed.
    LaTeX errors:
    ! LaTeX Error: File `diagbox.sty' not found.
    
    Type X to quit or <RETURN> to proceed,
    or enter new name. (Default extension: sty)
    
    est/SCGLR/vignettes/scglrVignettes.tex:9: ==> Fatal error occurred, no output
    PDF file produced!
    Calls: buildVignettes -> texi2pdf -> texi2dvi
    Execution halted
Flavor: r-release-osx-x86_64-mavericks