CRAN Package Check Results for Package SCGLR

Last updated on 2018-06-21 20:47:13 CEST.

Flavor Version Tinstall Tcheck Ttotal Status Flags
r-devel-linux-x86_64-debian-clang 2.0.3 6.98 117.50 124.48 OK
r-devel-linux-x86_64-debian-gcc 2.0.3 6.66 100.25 106.91 OK
r-devel-linux-x86_64-fedora-clang 2.0.3 161.60 OK
r-devel-linux-x86_64-fedora-gcc 2.0.3 157.54 OK
r-devel-windows-ix86+x86_64 2.0.3 18.00 113.00 131.00 OK --no-vignettes
r-patched-linux-x86_64 2.0.3 5.12 116.95 122.07 OK
r-patched-solaris-x86 2.0.3 128.60 OK --no-build-vignettes
r-release-linux-x86_64 2.0.3 6.27 117.30 123.57 OK
r-release-windows-ix86+x86_64 2.0.3 10.00 99.00 109.00 OK --no-vignettes
r-release-osx-x86_64 2.0.3 OK
r-oldrel-windows-ix86+x86_64 2.0.3 9.00 67.00 76.00 OK --no-vignettes
r-oldrel-osx-x86_64 2.0.3 WARN

Check Details

Version: 2.0.3
Check: re-building of vignette outputs
Result: WARN
    Error in re-building vignettes:
     ...
    Warning: running command 'kpsewhich framed.sty' had status 1
    Warning in test_latex_pkg("framed", system.file("misc", "framed.sty", package = "knitr")) :
     unable to find LaTeX package 'framed'; will use a copy from knitr
    Error in texi2dvi(file = file, pdf = TRUE, clean = clean, quiet = quiet, :
     Running 'texi2dvi' on 'scglrVignettes.tex' failed.
    LaTeX errors:
    ! LaTeX Error: File `diagbox.sty' not found.
    
    Type X to quit or <RETURN> to proceed,
    or enter new name. (Default extension: sty)
    
    ! Emergency stop.
    <read *>
    
    l.64 \usepackage
     {url}^^M
    ! ==> Fatal error occurred, no output PDF file produced!
    Calls: buildVignettes -> texi2pdf -> texi2dvi
    Execution halted
Flavor: r-oldrel-osx-x86_64