CRAN Package Check Results for Package SCGLR

Last updated on 2015-04-28 16:46:54.

Flavor Version Tinstall Tcheck Ttotal Status Flags
r-devel-linux-x86_64-debian-clang 2.0.2 3.67 75.99 79.66 OK
r-devel-linux-x86_64-debian-gcc 2.0.2 3.03 73.65 76.68 OK
r-devel-linux-x86_64-fedora-clang 2.0.2 161.19 OK
r-devel-linux-x86_64-fedora-gcc 2.0.2 153.83 OK
r-devel-osx-x86_64-clang 2.0.2 134.11 OK
r-devel-windows-ix86+x86_64 2.0.2 9.00 60.00 69.00 OK --no-vignettes
r-patched-linux-x86_64 2.0.2 3.02 75.39 78.41 OK
r-patched-solaris-sparc 2.0.2 546.90 OK --no-vignettes
r-patched-solaris-x86 2.0.2 121.80 OK --no-build-vignettes
r-release-linux-x86_64 2.0.2 3.06 74.61 77.68 OK
r-release-osx-x86_64-mavericks 2.0.2 OK
r-release-osx-x86_64-snowleopard 2.0.2 ERROR
r-release-windows-ix86+x86_64 2.0.2 9.00 62.00 71.00 OK --no-vignettes
r-oldrel-windows-ix86+x86_64 2.0.2 13.00 109.00 122.00 OK --no-vignettes

Check Details

Version: 2.0.2
Check: package dependencies
Result: ERROR
    Package required but not available: ‘ggplot2’
    
    Packages suggested but not available for checking: ‘gridExtra’ ‘knitr’
    
    VignetteBuilder package required for checking but not installed: ‘knitr’
    
    Files named as vignettes but with no recognized vignette engine:
     ‘inst/doc/scglrVignettes.rnw’
    (Is a VignetteBuilder field missing?)
    
    See section ‘The DESCRIPTION file’ in the ‘Writing R Extensions’
    manual.
Flavor: r-release-osx-x86_64-snowleopard