CRAN Package Check Results for Package SCI

Last updated on 2014-10-25 23:46:52.

Flavor Version Tinstall Tcheck Ttotal Status Flags
r-devel-linux-x86_64-debian-clang 1.0-1 0.89 14.16 15.05 NOTE
r-devel-linux-x86_64-debian-gcc 1.0-1 0.74 14.30 15.04 NOTE
r-devel-linux-x86_64-fedora-clang 1.0-1 29.00 NOTE
r-devel-linux-x86_64-fedora-gcc 1.0-1 27.69 NOTE
r-devel-osx-x86_64-clang 1.0-1 33.67 NOTE
r-devel-windows-ix86+x86_64 1.0-1 2.00 24.00 26.00 NOTE
r-patched-linux-x86_64 1.0-1 0.74 14.87 15.61 NOTE
r-patched-solaris-sparc 1.0-1 199.70 NOTE
r-patched-solaris-x86 1.0-1 41.20 NOTE
r-release-linux-ix86 1.0-1 1.18 20.97 22.15 OK
r-release-linux-x86_64 1.0-1 0.83 14.16 14.99 OK
r-release-osx-x86_64-mavericks 1.0-1 OK
r-release-osx-x86_64-snowleopard 1.0-1 OK
r-release-windows-ix86+x86_64 1.0-1 3.00 25.00 28.00 OK
r-oldrel-windows-ix86+x86_64 1.0-1 4.00 26.00 30.00 OK

Check Details

Version: 1.0-1
Check: R code for possible problems
Result: NOTE
    mom.start: no visible global function definition for ‘mmedist’
Flavors: r-devel-linux-x86_64-debian-clang, r-devel-linux-x86_64-debian-gcc, r-devel-linux-x86_64-fedora-clang, r-devel-linux-x86_64-fedora-gcc, r-devel-osx-x86_64-clang, r-devel-windows-ix86+x86_64, r-patched-linux-x86_64, r-patched-solaris-sparc, r-patched-solaris-x86