CRAN Package Check Results for Package SCI

Last updated on 2015-05-26 08:48:06.

Flavor Version Tinstall Tcheck Ttotal Status Flags
r-devel-linux-x86_64-debian-clang 1.0-1 0.64 12.32 12.96 NOTE
r-devel-linux-x86_64-debian-gcc 1.0-1 0.63 12.36 12.99 NOTE
r-devel-linux-x86_64-fedora-clang 1.0-1 25.43 NOTE
r-devel-linux-x86_64-fedora-gcc 1.0-1 23.70 NOTE
r-devel-osx-x86_64-clang 1.0-1 29.24 NOTE
r-devel-windows-ix86+x86_64 1.0-1 2.00 23.00 25.00 NOTE
r-patched-linux-x86_64 1.0-1 0.62 12.60 13.23 NOTE
r-patched-solaris-sparc 1.0-1 152.60 NOTE
r-patched-solaris-x86 1.0-1 35.50 NOTE
r-release-linux-x86_64 1.0-1 0.62 12.35 12.97 NOTE
r-release-osx-x86_64-mavericks 1.0-1 NOTE
r-release-osx-x86_64-snowleopard 1.0-1 NOTE
r-release-windows-ix86+x86_64 1.0-1 2.00 22.00 24.00 NOTE
r-oldrel-windows-ix86+x86_64 1.0-1 3.00 39.00 42.00 NOTE

Check Details

Version: 1.0-1
Check: dependencies in R code
Result: NOTE
    'library' or 'require' call to ‘evd’ in package code.
     Please use :: or requireNamespace() instead.
     See section 'Suggested packages' in the 'Writing R Extensions' manual.
Flavors: r-devel-linux-x86_64-debian-clang, r-devel-linux-x86_64-debian-gcc, r-devel-linux-x86_64-fedora-clang, r-devel-linux-x86_64-fedora-gcc, r-devel-osx-x86_64-clang, r-devel-windows-ix86+x86_64, r-patched-linux-x86_64, r-patched-solaris-sparc, r-patched-solaris-x86, r-release-linux-x86_64, r-release-osx-x86_64-mavericks, r-release-osx-x86_64-snowleopard, r-release-windows-ix86+x86_64, r-oldrel-windows-ix86+x86_64

Version: 1.0-1
Check: R code for possible problems
Result: NOTE
    mom.start: no visible global function definition for ‘mmedist’
Flavors: r-devel-linux-x86_64-debian-clang, r-devel-linux-x86_64-debian-gcc, r-devel-linux-x86_64-fedora-clang, r-devel-linux-x86_64-fedora-gcc, r-devel-osx-x86_64-clang, r-devel-windows-ix86+x86_64, r-patched-linux-x86_64, r-patched-solaris-sparc, r-patched-solaris-x86, r-release-linux-x86_64, r-release-osx-x86_64-mavericks, r-release-osx-x86_64-snowleopard, r-release-windows-ix86+x86_64, r-oldrel-windows-ix86+x86_64