CRAN Package Check Results for Package SCI

Last updated on 2015-07-01 13:47:33.

Flavor Version Tinstall Tcheck Ttotal Status Flags
r-devel-linux-x86_64-debian-clang 1.0-1 0.61 12.00 12.60 NOTE
r-devel-linux-x86_64-debian-gcc 1.0-1 0.59 11.88 12.47 NOTE
r-devel-linux-x86_64-fedora-clang 1.0-1 24.18 NOTE
r-devel-linux-x86_64-fedora-gcc 1.0-1 22.27 NOTE
r-devel-osx-x86_64-clang 1.0-1 26.82 NOTE
r-devel-windows-ix86+x86_64 1.0-1 6.00 38.00 44.00 NOTE
r-patched-linux-x86_64 1.0-1 0.62 12.30 12.92 NOTE
r-patched-solaris-sparc 1.0-1 152.60 NOTE
r-patched-solaris-x86 1.0-1 35.70 NOTE
r-release-linux-x86_64 1.0-1 0.66 12.27 12.92 NOTE
r-release-osx-x86_64-mavericks 1.0-1 NOTE
r-release-windows-ix86+x86_64 1.0-1 3.00 24.00 27.00 NOTE
r-oldrel-windows-ix86+x86_64 1.0-1 6.00 42.00 48.00 NOTE

Check Details

Version: 1.0-1
Check: dependencies in R code
Result: NOTE
    'library' or 'require' call to ‘evd’ in package code.
     Please use :: or requireNamespace() instead.
     See section 'Suggested packages' in the 'Writing R Extensions' manual.
Flavors: r-devel-linux-x86_64-debian-clang, r-devel-linux-x86_64-debian-gcc, r-devel-linux-x86_64-fedora-clang, r-devel-linux-x86_64-fedora-gcc, r-devel-osx-x86_64-clang, r-devel-windows-ix86+x86_64, r-patched-linux-x86_64, r-patched-solaris-sparc, r-patched-solaris-x86, r-release-linux-x86_64, r-release-osx-x86_64-mavericks, r-release-windows-ix86+x86_64, r-oldrel-windows-ix86+x86_64

Version: 1.0-1
Check: R code for possible problems
Result: NOTE
    dpe3: no visible global function definition for ‘dnorm’
    dpe3: no visible global function definition for ‘dgamma’
    fitSCI.default: no visible global function definition for ‘sd’
    fitSCI.default: no visible global function definition for ‘filter’
    fitSCI.default: no visible global function definition for
     ‘capture.output’
    mom.start: no visible global function definition for ‘mmedist’
    mom.start: no visible global function definition for ‘sd’
    mom.start: no visible global function definition for ‘var’
    ppe3: no visible global function definition for ‘pnorm’
    ppe3: no visible global function definition for ‘pgamma’
    qpe3: no visible global function definition for ‘qnorm’
    qpe3: no visible global function definition for ‘qgamma’
    transformSCI.default: no visible global function definition for
     ‘filter’
    transformSCI.default: no visible global function definition for ‘qnorm’
Flavors: r-devel-linux-x86_64-debian-clang, r-devel-linux-x86_64-debian-gcc, r-devel-linux-x86_64-fedora-clang, r-devel-linux-x86_64-fedora-gcc, r-devel-windows-ix86+x86_64

Version: 1.0-1
Check: R code for possible problems
Result: NOTE
    mom.start: no visible global function definition for ‘mmedist’
Flavors: r-devel-osx-x86_64-clang, r-patched-linux-x86_64, r-patched-solaris-sparc, r-patched-solaris-x86, r-release-linux-x86_64, r-release-osx-x86_64-mavericks, r-release-windows-ix86+x86_64, r-oldrel-windows-ix86+x86_64