CRAN Package Check Results for Package SCI

Last updated on 2015-03-04 11:47:46.

Flavor Version Tinstall Tcheck Ttotal Status Flags
r-devel-linux-x86_64-debian-clang 1.0-1 0.62 12.41 13.03 NOTE
r-devel-linux-x86_64-debian-gcc 1.0-1 0.81 12.65 13.46 NOTE
r-devel-linux-x86_64-fedora-clang 1.0-1 25.19 NOTE
r-devel-linux-x86_64-fedora-gcc 1.0-1 23.92 NOTE
r-devel-osx-x86_64-clang 1.0-1 29.67 NOTE
r-devel-windows-ix86+x86_64 1.0-1 2.00 22.00 24.00 NOTE
r-patched-linux-x86_64 1.0-1 0.78 14.97 15.75 NOTE
r-patched-solaris-sparc 1.0-1 194.70 NOTE
r-patched-solaris-x86 1.0-1 41.20 NOTE
r-release-linux-ix86 1.0-1 1.03 20.74 21.77 NOTE
r-release-linux-x86_64 1.0-1 0.74 14.24 14.99 NOTE
r-release-osx-x86_64-mavericks 1.0-1 NOTE
r-release-osx-x86_64-snowleopard 1.0-1 OK
r-release-windows-ix86+x86_64 1.0-1 3.00 24.00 27.00 NOTE
r-oldrel-windows-ix86+x86_64 1.0-1 3.00 25.00 28.00 OK

Check Details

Version: 1.0-1
Check: dependencies in R code
Result: NOTE
    'library' or 'require' call to ‘evd’ in package code.
     Please use :: or requireNamespace() instead.
     See section 'Suggested packages' in the 'Writing R Extensions' manual.
Flavors: r-devel-linux-x86_64-debian-clang, r-devel-linux-x86_64-debian-gcc, r-devel-linux-x86_64-fedora-clang, r-devel-linux-x86_64-fedora-gcc, r-devel-osx-x86_64-clang, r-devel-windows-ix86+x86_64, r-patched-linux-x86_64, r-patched-solaris-sparc, r-patched-solaris-x86

Version: 1.0-1
Check: R code for possible problems
Result: NOTE
    mom.start: no visible global function definition for ‘mmedist’
Flavors: r-devel-linux-x86_64-debian-clang, r-devel-linux-x86_64-debian-gcc, r-devel-linux-x86_64-fedora-clang, r-devel-linux-x86_64-fedora-gcc, r-devel-osx-x86_64-clang, r-devel-windows-ix86+x86_64, r-patched-linux-x86_64, r-patched-solaris-sparc, r-patched-solaris-x86, r-release-linux-ix86, r-release-linux-x86_64, r-release-osx-x86_64-mavericks, r-release-windows-ix86+x86_64