CRAN Package Check Results for Package SCI

Last updated on 2014-09-19 17:48:01.

Flavor Version Tinstall Tcheck Ttotal Status Flags
r-devel-linux-x86_64-debian-clang 1.0-1 0.75 13.66 14.41 NOTE
r-devel-linux-x86_64-debian-gcc 1.0-1 0.68 13.16 13.83 NOTE
r-devel-linux-x86_64-fedora-clang 1.0-1 27.52 NOTE
r-devel-linux-x86_64-fedora-gcc 1.0-1 26.01 NOTE
r-devel-osx-x86_64-clang 1.0-1 30.69 NOTE
r-devel-windows-ix86+x86_64 1.0-1 4.00 22.00 26.00 NOTE
r-patched-linux-x86_64 1.0-1 0.71 13.85 14.56 OK
r-patched-solaris-sparc 1.0-1 158.50 OK
r-patched-solaris-x86 1.0-1 38.30 OK
r-release-linux-ix86 1.0-1 1.16 20.68 21.84 OK
r-release-linux-x86_64 1.0-1 0.80 14.15 14.94 OK
r-release-osx-x86_64-mavericks 1.0-1 OK
r-release-osx-x86_64-snowleopard 1.0-1 OK
r-release-windows-ix86+x86_64 1.0-1 3.00 23.00 26.00 OK
r-oldrel-windows-ix86+x86_64 1.0-1 3.00 25.00 28.00 OK

Check Details

Version: 1.0-1
Check: R code for possible problems
Result: NOTE
    mom.start: no visible global function definition for ‘mmedist’
Flavors: r-devel-linux-x86_64-debian-clang, r-devel-linux-x86_64-debian-gcc, r-devel-linux-x86_64-fedora-clang, r-devel-linux-x86_64-fedora-gcc, r-devel-osx-x86_64-clang, r-devel-windows-ix86+x86_64