CRAN Package Check Results for Package SCI

Last updated on 2015-04-18 13:48:58.

Flavor Version Tinstall Tcheck Ttotal Status Flags
r-devel-linux-x86_64-debian-clang 1.0-1 0.67 12.65 13.32 NOTE
r-devel-linux-x86_64-debian-gcc 1.0-1 0.63 12.92 13.55 NOTE
r-devel-linux-x86_64-fedora-clang 1.0-1 24.63 NOTE
r-devel-linux-x86_64-fedora-gcc 1.0-1 22.98 NOTE
r-devel-osx-x86_64-clang 1.0-1 31.35 NOTE
r-patched-linux-x86_64 1.0-1 0.62 13.06 13.68 NOTE
r-patched-solaris-sparc 1.0-1 166.90 NOTE
r-patched-solaris-x86 1.0-1 34.50 NOTE
r-release-linux-x86_64 1.0-1 0.67 12.23 12.90 NOTE
r-release-osx-x86_64-mavericks 1.0-1 NOTE
r-release-osx-x86_64-snowleopard 1.0-1 OK
r-release-windows-ix86+x86_64 1.0-1 3.00 22.00 25.00 NOTE
r-oldrel-windows-ix86+x86_64 1.0-1 3.00 31.00 34.00 OK

Check Details

Version: 1.0-1
Check: dependencies in R code
Result: NOTE
    'library' or 'require' call to ‘evd’ in package code.
     Please use :: or requireNamespace() instead.
     See section 'Suggested packages' in the 'Writing R Extensions' manual.
Flavors: r-devel-linux-x86_64-debian-clang, r-devel-linux-x86_64-debian-gcc, r-devel-linux-x86_64-fedora-clang, r-devel-linux-x86_64-fedora-gcc, r-devel-osx-x86_64-clang, r-patched-linux-x86_64, r-patched-solaris-sparc, r-patched-solaris-x86, r-release-linux-x86_64, r-release-osx-x86_64-mavericks, r-release-windows-ix86+x86_64

Version: 1.0-1
Check: R code for possible problems
Result: NOTE
    mom.start: no visible global function definition for ‘mmedist’
Flavors: r-devel-linux-x86_64-debian-clang, r-devel-linux-x86_64-debian-gcc, r-devel-linux-x86_64-fedora-clang, r-devel-linux-x86_64-fedora-gcc, r-devel-osx-x86_64-clang, r-patched-linux-x86_64, r-patched-solaris-sparc, r-patched-solaris-x86, r-release-linux-x86_64, r-release-osx-x86_64-mavericks, r-release-windows-ix86+x86_64