CRAN Package Check Results for Package SCI

Last updated on 2015-01-26 22:47:43.

Flavor Version Tinstall Tcheck Ttotal Status Flags
r-devel-linux-x86_64-debian-clang 1.0-1 0.66 12.62 13.28 NOTE
r-devel-linux-x86_64-debian-gcc 1.0-1 0.64 12.63 13.26 NOTE
r-devel-linux-x86_64-fedora-clang 1.0-1 31.25 NOTE
r-devel-linux-x86_64-fedora-gcc 1.0-1 28.76 NOTE
r-devel-osx-x86_64-clang 1.0-1 33.45 NOTE
r-devel-windows-ix86+x86_64 1.0-1 4.00 27.00 31.00 NOTE
r-patched-linux-x86_64 1.0-1 0.73 14.10 14.84 NOTE
r-patched-solaris-sparc 1.0-1 179.00 NOTE
r-patched-solaris-x86 1.0-1 40.50 NOTE
r-release-linux-ix86 1.0-1 1.14 19.95 21.08 NOTE
r-release-linux-x86_64 1.0-1 0.70 14.01 14.71 NOTE
r-release-osx-x86_64-mavericks 1.0-1 NOTE
r-release-osx-x86_64-snowleopard 1.0-1 OK
r-release-windows-ix86+x86_64 1.0-1 3.00 26.00 29.00 NOTE
r-oldrel-windows-ix86+x86_64 1.0-1 7.00 27.00 34.00 OK

Check Details

Version: 1.0-1
Check: dependencies in R code
Result: NOTE
    'library' or 'require' call to ‘evd’ in package code.
     Please use :: or requireNamespace() instead.
     See section 'Suggested packages' in the 'Writing R Extensions' manual.
Flavors: r-devel-linux-x86_64-debian-clang, r-devel-linux-x86_64-debian-gcc, r-devel-linux-x86_64-fedora-clang, r-devel-linux-x86_64-fedora-gcc, r-devel-osx-x86_64-clang, r-devel-windows-ix86+x86_64

Version: 1.0-1
Check: R code for possible problems
Result: NOTE
    mom.start: no visible global function definition for ‘mmedist’
Flavors: r-devel-linux-x86_64-debian-clang, r-devel-linux-x86_64-debian-gcc, r-devel-linux-x86_64-fedora-clang, r-devel-linux-x86_64-fedora-gcc, r-devel-osx-x86_64-clang, r-devel-windows-ix86+x86_64, r-patched-linux-x86_64, r-patched-solaris-sparc, r-patched-solaris-x86, r-release-linux-ix86, r-release-linux-x86_64, r-release-osx-x86_64-mavericks, r-release-windows-ix86+x86_64