CRAN Package Check Results for Package SCI

Last updated on 2014-12-21 23:47:11.

Flavor Version Tinstall Tcheck Ttotal Status Flags
r-devel-linux-x86_64-debian-clang 1.0-1 0.70 14.09 14.79 NOTE
r-devel-linux-x86_64-debian-gcc 1.0-1 0.68 13.80 14.48 NOTE
r-devel-linux-x86_64-fedora-clang 1.0-1 30.82 NOTE
r-devel-linux-x86_64-fedora-gcc 1.0-1 30.31 NOTE
r-devel-osx-x86_64-clang 1.0-1 32.85 NOTE
r-devel-windows-ix86+x86_64 1.0-1 3.00 24.00 27.00 NOTE
r-patched-linux-x86_64 1.0-1 0.73 14.10 14.83 NOTE
r-patched-solaris-sparc 1.0-1 199.70 NOTE
r-patched-solaris-x86 1.0-1 40.20 NOTE
r-release-linux-ix86 1.0-1 1.03 20.12 21.15 NOTE
r-release-linux-x86_64 1.0-1 0.78 14.06 14.85 NOTE
r-release-osx-x86_64-mavericks 1.0-1 OK
r-release-osx-x86_64-snowleopard 1.0-1 OK
r-release-windows-ix86+x86_64 1.0-1 3.00 25.00 28.00 NOTE
r-oldrel-windows-ix86+x86_64 1.0-1 4.00 25.00 29.00 OK

Check Details

Version: 1.0-1
Check: R code for possible problems
Result: NOTE
    mom.start: no visible global function definition for ‘mmedist’
Flavors: r-devel-linux-x86_64-debian-clang, r-devel-linux-x86_64-debian-gcc, r-devel-linux-x86_64-fedora-clang, r-devel-linux-x86_64-fedora-gcc, r-devel-osx-x86_64-clang, r-devel-windows-ix86+x86_64, r-patched-linux-x86_64, r-patched-solaris-sparc, r-patched-solaris-x86, r-release-linux-ix86, r-release-linux-x86_64, r-release-windows-ix86+x86_64