CRAN Package Check Results for Package SCI

Last updated on 2014-08-31 05:50:20.

Flavor Version Tinstall Tcheck Ttotal Status Flags
r-devel-linux-x86_64-debian-clang 1.0-1 0.67 13.04 13.71 NOTE
r-devel-linux-x86_64-debian-gcc 1.0-1 0.66 12.80 13.45 NOTE
r-devel-linux-x86_64-fedora-clang 1.0-1 28.87 NOTE
r-devel-linux-x86_64-fedora-gcc 1.0-1 26.27 NOTE
r-devel-osx-x86_64-clang 1.0-1 28.12 NOTE
r-devel-windows-ix86+x86_64 1.0-1 3.00 25.00 28.00 NOTE
r-patched-linux-x86_64 1.0-1 0.86 13.30 14.16 OK
r-patched-solaris-sparc 1.0-1 158.50 OK
r-patched-solaris-x86 1.0-1 38.30 OK
r-release-linux-ix86 1.0-1 1.17 20.52 21.68 OK
r-release-linux-x86_64 1.0-1 0.82 13.93 14.75 OK
r-release-osx-x86_64-mavericks 1.0-1 OK
r-release-osx-x86_64-snowleopard 1.0-1 OK
r-release-windows-ix86+x86_64 1.0-1 3.00 38.00 41.00 OK
r-oldrel-windows-ix86+x86_64 1.0-1 5.00 25.00 30.00 OK

Check Details

Version: 1.0-1
Check: R code for possible problems
Result: NOTE
    mom.start: no visible global function definition for ‘mmedist’
Flavors: r-devel-linux-x86_64-debian-clang, r-devel-linux-x86_64-debian-gcc, r-devel-linux-x86_64-fedora-clang, r-devel-linux-x86_64-fedora-gcc, r-devel-osx-x86_64-clang, r-devel-windows-ix86+x86_64