CRAN Package Check Results for Package SCI

Last updated on 2016-02-08 19:48:38.

Flavor Version Tinstall Tcheck Ttotal Status Flags
r-devel-linux-x86_64-debian-gcc 1.0-1 0.66 12.42 13.07 NOTE
r-devel-linux-x86_64-fedora-clang 1.0-1 23.97 NOTE
r-devel-linux-x86_64-fedora-gcc 1.0-1 22.62 NOTE
r-devel-osx-x86_64-clang 1.0-1 28.85 NOTE
r-devel-windows-ix86+x86_64 1.0-1 4.00 28.00 32.00 NOTE
r-patched-linux-x86_64 1.0-1 0.75 13.72 14.47 NOTE
r-patched-solaris-sparc 1.0-1 160.60 NOTE
r-patched-solaris-x86 1.0-1 34.70 NOTE
r-release-linux-x86_64 1.0-1 0.88 13.49 14.38 NOTE
r-release-osx-x86_64-mavericks 1.0-1 NOTE
r-release-windows-ix86+x86_64 1.0-1 4.00 24.00 28.00 NOTE
r-oldrel-windows-ix86+x86_64 1.0-1 7.00 30.00 37.00 NOTE

Check Details

Version: 1.0-1
Check: dependencies in R code
Result: NOTE
    'library' or 'require' call to ‘evd’ in package code.
     Please use :: or requireNamespace() instead.
     See section 'Suggested packages' in the 'Writing R Extensions' manual.
Flavors: r-devel-linux-x86_64-debian-gcc, r-devel-linux-x86_64-fedora-clang, r-devel-linux-x86_64-fedora-gcc, r-devel-osx-x86_64-clang, r-devel-windows-ix86+x86_64, r-patched-linux-x86_64, r-patched-solaris-sparc, r-patched-solaris-x86, r-release-linux-x86_64, r-release-osx-x86_64-mavericks, r-release-windows-ix86+x86_64, r-oldrel-windows-ix86+x86_64

Version: 1.0-1
Check: R code for possible problems
Result: NOTE
    dpe3: no visible global function definition for ‘dnorm’
    dpe3: no visible global function definition for ‘dgamma’
    fitSCI.default: no visible global function definition for ‘sd’
    fitSCI.default: no visible global function definition for ‘filter’
    fitSCI.default: no visible global function definition for
     ‘capture.output’
    mom.start: no visible global function definition for ‘mmedist’
    mom.start: no visible global function definition for ‘sd’
    mom.start: no visible global function definition for ‘var’
    ppe3: no visible global function definition for ‘pnorm’
    ppe3: no visible global function definition for ‘pgamma’
    qpe3: no visible global function definition for ‘qnorm’
    qpe3: no visible global function definition for ‘qgamma’
    transformSCI.default: no visible global function definition for
     ‘filter’
    transformSCI.default: no visible global function definition for ‘qnorm’
    Undefined global functions or variables:
     capture.output dgamma dnorm filter mmedist pgamma pnorm qgamma qnorm
     sd var
    Consider adding
     importFrom("stats", "dgamma", "dnorm", "filter", "pgamma", "pnorm",
     "qgamma", "qnorm", "sd", "var")
     importFrom("utils", "capture.output")
    to your NAMESPACE file.
Flavors: r-devel-linux-x86_64-debian-gcc, r-devel-linux-x86_64-fedora-clang, r-devel-linux-x86_64-fedora-gcc, r-devel-osx-x86_64-clang, r-devel-windows-ix86+x86_64

Version: 1.0-1
Check: R code for possible problems
Result: NOTE
    mom.start: no visible global function definition for ‘mmedist’
Flavors: r-patched-linux-x86_64, r-patched-solaris-sparc, r-patched-solaris-x86, r-release-linux-x86_64, r-release-osx-x86_64-mavericks, r-release-windows-ix86+x86_64, r-oldrel-windows-ix86+x86_64