CRAN Package Check Results for Package SCMA

Last updated on 2017-01-22 03:47:26.

Flavor Version Tinstall Tcheck Ttotal Status Flags
r-devel-linux-x86_64-debian-clang 1.1.1 0.56 10.39 10.95 NOTE
r-devel-linux-x86_64-debian-gcc 1.1.1 0.57 10.22 10.79 NOTE
r-devel-linux-x86_64-fedora-clang 1.1.1 17.90 NOTE --no-stop-on-test-error
r-devel-linux-x86_64-fedora-gcc 1.1.1 18.68 NOTE --no-stop-on-test-error
r-devel-macos-x86_64-clang 1.1.1 16.41 NOTE --no-stop-on-test-error
r-devel-windows-ix86+x86_64 1.1.1 4.00 25.00 29.00 NOTE
r-patched-linux-x86_64 1.1.1 0.69 8.87 9.56 NOTE
r-patched-solaris-sparc 1.1.1 95.30 NOTE
r-patched-solaris-x86 1.1.1 22.60 NOTE
r-release-linux-x86_64 1.1.1 0.55 8.80 9.35 NOTE
r-release-osx-x86_64-mavericks 1.1.1 NOTE
r-release-windows-ix86+x86_64 1.1.1 2.00 24.00 26.00 NOTE
r-oldrel-windows-ix86+x86_64 1.1.1 2.00 21.00 23.00 OK

Check Details

Version: 1.1.1
Check: R code for possible problems
Result: NOTE
    ES: no visible global function definition for ‘read.table’
    ES: no visible global function definition for ‘sd’
    ES: no visible global function definition for ‘var’
    ES: no visible global function definition for ‘median’
    combine: no visible global function definition for ‘read.table’
    Undefined global functions or variables:
     median read.table sd var
    Consider adding
     importFrom("stats", "median", "sd", "var")
     importFrom("utils", "read.table")
    to your NAMESPACE file.
Flavors: r-devel-linux-x86_64-debian-clang, r-devel-linux-x86_64-debian-gcc, r-devel-windows-ix86+x86_64, r-patched-linux-x86_64, r-patched-solaris-sparc, r-patched-solaris-x86, r-release-linux-x86_64, r-release-osx-x86_64-mavericks, r-release-windows-ix86+x86_64

Version: 1.1.1
Flags: --no-stop-on-test-error
Check: R code for possible problems
Result: NOTE
    ES: no visible global function definition for ‘read.table’
    ES: no visible global function definition for ‘sd’
    ES: no visible global function definition for ‘var’
    ES: no visible global function definition for ‘median’
    combine: no visible global function definition for ‘read.table’
    Undefined global functions or variables:
     median read.table sd var
    Consider adding
     importFrom("stats", "median", "sd", "var")
     importFrom("utils", "read.table")
    to your NAMESPACE file.
Flavors: r-devel-linux-x86_64-fedora-clang, r-devel-linux-x86_64-fedora-gcc, r-devel-macos-x86_64-clang