CRAN Package Check Results for Package SCMA

Last updated on 2016-05-05 19:50:44.

Flavor Version Tinstall Tcheck Ttotal Status Flags
r-devel-linux-x86_64-debian-gcc 1.1.1 0.54 8.97 9.51 NOTE
r-devel-linux-x86_64-fedora-clang 1.1.1 15.94 NOTE
r-devel-linux-x86_64-fedora-gcc 1.1.1 14.60 NOTE
r-devel-osx-x86_64-clang 1.1.1 19.28 NOTE
r-devel-windows-ix86+x86_64 1.1.1 3.00 34.00 37.00 NOTE
r-patched-linux-x86_64 1.1.1 0.54 8.81 9.35 NOTE
r-patched-solaris-sparc 1.1.1 90.20 NOTE
r-patched-solaris-x86 1.1.1 21.60 NOTE
r-release-linux-x86_64 1.1.1 0.68 8.79 9.47 NOTE
r-release-osx-x86_64-mavericks 1.1.1 OK
r-release-windows-ix86+x86_64 1.1.1 3.00 34.00 37.00 NOTE
r-oldrel-windows-ix86+x86_64 1.1.1 3.00 16.00 19.00 OK

Check Details

Version: 1.1.1
Check: R code for possible problems
Result: NOTE
    ES: no visible global function definition for ‘read.table’
    ES: no visible global function definition for ‘sd’
    ES: no visible global function definition for ‘var’
    ES: no visible global function definition for ‘median’
    combine: no visible global function definition for ‘read.table’
    Undefined global functions or variables:
     median read.table sd var
    Consider adding
     importFrom("stats", "median", "sd", "var")
     importFrom("utils", "read.table")
    to your NAMESPACE file.
Flavors: r-devel-linux-x86_64-debian-gcc, r-devel-linux-x86_64-fedora-clang, r-devel-linux-x86_64-fedora-gcc, r-devel-osx-x86_64-clang, r-devel-windows-ix86+x86_64, r-patched-linux-x86_64, r-patched-solaris-sparc, r-patched-solaris-x86, r-release-linux-x86_64, r-release-windows-ix86+x86_64