CRAN Package Check Results for Package SCMA

Last updated on 2015-08-02 11:47:38.

Flavor Version Tinstall Tcheck Ttotal Status Flags
r-devel-linux-x86_64-debian-clang 1.1.1 0.52 8.60 9.12 NOTE
r-devel-linux-x86_64-debian-gcc 1.1.1 0.53 8.76 9.29 NOTE
r-devel-linux-x86_64-fedora-clang 1.1.1 17.03 NOTE
r-devel-linux-x86_64-fedora-gcc 1.1.1 16.26 NOTE
r-devel-osx-x86_64-clang 1.1.1 18.63 OK
r-devel-windows-ix86+x86_64 1.1.1 3.00 16.00 19.00 NOTE
r-patched-linux-x86_64 1.1.1 0.53 8.69 9.22 OK
r-patched-solaris-sparc 1.1.1 109.50 OK
r-patched-solaris-x86 1.1.1 26.60 OK
r-release-linux-x86_64 1.1.1 0.53 8.86 9.38 OK
r-release-osx-x86_64-mavericks 1.1.1 OK
r-release-windows-ix86+x86_64 1.1.1 3.00 16.00 19.00 OK
r-oldrel-windows-ix86+x86_64 1.1.1 4.00 18.00 22.00 OK

Check Details

Version: 1.1.1
Check: R code for possible problems
Result: NOTE
    ES: no visible global function definition for ‘read.table’
    ES: no visible global function definition for ‘sd’
    ES: no visible global function definition for ‘var’
    ES: no visible global function definition for ‘median’
    combine: no visible global function definition for ‘read.table’
    Undefined global functions or variables:
     median read.table sd var
    Consider adding
     importFrom("stats", "median", "sd", "var")
     importFrom("utils", "read.table")
    to your NAMESPACE.
Flavors: r-devel-linux-x86_64-debian-clang, r-devel-linux-x86_64-debian-gcc, r-devel-linux-x86_64-fedora-clang, r-devel-linux-x86_64-fedora-gcc, r-devel-windows-ix86+x86_64