CRAN Package Check Results for Package SCMA

Last updated on 2015-06-30 06:47:16.

Flavor Version Tinstall Tcheck Ttotal Status Flags
r-devel-linux-x86_64-debian-clang 1.1.1 0.49 8.34 8.83 NOTE
r-devel-linux-x86_64-debian-gcc 1.1.1 0.56 8.32 8.88 NOTE
r-devel-linux-x86_64-fedora-clang 1.1.1 16.71 OK
r-devel-linux-x86_64-fedora-gcc 1.1.1 15.54 OK
r-devel-osx-x86_64-clang 1.1.1 18.84 OK
r-devel-windows-ix86+x86_64 1.1.1 4.00 15.00 19.00 OK
r-patched-linux-x86_64 1.1.1 0.51 8.86 9.37 OK
r-patched-solaris-sparc 1.1.1 113.40 OK
r-patched-solaris-x86 1.1.1 26.50 OK
r-release-linux-x86_64 1.1.1 0.54 8.90 9.44 OK
r-release-osx-x86_64-mavericks 1.1.1 OK
r-release-windows-ix86+x86_64 1.1.1 2.00 16.00 18.00 OK
r-oldrel-windows-ix86+x86_64 1.1.1 4.00 18.00 22.00 OK

Check Details

Version: 1.1.1
Check: R code for possible problems
Result: NOTE
    ES: no visible global function definition for ‘read.table’
    ES: no visible global function definition for ‘sd’
    ES: no visible global function definition for ‘var’
    ES: no visible global function definition for ‘median’
    combine: no visible global function definition for ‘read.table’
Flavors: r-devel-linux-x86_64-debian-clang, r-devel-linux-x86_64-debian-gcc