CRAN Package Check Results for Package SCMA

Last updated on 2017-02-24 11:48:38.

Flavor Version Tinstall Tcheck Ttotal Status Flags
r-devel-linux-x86_64-debian-clang 1.1.1 0.56 10.77 11.34 NOTE
r-devel-linux-x86_64-debian-gcc 1.1.1 0.58 11.01 11.59 NOTE
r-devel-linux-x86_64-fedora-clang 1.1.1 17.68 NOTE --no-stop-on-test-error
r-devel-linux-x86_64-fedora-gcc 1.1.1 17.11 NOTE --no-stop-on-test-error
r-devel-macos-x86_64-clang 1.1.1 17.10 NOTE --no-stop-on-test-error
r-devel-windows-ix86+x86_64 1.1.1 3.00 34.00 37.00 NOTE
r-patched-linux-x86_64 1.1.1 0.51 8.99 9.51 NOTE
r-patched-solaris-sparc 1.1.1 95.30 NOTE
r-patched-solaris-x86 1.1.1 22.90 NOTE
r-release-linux-x86_64 1.1.1 0.59 8.93 9.52 NOTE
r-release-osx-x86_64-mavericks 1.1.1 NOTE
r-release-windows-ix86+x86_64 1.1.1 2.00 24.00 26.00 NOTE
r-oldrel-windows-ix86+x86_64 1.1.1 2.00 21.00 23.00 OK

Check Details

Version: 1.1.1
Check: R code for possible problems
Result: NOTE
    ES: no visible global function definition for ‘read.table’
    ES: no visible global function definition for ‘sd’
    ES: no visible global function definition for ‘var’
    ES: no visible global function definition for ‘median’
    combine: no visible global function definition for ‘read.table’
    Undefined global functions or variables:
     median read.table sd var
    Consider adding
     importFrom("stats", "median", "sd", "var")
     importFrom("utils", "read.table")
    to your NAMESPACE file.
Flavors: r-devel-linux-x86_64-debian-clang, r-devel-linux-x86_64-debian-gcc, r-devel-windows-ix86+x86_64, r-patched-linux-x86_64, r-patched-solaris-sparc, r-patched-solaris-x86, r-release-linux-x86_64, r-release-osx-x86_64-mavericks, r-release-windows-ix86+x86_64

Version: 1.1.1
Flags: --no-stop-on-test-error
Check: R code for possible problems
Result: NOTE
    ES: no visible global function definition for ‘read.table’
    ES: no visible global function definition for ‘sd’
    ES: no visible global function definition for ‘var’
    ES: no visible global function definition for ‘median’
    combine: no visible global function definition for ‘read.table’
    Undefined global functions or variables:
     median read.table sd var
    Consider adding
     importFrom("stats", "median", "sd", "var")
     importFrom("utils", "read.table")
    to your NAMESPACE file.
Flavors: r-devel-linux-x86_64-fedora-clang, r-devel-linux-x86_64-fedora-gcc, r-devel-macos-x86_64-clang