CRAN Package Check Results for Package SCMA

Last updated on 2015-09-02 06:48:14.

Flavor Version Tinstall Tcheck Ttotal Status Flags
r-devel-linux-x86_64-debian-clang 1.1.1 0.49 8.19 8.68 NOTE
r-devel-linux-x86_64-debian-gcc 1.1.1 0.54 8.46 9.01 NOTE
r-devel-linux-x86_64-fedora-clang 1.1.1 16.41 NOTE
r-devel-linux-x86_64-fedora-gcc 1.1.1 15.53 NOTE
r-devel-osx-x86_64-clang 1.1.1 15.99 OK
r-devel-windows-ix86+x86_64 1.1.1 2.00 18.00 20.00 NOTE
r-patched-linux-x86_64 1.1.1 0.52 8.83 9.36 OK
r-patched-solaris-sparc 1.1.1 109.50 OK
r-patched-solaris-x86 1.1.1 27.00 OK
r-release-linux-x86_64 1.1.1 0.53 8.59 9.12 OK
r-release-osx-x86_64-mavericks 1.1.1 OK
r-release-windows-ix86+x86_64 1.1.1 2.00 26.00 28.00 OK
r-oldrel-windows-ix86+x86_64 1.1.1 4.00 18.00 22.00 OK

Check Details

Version: 1.1.1
Check: R code for possible problems
Result: NOTE
    ES: no visible global function definition for ‘read.table’
    ES: no visible global function definition for ‘sd’
    ES: no visible global function definition for ‘var’
    ES: no visible global function definition for ‘median’
    combine: no visible global function definition for ‘read.table’
    Undefined global functions or variables:
     median read.table sd var
    Consider adding
     importFrom("stats", "median", "sd", "var")
     importFrom("utils", "read.table")
    to your NAMESPACE.
Flavors: r-devel-linux-x86_64-debian-clang, r-devel-linux-x86_64-debian-gcc, r-devel-linux-x86_64-fedora-clang, r-devel-linux-x86_64-fedora-gcc, r-devel-windows-ix86+x86_64