CRAN Package Check Results for Package SCMA

Last updated on 2016-09-26 06:47:29.

Flavor Version Tinstall Tcheck Ttotal Status Flags
r-devel-linux-x86_64-debian-clang 1.1.1 0.51 8.97 9.49 NOTE
r-devel-linux-x86_64-debian-gcc 1.1.1 0.51 8.69 9.19 NOTE
r-devel-linux-x86_64-fedora-clang 1.1.1 15.62 NOTE
r-devel-linux-x86_64-fedora-gcc 1.1.1 15.05 NOTE
r-devel-macos-x86_64-clang 1.1.1 14.64 NOTE
r-devel-windows-ix86+x86_64 1.1.1 4.00 29.00 33.00 NOTE
r-patched-linux-x86_64 1.1.1 0.53 8.69 9.21 NOTE
r-patched-solaris-sparc 1.1.1 92.00 NOTE
r-patched-solaris-x86 1.1.1 21.00 NOTE
r-release-linux-x86_64 1.1.1 0.55 8.99 9.54 NOTE
r-release-osx-x86_64-mavericks 1.1.1 NOTE
r-release-windows-ix86+x86_64 1.1.1 2.00 28.00 30.00 NOTE
r-oldrel-windows-ix86+x86_64 1.1.1 3.00 16.00 19.00 OK

Check Details

Version: 1.1.1
Check: R code for possible problems
Result: NOTE
    ES: no visible global function definition for ‘read.table’
    ES: no visible global function definition for ‘sd’
    ES: no visible global function definition for ‘var’
    ES: no visible global function definition for ‘median’
    combine: no visible global function definition for ‘read.table’
    Undefined global functions or variables:
     median read.table sd var
    Consider adding
     importFrom("stats", "median", "sd", "var")
     importFrom("utils", "read.table")
    to your NAMESPACE file.
Flavors: r-devel-linux-x86_64-debian-clang, r-devel-linux-x86_64-debian-gcc, r-devel-linux-x86_64-fedora-clang, r-devel-linux-x86_64-fedora-gcc, r-devel-macos-x86_64-clang, r-devel-windows-ix86+x86_64, r-patched-linux-x86_64, r-patched-solaris-sparc, r-patched-solaris-x86, r-release-linux-x86_64, r-release-osx-x86_64-mavericks, r-release-windows-ix86+x86_64