CRAN Package Check Results for Package SCORPION

Last updated on 2022-12-03 18:56:08 CET.

Flavor Version Tinstall Tcheck Ttotal Status Flags
r-devel-linux-x86_64-debian-clang 1.0.1 11.05 85.45 96.50 OK
r-devel-linux-x86_64-debian-gcc 1.0.1 6.41 65.35 71.76 OK
r-devel-linux-x86_64-fedora-clang 1.0.1 125.81 NOTE
r-devel-linux-x86_64-fedora-gcc 1.0.1 129.36 NOTE
r-devel-windows-x86_64 1.0.1 13.00 111.00 124.00 OK
r-patched-linux-x86_64 1.0.1 8.13 80.63 88.76 OK
r-release-linux-x86_64 1.0.1 7.52 83.15 90.67 OK
r-release-macos-arm64 1.0.1 35.00 NOTE
r-release-macos-x86_64 1.0.1 50.00 NOTE
r-release-windows-x86_64 1.0.1 18.00 113.00 131.00 OK
r-oldrel-macos-arm64 1.0.1 37.00 NOTE
r-oldrel-macos-x86_64 1.0.1 51.00 NOTE
r-oldrel-windows-ix86+x86_64 1.0.1 20.00 106.00 126.00 OK

Check Details

Version: 1.0.1
Check: dependencies in R code
Result: NOTE
    Namespace in Imports field not imported from: ‘RhpcBLASctl’
     All declared Imports should be used.
Flavors: r-devel-linux-x86_64-fedora-clang, r-devel-linux-x86_64-fedora-gcc, r-release-macos-arm64, r-release-macos-x86_64, r-oldrel-macos-arm64, r-oldrel-macos-x86_64