CRAN Package Check Results for Package SCRSELECT

Last updated on 2021-12-03 01:51:13 CET.

Flavor Version Tinstall Tcheck Ttotal Status Flags
r-devel-linux-x86_64-debian-clang 1.3-3 72.50 221.13 293.63 NOTE
r-devel-linux-x86_64-debian-gcc 1.3-3 59.92 156.03 215.95 NOTE
r-devel-linux-x86_64-fedora-clang 1.3-3 393.76 NOTE
r-devel-linux-x86_64-fedora-gcc 1.3-3 357.12 NOTE
r-devel-windows-x86_64-new-UL 1.3-3 101.00 206.00 307.00 NOTE
r-devel-windows-x86_64-new-TK 1.3-3 NOTE
r-devel-windows-x86_64-old 1.3-3 105.00 162.00 267.00 NOTE
r-patched-linux-x86_64 1.3-3 68.46 214.64 283.10 NOTE
r-patched-solaris-x86 1.3-3 391.50 NOTE
r-release-linux-x86_64 1.3-3 69.13 213.10 282.23 NOTE
r-release-macos-arm64 1.3-3 NOTE
r-release-macos-x86_64 1.3-3 NOTE
r-release-windows-ix86+x86_64 1.3-3 88.00 220.00 308.00 NOTE
r-oldrel-macos-x86_64 1.3-3 OK
r-oldrel-windows-ix86+x86_64 1.3-3 84.00 220.00 304.00 OK

Check Details

Version: 1.3-3
Check: LazyData
Result: NOTE
     'LazyData' is specified without a 'data' directory
Flavors: r-devel-linux-x86_64-debian-clang, r-devel-linux-x86_64-debian-gcc, r-devel-linux-x86_64-fedora-clang, r-devel-linux-x86_64-fedora-gcc, r-devel-windows-x86_64-new-UL, r-devel-windows-x86_64-new-TK, r-devel-windows-x86_64-old, r-patched-linux-x86_64, r-patched-solaris-x86, r-release-linux-x86_64, r-release-macos-arm64, r-release-macos-x86_64, r-release-windows-ix86+x86_64