CRAN Package Check Results for Package SCRT

Last updated on 2015-08-29 20:48:17.

Flavor Version Tinstall Tcheck Ttotal Status Flags
r-devel-linux-x86_64-debian-clang 1.1.1 0.60 20.50 21.10 NOTE
r-devel-linux-x86_64-debian-gcc 1.1.1 0.60 19.68 20.29 NOTE
r-devel-linux-x86_64-fedora-clang 1.1.1 37.98 NOTE
r-devel-linux-x86_64-fedora-gcc 1.1.1 35.84 NOTE
r-devel-osx-x86_64-clang 1.1.1 37.47 OK
r-devel-windows-ix86+x86_64 1.1.1 4.00 36.00 40.00 NOTE
r-patched-linux-x86_64 1.1.1 0.64 20.38 21.02 OK
r-patched-solaris-sparc 1.1.1 251.50 OK
r-patched-solaris-x86 1.1.1 50.10 OK
r-release-linux-x86_64 1.1.1 0.71 20.78 21.49 OK
r-release-osx-x86_64-mavericks 1.1.1 OK
r-release-windows-ix86+x86_64 1.1.1 3.00 51.00 54.00 OK
r-oldrel-windows-ix86+x86_64 1.1.1 4.00 35.00 39.00 OK

Check Details

Version: 1.1.1
Check: R code for possible problems
Result: NOTE
    assignments: no visible global function definition for ‘combn’
    assignments: no visible global function definition for ‘write.table’
    assignments: no visible global function definition for ‘read.table’
    assignments: no visible global function definition for ‘memory.limit’
    distribution.random: no visible global function definition for
     ‘read.table’
    distribution.random: no visible global function definition for
     ‘write.table’
    distribution.systematic: no visible global function definition for
     ‘read.table’
    distribution.systematic: no visible global function definition for
     ‘combn’
    distribution.systematic: no visible global function definition for
     ‘write.table’
    graph1: no visible global function definition for ‘read.table’
    graph1: no visible global function definition for ‘plot’
    graph1: no visible global function definition for ‘points’
    graph1: no visible global function definition for ‘lines’
    graph1: no visible global function definition for ‘legend’
    graph1: no visible global function definition for ‘locator’
    graph1: no visible global function definition for ‘mtext’
    graph1: no visible global function definition for ‘par’
    graph1: no visible global function definition for ‘title’
    observed: no visible global function definition for ‘read.table’
    pvalue.random: no visible global function definition for ‘read.table’
    pvalue.random: no visible global function definition for ‘write.table’
    pvalue.systematic: no visible global function definition for
     ‘read.table’
    pvalue.systematic: no visible global function definition for ‘combn’
    pvalue.systematic: no visible global function definition for
     ‘write.table’
    quantity: no visible global function definition for ‘combn’
    quantity: no visible global function definition for ‘write.table’
    quantity: no visible global function definition for ‘read.table’
    selectdesign: no visible global function definition for ‘read.table’
    Undefined global functions or variables:
     combn legend lines locator memory.limit mtext par plot points
     read.table title write.table
    Consider adding
     importFrom("graphics", "legend", "lines", "locator", "mtext", "par",
     "plot", "points", "title")
     importFrom("utils", "combn", "memory.limit", "read.table",
     "write.table")
    to your NAMESPACE.
Flavors: r-devel-linux-x86_64-debian-clang, r-devel-linux-x86_64-debian-gcc, r-devel-linux-x86_64-fedora-clang, r-devel-linux-x86_64-fedora-gcc, r-devel-windows-ix86+x86_64