CRAN Package Check Results for Package SCRT

Last updated on 2015-07-05 17:47:46.

Flavor Version Tinstall Tcheck Ttotal Status Flags
r-devel-linux-x86_64-debian-clang 1.1.1 0.63 21.27 21.90 NOTE
r-devel-linux-x86_64-debian-gcc 1.1.1 0.61 20.10 20.72 NOTE
r-devel-linux-x86_64-fedora-clang 1.1.1 37.81 NOTE
r-devel-linux-x86_64-fedora-gcc 1.1.1 35.36 NOTE
r-devel-osx-x86_64-clang 1.1.1 36.87 OK
r-devel-windows-ix86+x86_64 1.1.1 3.00 31.00 34.00 NOTE
r-patched-linux-x86_64 1.1.1 0.64 21.07 21.70 OK
r-patched-solaris-sparc 1.1.1 245.30 OK
r-patched-solaris-x86 1.1.1 49.30 OK
r-release-linux-x86_64 1.1.1 0.63 21.23 21.86 OK
r-release-osx-x86_64-mavericks 1.1.1 OK
r-release-windows-ix86+x86_64 1.1.1 3.00 35.00 38.00 OK
r-oldrel-windows-ix86+x86_64 1.1.1 4.00 35.00 39.00 OK

Check Details

Version: 1.1.1
Check: R code for possible problems
Result: NOTE
    assignments: no visible global function definition for ‘combn’
    assignments: no visible global function definition for ‘write.table’
    assignments: no visible global function definition for ‘read.table’
    assignments: no visible global function definition for ‘memory.limit’
    distribution.random: no visible global function definition for
     ‘read.table’
    distribution.random: no visible global function definition for
     ‘write.table’
    distribution.systematic: no visible global function definition for
     ‘read.table’
    distribution.systematic: no visible global function definition for
     ‘combn’
    distribution.systematic: no visible global function definition for
     ‘write.table’
    graph1: no visible global function definition for ‘read.table’
    graph1: no visible global function definition for ‘plot’
    graph1: no visible global function definition for ‘points’
    graph1: no visible global function definition for ‘lines’
    graph1: no visible global function definition for ‘legend’
    graph1: no visible global function definition for ‘locator’
    graph1: no visible global function definition for ‘mtext’
    graph1: no visible global function definition for ‘par’
    graph1: no visible global function definition for ‘title’
    observed: no visible global function definition for ‘read.table’
    pvalue.random: no visible global function definition for ‘read.table’
    pvalue.random: no visible global function definition for ‘write.table’
    pvalue.systematic: no visible global function definition for
     ‘read.table’
    pvalue.systematic: no visible global function definition for ‘combn’
    pvalue.systematic: no visible global function definition for
     ‘write.table’
    quantity: no visible global function definition for ‘combn’
    quantity: no visible global function definition for ‘write.table’
    quantity: no visible global function definition for ‘read.table’
    selectdesign: no visible global function definition for ‘read.table’
    Undefined global functions or variables:
     combn legend lines locator memory.limit mtext par plot points
     read.table title write.table
Flavors: r-devel-linux-x86_64-debian-clang, r-devel-linux-x86_64-debian-gcc, r-devel-linux-x86_64-fedora-clang, r-devel-linux-x86_64-fedora-gcc, r-devel-windows-ix86+x86_64