CRAN Package Check Results for Package SCVA

Last updated on 2015-06-30 19:48:05.

Flavor Version Tinstall Tcheck Ttotal Status Flags
r-devel-linux-x86_64-debian-clang 1.1.1 0.62 22.85 23.46 NOTE
r-devel-linux-x86_64-debian-gcc 1.1.1 0.60 23.15 23.75 NOTE
r-devel-linux-x86_64-fedora-clang 1.1.1 43.46 NOTE
r-devel-linux-x86_64-fedora-gcc 1.1.1 39.06 OK
r-devel-osx-x86_64-clang 1.1.1 43.18 OK
r-devel-windows-ix86+x86_64 1.1.1 4.00 31.00 35.00 OK
r-patched-linux-x86_64 1.1.1 0.61 22.78 23.39 OK
r-patched-solaris-sparc 1.1.1 271.90 OK
r-patched-solaris-x86 1.1.1 52.70 OK
r-release-linux-x86_64 1.1.1 0.62 25.67 26.29 OK
r-release-osx-x86_64-mavericks 1.1.1 OK
r-release-windows-ix86+x86_64 1.1.1 2.00 40.00 42.00 OK
r-oldrel-windows-ix86+x86_64 1.1.1 4.00 39.00 43.00 OK

Check Details

Version: 1.1.1
Check: R code for possible problems
Result: NOTE
    graph: no visible global function definition for ‘read.table’
    graph: no visible global function definition for ‘plot’
    graph: no visible global function definition for ‘points’
    graph: no visible global function definition for ‘lines’
    graph: no visible global function definition for ‘legend’
    graph: no visible global function definition for ‘locator’
    graph: no visible global function definition for ‘mtext’
    graph: no visible global function definition for ‘par’
    graph: no visible global function definition for ‘title’
    graph.CL: no visible global function definition for ‘read.table’
    graph.CL: no visible global function definition for ‘median’
    graph.CL : mest: no visible global function definition for ‘mad’
    graph.CL : mest: no visible global function definition for ‘median’
    graph.CL: no visible global function definition for ‘plot’
    graph.CL: no visible global function definition for ‘points’
    graph.CL: no visible global function definition for ‘lines’
    graph.CL: no visible global function definition for ‘legend’
    graph.CL: no visible global function definition for ‘locator’
    graph.CL: no visible global function definition for ‘mtext’
    graph.CL: no visible global function definition for ‘par’
    graph.CL: no visible global function definition for ‘title’
    graph.TREND: no visible global function definition for ‘read.table’
    graph.TREND: no visible global function definition for ‘median’
    graph.TREND : mest: no visible global function definition for ‘mad’
    graph.TREND : mest: no visible global function definition for ‘median’
    graph.TREND: no visible global function definition for ‘plot’
    graph.TREND: no visible global function definition for ‘lines’
    graph.TREND: no visible global function definition for ‘mtext’
    graph.TREND: no visible global function definition for ‘points’
    graph.TREND: no visible global function definition for ‘coefficients’
    graph.TREND: no visible global function definition for ‘lm’
    graph.TREND: no visible global function definition for ‘legend’
    graph.TREND: no visible global function definition for ‘locator’
    graph.TREND: no visible global function definition for ‘par’
    graph.TREND: no visible global function definition for ‘title’
    graph.VAR: no visible global function definition for ‘read.table’
    graph.VAR: no visible global function definition for ‘plot’
    graph.VAR: no visible global function definition for ‘points’
    graph.VAR: no visible global function definition for ‘lines’
    graph.VAR: no visible global function definition for ‘legend’
    graph.VAR: no visible global function definition for ‘locator’
    graph.VAR: no visible global function definition for ‘mtext’
    graph.VAR: no visible global function definition for ‘median’
    graph.VAR : mest: no visible global function definition for ‘mad’
    graph.VAR : mest: no visible global function definition for ‘median’
    graph.VAR: no visible global function definition for ‘coefficients’
    graph.VAR: no visible global function definition for ‘lm’
    graph.VAR: no visible global function definition for ‘par’
    graph.VAR: no visible global function definition for ‘title’
    graph.extract: no visible global function definition for ‘plot’
    graph.extract: no visible global function definition for ‘locator’
    graph.extract: no visible global function definition for ‘lm’
    graph.extract: no visible global function definition for ‘write.table’
Flavors: r-devel-linux-x86_64-debian-clang, r-devel-linux-x86_64-debian-gcc, r-devel-linux-x86_64-fedora-clang