CRAN Package Check Results for Package SDALGCP

Last updated on 2019-05-25 17:48:24 CEST.

Flavor Version Tinstall Tcheck Ttotal Status Flags
r-devel-linux-x86_64-debian-clang 0.2.0 25.98 181.39 207.37 OK
r-devel-linux-x86_64-debian-gcc 0.2.0 20.97 142.27 163.24 OK
r-devel-linux-x86_64-fedora-clang 0.2.0 260.31 NOTE
r-devel-linux-x86_64-fedora-gcc 0.2.0 231.36 NOTE
r-devel-windows-ix86+x86_64 0.2.0 55.00 188.00 243.00 OK
r-patched-linux-x86_64 0.2.0 OK
r-patched-solaris-x86 0.2.0 408.50 NOTE
r-release-linux-x86_64 0.2.0 25.12 181.18 206.30 OK
r-release-windows-ix86+x86_64 0.2.0 87.00 266.00 353.00 OK
r-release-osx-x86_64 0.2.0 NOTE
r-oldrel-windows-ix86+x86_64 0.2.0 40.00 202.00 242.00 OK
r-oldrel-osx-x86_64 0.2.0 NOTE

Check Details

Version: 0.2.0
Check: dependencies in R code
Result: NOTE
    Namespace in Imports field not imported from: ‘plyr’
     All declared Imports should be used.
Flavors: r-devel-linux-x86_64-fedora-clang, r-devel-linux-x86_64-fedora-gcc, r-patched-solaris-x86, r-release-osx-x86_64, r-oldrel-osx-x86_64