CRAN Package Check Results for Package SDALGCP

Last updated on 2019-08-21 22:48:50 CEST.

Flavor Version Tinstall Tcheck Ttotal Status Flags
r-devel-linux-x86_64-debian-clang 0.2.0 28.11 181.70 209.81 OK
r-devel-linux-x86_64-debian-gcc 0.2.0 OK
r-devel-linux-x86_64-fedora-clang 0.2.0 256.76 NOTE
r-devel-linux-x86_64-fedora-gcc 0.2.0 258.62 NOTE
r-devel-windows-ix86+x86_64 0.2.0 75.00 289.00 364.00 OK
r-patched-linux-x86_64 0.2.0 27.80 179.95 207.75 OK
r-patched-solaris-x86 0.2.0 426.20 NOTE
r-release-linux-x86_64 0.2.0 26.30 180.21 206.51 OK
r-release-windows-ix86+x86_64 0.2.0 117.00 189.00 306.00 OK
r-release-osx-x86_64 0.2.0 NOTE
r-oldrel-windows-ix86+x86_64 0.2.0 43.00 262.00 305.00 OK
r-oldrel-osx-x86_64 0.2.0 NOTE

Check Details

Version: 0.2.0
Check: dependencies in R code
Result: NOTE
    Namespace in Imports field not imported from: ‘plyr’
     All declared Imports should be used.
Flavors: r-devel-linux-x86_64-fedora-clang, r-devel-linux-x86_64-fedora-gcc, r-patched-solaris-x86, r-release-osx-x86_64, r-oldrel-osx-x86_64