CRAN Package Check Results for Package SDD

Last updated on 2014-04-24 03:47:54.

Flavor Version Tinstall Tcheck Ttotal Status Flags
r-devel-linux-x86_64-debian-clang 1.1 1.55 23.44 24.98 OK
r-devel-linux-x86_64-debian-gcc 1.1 1.49 23.14 24.62 OK
r-devel-linux-x86_64-fedora-clang 1.1 47.17 OK
r-devel-linux-x86_64-fedora-gcc 1.1 44.64 OK
r-devel-osx-x86_64-clang 1.1 45.96 OK
r-devel-osx-x86_64-gcc 1.1 ERROR
r-devel-windows-ix86+x86_64 1.1 6.00 39.00 45.00 OK
r-patched-linux-x86_64 1.1 1.55 23.37 24.92 OK
r-patched-solaris-sparc 1.1 258.40 OK
r-patched-solaris-x86 1.1 66.40 OK
r-release-linux-ix86 1.1 2.00 46.00 48.00 OK
r-release-linux-x86_64 1.1 1.61 23.53 25.14 OK
r-release-osx-x86_64-mavericks 1.1 OK
r-release-osx-x86_64-snowleopard 1.1 OK
r-release-windows-ix86+x86_64 1.1 6.00 40.00 46.00 OK
r-oldrel-windows-ix86+x86_64 1.1 7.00 41.00 48.00 OK

Check Details

Version: 1.1
Check: package dependencies
Result: ERROR
    Packages required but not available: ‘Hmisc’ ‘tseries’
    
    See the information on DESCRIPTION files in the chapter ‘Creating R
    packages’ of the ‘Writing R Extensions’ manual.
Flavor: r-devel-osx-x86_64-gcc