CRAN Package Check Results for Package SDD

Last updated on 2015-07-05 10:47:08.

Flavor Version Tinstall Tcheck Ttotal Status Flags
r-devel-linux-x86_64-debian-clang 1.2 1.42 21.98 23.40 NOTE
r-devel-linux-x86_64-debian-gcc 1.2 1.43 21.68 23.12 NOTE
r-devel-linux-x86_64-fedora-clang 1.2 45.87 NOTE
r-devel-linux-x86_64-fedora-gcc 1.2 43.79 NOTE
r-devel-osx-x86_64-clang 1.2 41.39 OK
r-devel-windows-ix86+x86_64 1.2 9.00 42.00 51.00 NOTE
r-patched-linux-x86_64 1.2 3.46 22.06 25.52 OK
r-patched-solaris-sparc 1.2 281.90 OK
r-patched-solaris-x86 1.2 73.20 OK
r-release-linux-x86_64 1.2 1.57 22.75 24.32 OK
r-release-osx-x86_64-mavericks 1.2 OK
r-release-windows-ix86+x86_64 1.2 12.00 40.00 52.00 OK
r-oldrel-windows-ix86+x86_64 1.2 23.00 80.00 103.00 OK

Check Details

Version: 1.2
Check: R code for possible problems
Result: NOTE
    .ACF.compute: no visible global function definition for ‘pnorm’
    .ACF.compute: no visible global function definition for ‘qnorm’
    .ACF.compute: no visible global function definition for ‘pchisq’
    .ACF.plot: no visible global function definition for ‘abline’
    .ADF.compute: no visible global function definition for ‘qnorm’
    .ADF.compute: no visible global function definition for ‘chisq.test’
    .ADF.compute: no visible global function definition for ‘qchisq’
    .ADF.compute: no visible global function definition for ‘pchisq’
    .ADF.plot: no visible global function definition for ‘abline’
    .CADF.plot: no visible global function definition for ‘points’
    .DeltaADF.plot: no visible global function definition for ‘abline’
    .RPADF.compute: no visible global function definition for ‘pchisq’
    .RPADF.compute: no visible global function definition for ‘qchisq’
    .RPADF.plot: no visible global function definition for ‘abline’
    .RPADF.plot: no visible global function definition for ‘rect’
    .fmin: no visible global function definition for ‘optimize’
    .fobj: no visible global function definition for ‘pchisq’
    .gen.plot: no visible global function definition for ‘plot’
    .gen.plot: no visible global function definition for ‘axis’
    .gen.plot: no visible global function definition for ‘box’
    .gen.plot: no visible global function definition for ‘abline’
    .lcv: no visible global function definition for ‘bw.nrd0’
    .lcv: no visible global function definition for ‘nlm’
    ADF: no visible binding for global variable ‘p.adjust.methods’
    ADF: no visible global function definition for ‘p.adjust’
    Undefined global functions or variables:
     abline axis box bw.nrd0 chisq.test nlm optimize p.adjust
     p.adjust.methods pchisq plot pnorm points qchisq qnorm rect
Flavors: r-devel-linux-x86_64-debian-clang, r-devel-linux-x86_64-debian-gcc, r-devel-linux-x86_64-fedora-clang, r-devel-linux-x86_64-fedora-gcc, r-devel-windows-ix86+x86_64