CRAN Package Check Results for Package SDD

Last updated on 2015-09-04 16:48:48.

Flavor Version Tinstall Tcheck Ttotal Status Flags
r-devel-linux-x86_64-debian-clang 1.2 1.40 22.25 23.65 NOTE
r-devel-linux-x86_64-debian-gcc 1.2 1.45 21.28 22.74 NOTE
r-devel-linux-x86_64-fedora-clang 1.2 44.24 NOTE
r-devel-linux-x86_64-fedora-gcc 1.2 43.37 NOTE
r-devel-osx-x86_64-clang 1.2 36.68 OK
r-devel-windows-ix86+x86_64 1.2 6.00 40.00 46.00 NOTE
r-patched-linux-x86_64 1.2 1.53 21.70 23.24 OK
r-patched-solaris-sparc 1.2 295.00 OK
r-patched-solaris-x86 1.2 76.10 OK
r-release-linux-x86_64 1.2 1.46 22.25 23.72 OK
r-release-osx-x86_64-mavericks 1.2 OK
r-release-windows-ix86+x86_64 1.2 11.00 46.00 57.00 OK
r-oldrel-windows-ix86+x86_64 1.2 17.00 95.00 112.00 OK

Check Details

Version: 1.2
Check: R code for possible problems
Result: NOTE
    .ACF.compute: no visible global function definition for ‘pnorm’
    .ACF.compute: no visible global function definition for ‘qnorm’
    .ACF.compute: no visible global function definition for ‘pchisq’
    .ACF.plot: no visible global function definition for ‘abline’
    .ADF.compute: no visible global function definition for ‘qnorm’
    .ADF.compute: no visible global function definition for ‘chisq.test’
    .ADF.compute: no visible global function definition for ‘qchisq’
    .ADF.compute: no visible global function definition for ‘pchisq’
    .ADF.plot: no visible global function definition for ‘abline’
    .CADF.plot: no visible global function definition for ‘points’
    .DeltaADF.plot: no visible global function definition for ‘abline’
    .RPADF.compute: no visible global function definition for ‘pchisq’
    .RPADF.compute: no visible global function definition for ‘qchisq’
    .RPADF.plot: no visible global function definition for ‘abline’
    .RPADF.plot: no visible global function definition for ‘rect’
    .fmin: no visible global function definition for ‘optimize’
    .fobj: no visible global function definition for ‘pchisq’
    .gen.plot: no visible global function definition for ‘plot’
    .gen.plot: no visible global function definition for ‘axis’
    .gen.plot: no visible global function definition for ‘box’
    .gen.plot: no visible global function definition for ‘abline’
    .lcv: no visible global function definition for ‘bw.nrd0’
    .lcv: no visible global function definition for ‘nlm’
    ADF: no visible binding for global variable ‘p.adjust.methods’
    ADF: no visible global function definition for ‘p.adjust’
    Undefined global functions or variables:
     abline axis box bw.nrd0 chisq.test nlm optimize p.adjust
     p.adjust.methods pchisq plot pnorm points qchisq qnorm rect
    Consider adding
     importFrom("graphics", "abline", "axis", "box", "plot", "points",
     "rect")
     importFrom("stats", "bw.nrd0", "chisq.test", "nlm", "optimize",
     "p.adjust", "p.adjust.methods", "pchisq", "pnorm", "qchisq",
     "qnorm")
    to your NAMESPACE.
Flavors: r-devel-linux-x86_64-debian-clang, r-devel-linux-x86_64-debian-gcc, r-devel-linux-x86_64-fedora-clang, r-devel-linux-x86_64-fedora-gcc, r-devel-windows-ix86+x86_64