CRAN Package Check Results for Package SDD

Last updated on 2018-06-21 11:50:27 CEST.

Flavor Version Tinstall Tcheck Ttotal Status Flags
r-devel-linux-x86_64-debian-clang 1.2 7.40 83.50 90.90 NOTE
r-devel-linux-x86_64-debian-gcc 1.2 6.47 71.60 78.07 NOTE
r-devel-linux-x86_64-fedora-clang 1.2 114.02 NOTE
r-devel-linux-x86_64-fedora-gcc 1.2 109.11 NOTE
r-devel-windows-ix86+x86_64 1.2 22.00 97.00 119.00 NOTE
r-patched-linux-x86_64 1.2 6.63 76.62 83.25 NOTE
r-patched-solaris-x86 1.2 167.10 NOTE
r-release-linux-x86_64 1.2 7.39 76.84 84.23 NOTE
r-release-windows-ix86+x86_64 1.2 15.00 90.00 105.00 NOTE
r-release-osx-x86_64 1.2 ERROR
r-oldrel-windows-ix86+x86_64 1.2 12.00 141.00 153.00 NOTE
r-oldrel-osx-x86_64 1.2 NOTE

Check Details

Version: 1.2
Check: R code for possible problems
Result: NOTE
    .ACF.compute: no visible global function definition for ‘pnorm’
    .ACF.compute: no visible global function definition for ‘qnorm’
    .ACF.compute: no visible global function definition for ‘pchisq’
    .ACF.plot: no visible global function definition for ‘abline’
    .ADF.compute: no visible global function definition for ‘qnorm’
    .ADF.compute: no visible global function definition for ‘chisq.test’
    .ADF.compute: no visible global function definition for ‘qchisq’
    .ADF.compute: no visible global function definition for ‘pchisq’
    .ADF.plot: no visible global function definition for ‘abline’
    .CADF.plot: no visible global function definition for ‘points’
    .DeltaADF.plot: no visible global function definition for ‘abline’
    .RPADF.compute: no visible global function definition for ‘pchisq’
    .RPADF.compute: no visible global function definition for ‘qchisq’
    .RPADF.plot: no visible global function definition for ‘abline’
    .RPADF.plot: no visible global function definition for ‘rect’
    .fmin: no visible global function definition for ‘optimize’
    .fobj: no visible global function definition for ‘pchisq’
    .gen.plot: no visible global function definition for ‘plot’
    .gen.plot: no visible global function definition for ‘axis’
    .gen.plot: no visible global function definition for ‘box’
    .gen.plot: no visible global function definition for ‘abline’
    .lcv: no visible global function definition for ‘bw.nrd0’
    .lcv: no visible global function definition for ‘nlm’
    ADF: no visible binding for global variable ‘p.adjust.methods’
    ADF: no visible global function definition for ‘p.adjust’
    Undefined global functions or variables:
     abline axis box bw.nrd0 chisq.test nlm optimize p.adjust
     p.adjust.methods pchisq plot pnorm points qchisq qnorm rect
    Consider adding
     importFrom("graphics", "abline", "axis", "box", "plot", "points",
     "rect")
     importFrom("stats", "bw.nrd0", "chisq.test", "nlm", "optimize",
     "p.adjust", "p.adjust.methods", "pchisq", "pnorm", "qchisq",
     "qnorm")
    to your NAMESPACE file.
Flavors: r-devel-linux-x86_64-debian-clang, r-devel-linux-x86_64-debian-gcc, r-devel-linux-x86_64-fedora-clang, r-devel-linux-x86_64-fedora-gcc, r-devel-windows-ix86+x86_64, r-patched-linux-x86_64, r-patched-solaris-x86, r-release-linux-x86_64, r-release-windows-ix86+x86_64, r-oldrel-windows-ix86+x86_64, r-oldrel-osx-x86_64

Version: 1.2
Check: package dependencies
Result: ERROR
    Package required but not available: ‘rpanel’
    
    See section ‘The DESCRIPTION file’ in the ‘Writing R Extensions’
    manual.
Flavor: r-release-osx-x86_64