CRAN Package Check Results for Package SDDA

Last updated on 2014-09-02 10:51:58.

Flavor Version Tinstall Tcheck Ttotal Status Flags
r-patched-linux-x86_64 1.0-5 1.40 10.64 12.04 NOTE
r-release-linux-ix86 1.0-5 2.01 17.76 19.78 NOTE

Memtest notes: valgrind

Check Details

Version: 1.0-5
Check: dependencies in R code
Result: NOTE
    'library' or 'require' call to ‘MASS’ which was already attached by Depends.
     Please remove these calls from your code.
    Package in Depends field not imported from: ‘MASS’
     These packages need to be imported from (in the NAMESPACE file)
     for when this namespace is loaded but not attached.
    See the information on DESCRIPTION files in the chapter ‘Creating R
    packages’ of the ‘Writing R Extensions’ manual.
Flavors: r-patched-linux-x86_64, r-release-linux-ix86

Version: 1.0-5
Check: foreign function calls
Result: NOTE
    Calls with DUP = FALSE:
     .C("dldawrap", as.integer(n), as.integer(p), as.integer(G), as.double(X),
     as.integer(inty), means = matrix(0, G, p), vars = double(p),
     counts = integer(G), DUP = FALSE)
     .C("dqdawrap", as.integer(n), as.integer(p), as.integer(G), as.double(X),
     as.integer(inty), means = matrix(0, G, p), vars = matrix(0,
     G, p), counts = integer(G), DUP = FALSE)
     .C("preddldawrap", as.integer(p), as.integer(G), object$means,
     object$vars, object$counts, object$priors, as.integer(n),
     newdata, R = matrix(0, n, G), DUP = FALSE)
     .C("preddldawrap", as.integer(p), as.integer(G), object$means,
     object$vars, object$counts, object$priors, as.integer(n),
     newdata, R = matrix(0, n, G), DUP = FALSE)
     .C("sddawrap", as.integer(n), as.integer(p), as.integer(G), X,
     as.integer(inty), obj$means, obj$vars, obj$counts, obj$priors,
     start, never, S = logical(p), as.integer(lda), as.integer(pflg),
     as.integer(cflg), as.integer(xflg), as.integer(jmax), ecrit = double(jj),
     pcrit = double(jj), DUP = FALSE)
    DUP = FALSE is deprecated and may be disabled in future versions of R.
Flavors: r-patched-linux-x86_64, r-release-linux-ix86

Version: 1.0-5
Check: R code for possible problems
Result: NOTE
    NB: .First.lib is obsolete and will not be used in R >= 3.0.0
Flavors: r-patched-linux-x86_64, r-release-linux-ix86

Version: 1.0-5
Check: Rd \usage sections
Result: NOTE
    S3 methods shown with full name in documentation object 'predict.sdda':
     ‘predict.sdda’
    
    S3 methods shown with full name in documentation object 'print.sdda':
     ‘print.sdda’
    
    S3 methods shown with full name in documentation object 'summary.sdda':
     ‘summary.sdda’
    
    The \usage entries for S3 methods should use the \method markup and not
    their full name.
    See the chapter ‘Writing R documentation files’ in the ‘Writing R
    Extensions’ manual.
Flavors: r-patched-linux-x86_64, r-release-linux-ix86