CRAN Package Check Results for Package SDDE

Last updated on 2020-09-20 02:51:18 CEST.

Flavor Version Tinstall Tcheck Ttotal Status Flags
r-devel-linux-x86_64-debian-clang 1.0.1 5.83 40.86 46.69 NOTE
r-devel-linux-x86_64-debian-gcc 1.0.1 4.58 31.94 36.52 NOTE
r-devel-linux-x86_64-fedora-clang 1.0.1 65.49 NOTE
r-devel-linux-x86_64-fedora-gcc 1.0.1 56.86 NOTE
r-devel-windows-ix86+x86_64 1.0.1 12.00 68.00 80.00 OK
r-patched-linux-x86_64 1.0.1 6.49 40.52 47.01 NOTE
r-patched-solaris-x86 1.0.1 87.90 NOTE
r-release-linux-x86_64 1.0.1 5.35 41.03 46.38 NOTE
r-release-macos-x86_64 1.0.1 OK
r-release-windows-ix86+x86_64 1.0.1 12.00 79.00 91.00 OK
r-oldrel-macos-x86_64 1.0.1 OK
r-oldrel-windows-ix86+x86_64 1.0.1 7.00 67.00 74.00 OK

Check Details

Version: 1.0.1
Check: for non-standard things in the check directory
Result: NOTE
    Found the following files/directories:
     'result.txt'
Flavors: r-devel-linux-x86_64-debian-clang, r-devel-linux-x86_64-debian-gcc, r-devel-linux-x86_64-fedora-clang, r-devel-linux-x86_64-fedora-gcc, r-patched-linux-x86_64, r-patched-solaris-x86, r-release-linux-x86_64

Version: 1.0.1
Check: compiled code
Result: NOTE
    File ‘SDDE/libs/SDDE.so’:
     Found no calls to: ‘R_registerRoutines’, ‘R_useDynamicSymbols’
    
    It is good practice to register native routines and to disable symbol
    search.
    
    See ‘Writing portable packages’ in the ‘Writing R Extensions’ manual.
Flavors: r-devel-linux-x86_64-fedora-clang, r-devel-linux-x86_64-fedora-gcc