CRAN Package Check Results for Package SDMTools

Last updated on 2015-05-05 17:47:33.

Flavor Version Tinstall Tcheck Ttotal Status Flags
r-devel-linux-x86_64-debian-clang 1.1-221 1.86 18.48 20.34 NOTE
r-devel-linux-x86_64-debian-gcc 1.1-221 1.96 18.14 20.09 NOTE
r-devel-linux-x86_64-fedora-clang 1.1-221 39.64 NOTE
r-devel-linux-x86_64-fedora-gcc 1.1-221 36.01 NOTE
r-devel-osx-x86_64-clang 1.1-221 38.98 NOTE
r-devel-windows-ix86+x86_64 1.1-221 13.00 40.00 53.00 NOTE
r-patched-linux-x86_64 1.1-221 2.04 18.89 20.93 NOTE
r-patched-solaris-sparc 1.1-221 251.00 NOTE
r-patched-solaris-x86 1.1-221 52.50 NOTE
r-release-linux-x86_64 1.1-221 2.00 19.45 21.45 NOTE
r-release-osx-x86_64-mavericks 1.1-221 NOTE
r-release-osx-x86_64-snowleopard 1.1-221 ERROR
r-release-windows-ix86+x86_64 1.1-221 14.00 49.00 63.00 NOTE
r-oldrel-windows-ix86+x86_64 1.1-221 15.00 49.00 64.00 NOTE

Check Details

Version: 1.1-221
Check: dependencies in R code
Result: NOTE
    'library' or 'require' calls in package code:
     ‘raster’ ‘sp’
     Please use :: or requireNamespace() instead.
     See section 'Suggested packages' in the 'Writing R Extensions' manual.
Flavors: r-devel-linux-x86_64-debian-clang, r-devel-linux-x86_64-debian-gcc, r-devel-linux-x86_64-fedora-clang, r-devel-linux-x86_64-fedora-gcc, r-devel-osx-x86_64-clang, r-devel-windows-ix86+x86_64, r-patched-linux-x86_64, r-patched-solaris-sparc, r-patched-solaris-x86, r-release-linux-x86_64, r-release-osx-x86_64-mavericks, r-release-osx-x86_64-snowleopard, r-release-windows-ix86+x86_64, r-oldrel-windows-ix86+x86_64

Version: 1.1-221
Check: R code for possible problems
Result: NOTE
    ConnCompLabel: no visible global function definition for ‘setValues’
    SigDiff: no visible global function definition for ‘setValues’
    asc.from.raster: no visible global function definition for ‘getValues’
    aspect: no visible global function definition for ‘setValues’
    grid.area: no visible global function definition for ‘setValues’
    grid.perimeter: no visible global function definition for ‘setValues’
    lcmw: no visible global function definition for ‘setValues’
    raster.from.asc: no visible global function definition for ‘raster’
    raster.from.asc: no visible global function definition for
     ‘projection<-’
    raster.from.asc: no visible global function definition for ‘setValues’
    slope: no visible global function definition for ‘setValues’
    sp.from.asc: no visible global function definition for ‘CRS’
    sp.from.asc: no visible global function definition for ‘GridTopology’
    sp.from.asc: no visible global function definition for
     ‘SpatialGridDataFrame’
Flavors: r-devel-linux-x86_64-debian-clang, r-devel-linux-x86_64-debian-gcc, r-devel-linux-x86_64-fedora-clang, r-devel-linux-x86_64-fedora-gcc, r-devel-osx-x86_64-clang, r-devel-windows-ix86+x86_64, r-patched-linux-x86_64, r-patched-solaris-sparc, r-patched-solaris-x86, r-release-linux-x86_64, r-release-osx-x86_64-mavericks, r-release-osx-x86_64-snowleopard, r-release-windows-ix86+x86_64, r-oldrel-windows-ix86+x86_64

Version: 1.1-221
Check: package dependencies
Result: NOTE
    Package suggested but not available for checking: ‘raster’
Flavor: r-release-osx-x86_64-snowleopard

Version: 1.1-221
Check: examples
Result: ERROR
    Running examples in ‘SDMTools-Ex.R’ failed
    The error most likely occurred in:
    
    > ### Name: asc.from.raster
    > ### Title: Raster conversion functions for adehabitat, raster and sp
    > ### packages
    > ### Aliases: as.asc asc.from.raster asc.from.sp raster.from.asc sp.from.asc
    >
    > ### ** Examples
    >
    > #create a simple object of class 'asc'
    > tasc = as.asc(matrix(rep(x=1:10, times=1000),nr=100)); print(tasc)
    Raster map of class "asc":
    Cell size: 1
    Number of rows: 100
    Number of columns: 100
    Type: numeric
    > str(tasc)
     asc [1:100, 1:100] 1 2 3 4 5 6 7 8 9 10 ...
     - attr(*, "xll")= num 1
     - attr(*, "yll")= num 1
     - attr(*, "cellsize")= num 1
     - attr(*, "type")= chr "numeric"
    >
    > #convert to RasterLayer
    > traster = raster.from.asc(tasc)
    Loading required package: raster
    Warning in library(package, lib.loc = lib.loc, character.only = TRUE, logical.return = TRUE, :
     there is no package called ‘raster’
    Error in raster.from.asc(tasc) : could not find function "raster"
    Execution halted
Flavor: r-release-osx-x86_64-snowleopard