CRAN Package Check Results for Package SDMTools

Last updated on 2015-03-29 19:48:52.

Flavor Version Tinstall Tcheck Ttotal Status Flags
r-devel-linux-x86_64-debian-clang 1.1-221 1.91 18.70 20.61 NOTE
r-devel-linux-x86_64-debian-gcc 1.1-221 1.96 18.46 20.42 NOTE
r-devel-linux-x86_64-fedora-clang 1.1-221 38.61 NOTE
r-devel-linux-x86_64-fedora-gcc 1.1-221 36.39 NOTE
r-devel-osx-x86_64-clang 1.1-221 43.21 NOTE
r-prerel-windows-ix86+x86_64 1.1-221 19.00 42.00 61.00 NOTE
r-prerel-linux-x86_64 1.1-221 1.96 18.25 20.21 NOTE
r-prerel-solaris-sparc 1.1-221 251.00 NOTE
r-prerel-solaris-x86 1.1-221 51.50 NOTE
r-release-linux-x86_64 1.1-221 2.21 21.38 23.58 NOTE
r-release-osx-x86_64-mavericks 1.1-221 NOTE
r-release-osx-x86_64-snowleopard 1.1-221 OK
r-release-windows-ix86+x86_64 1.1-221 16.00 50.00 66.00 NOTE
r-oldrel-windows-ix86+x86_64 1.1-221 19.00 49.00 68.00 OK

Check Details

Version: 1.1-221
Check: dependencies in R code
Result: NOTE
    'library' or 'require' calls in package code:
     ‘raster’ ‘sp’
     Please use :: or requireNamespace() instead.
     See section 'Suggested packages' in the 'Writing R Extensions' manual.
Flavors: r-devel-linux-x86_64-debian-clang, r-devel-linux-x86_64-debian-gcc, r-devel-linux-x86_64-fedora-clang, r-devel-linux-x86_64-fedora-gcc, r-devel-osx-x86_64-clang, r-prerel-windows-ix86+x86_64, r-prerel-linux-x86_64, r-prerel-solaris-sparc, r-prerel-solaris-x86, r-release-linux-x86_64, r-release-windows-ix86+x86_64

Version: 1.1-221
Check: R code for possible problems
Result: NOTE
    ConnCompLabel: no visible global function definition for ‘setValues’
    SigDiff: no visible global function definition for ‘setValues’
    asc.from.raster: no visible global function definition for ‘getValues’
    aspect: no visible global function definition for ‘setValues’
    grid.area: no visible global function definition for ‘setValues’
    grid.perimeter: no visible global function definition for ‘setValues’
    lcmw: no visible global function definition for ‘setValues’
    raster.from.asc: no visible global function definition for ‘raster’
    raster.from.asc: no visible global function definition for
     ‘projection<-’
    raster.from.asc: no visible global function definition for ‘setValues’
    slope: no visible global function definition for ‘setValues’
    sp.from.asc: no visible global function definition for ‘CRS’
    sp.from.asc: no visible global function definition for ‘GridTopology’
    sp.from.asc: no visible global function definition for
     ‘SpatialGridDataFrame’
Flavors: r-devel-linux-x86_64-debian-clang, r-devel-linux-x86_64-debian-gcc, r-devel-linux-x86_64-fedora-clang, r-devel-linux-x86_64-fedora-gcc, r-devel-osx-x86_64-clang, r-prerel-windows-ix86+x86_64, r-prerel-linux-x86_64, r-prerel-solaris-sparc, r-prerel-solaris-x86, r-release-linux-x86_64, r-release-osx-x86_64-mavericks, r-release-windows-ix86+x86_64