CRAN Package Check Results for Package SDMTools

Last updated on 2015-07-07 06:46:51.

Flavor Version Tinstall Tcheck Ttotal Status Flags
r-devel-linux-x86_64-debian-clang 1.1-221 1.76 18.63 20.39 NOTE
r-devel-linux-x86_64-debian-gcc 1.1-221 1.89 17.93 19.82 NOTE
r-devel-linux-x86_64-fedora-clang 1.1-221 38.27 NOTE
r-devel-linux-x86_64-fedora-gcc 1.1-221 36.16 NOTE
r-devel-osx-x86_64-clang 1.1-221 36.00 NOTE
r-devel-windows-ix86+x86_64 1.1-221 17.00 38.00 55.00 NOTE
r-patched-linux-x86_64 1.1-221 2.07 18.24 20.30 NOTE
r-patched-solaris-sparc 1.1-221 241.00 NOTE
r-patched-solaris-x86 1.1-221 53.00 NOTE
r-release-linux-x86_64 1.1-221 1.94 18.34 20.28 NOTE
r-release-osx-x86_64-mavericks 1.1-221 NOTE
r-release-windows-ix86+x86_64 1.1-221 22.00 40.00 62.00 NOTE
r-oldrel-windows-ix86+x86_64 1.1-221 23.00 48.00 71.00 NOTE

Check Details

Version: 1.1-221
Check: dependencies in R code
Result: NOTE
    'library' or 'require' calls in package code:
     ‘raster’ ‘sp’
     Please use :: or requireNamespace() instead.
     See section 'Suggested packages' in the 'Writing R Extensions' manual.
Flavors: r-devel-linux-x86_64-debian-clang, r-devel-linux-x86_64-debian-gcc, r-devel-linux-x86_64-fedora-clang, r-devel-linux-x86_64-fedora-gcc, r-devel-osx-x86_64-clang, r-devel-windows-ix86+x86_64, r-patched-linux-x86_64, r-patched-solaris-sparc, r-patched-solaris-x86, r-release-linux-x86_64, r-release-osx-x86_64-mavericks, r-release-windows-ix86+x86_64, r-oldrel-windows-ix86+x86_64

Version: 1.1-221
Check: R code for possible problems
Result: NOTE
    COGravity: no visible global function definition for ‘sd’
    ClassStat: no visible global function definition for ‘na.omit’
    ClassStat: no visible global function definition for ‘sd’
    ConnCompLabel: no visible global function definition for ‘setValues’
    ImageDiff: no visible global function definition for ‘terrain.colors’
    ImageDiff: no visible global function definition for ‘image’
    PatchStat: no visible global function definition for ‘na.omit’
    Scalebar: no visible global function definition for ‘rect’
    Scalebar: no visible global function definition for ‘segments’
    Scalebar: no visible global function definition for ‘text’
    SigDiff: no visible global function definition for ‘pnorm’
    SigDiff: no visible global function definition for ‘setValues’
    ZonalStat: no visible global function definition for ‘na.omit’
    ZonalStat: no visible global function definition for ‘quantile’
    asc.from.raster: no visible global function definition for ‘getValues’
    asc2dataframe: no visible global function definition for ‘na.omit’
    aspect: no visible global function definition for ‘setValues’
    compare.matrix: no visible global function definition for ‘aggregate’
    compare.matrix: no visible global function definition for ‘image’
    compare.matrix: no visible global function definition for ‘heat.colors’
    compare.matrix: no visible global function definition for ‘contour’
    grid.area: no visible global function definition for ‘setValues’
    grid.perimeter: no visible global function definition for ‘setValues’
    image.asc: no visible global function definition for ‘gray’
    image.asc: no visible global function definition for ‘image’
    image.asc: no visible global function definition for ‘rainbow’
    lcmw: no visible global function definition for ‘na.omit’
    lcmw: no visible global function definition for ‘setValues’
    legend.gradient: no visible global function definition for
     ‘heat.colors’
    legend.gradient: no visible global function definition for ‘polygon’
    legend.gradient: no visible global function definition for ‘text’
    quick.map: no visible global function definition for ‘heat.colors’
    quick.map: no visible global function definition for ‘image’
    raster.from.asc: no visible global function definition for ‘raster’
    raster.from.asc: no visible global function definition for
     ‘projection<-’
    raster.from.asc: no visible global function definition for ‘setValues’
    slope: no visible global function definition for ‘setValues’
    sp.from.asc: no visible global function definition for ‘CRS’
    sp.from.asc: no visible global function definition for ‘GridTopology’
    sp.from.asc: no visible global function definition for
     ‘SpatialGridDataFrame’
    Undefined global functions or variables:
     CRS GridTopology SpatialGridDataFrame aggregate contour getValues
     gray heat.colors image na.omit pnorm polygon projection<- quantile
     rainbow raster rect sd segments setValues terrain.colors text
Flavors: r-devel-linux-x86_64-debian-clang, r-devel-linux-x86_64-debian-gcc, r-devel-linux-x86_64-fedora-clang, r-devel-linux-x86_64-fedora-gcc, r-devel-windows-ix86+x86_64

Version: 1.1-221
Check: R code for possible problems
Result: NOTE
    ConnCompLabel: no visible global function definition for ‘setValues’
    SigDiff: no visible global function definition for ‘setValues’
    asc.from.raster: no visible global function definition for ‘getValues’
    aspect: no visible global function definition for ‘setValues’
    grid.area: no visible global function definition for ‘setValues’
    grid.perimeter: no visible global function definition for ‘setValues’
    lcmw: no visible global function definition for ‘setValues’
    raster.from.asc: no visible global function definition for ‘raster’
    raster.from.asc: no visible global function definition for
     ‘projection<-’
    raster.from.asc: no visible global function definition for ‘setValues’
    slope: no visible global function definition for ‘setValues’
    sp.from.asc: no visible global function definition for ‘CRS’
    sp.from.asc: no visible global function definition for ‘GridTopology’
    sp.from.asc: no visible global function definition for
     ‘SpatialGridDataFrame’
    Undefined global functions or variables:
     CRS GridTopology SpatialGridDataFrame getValues projection<- raster
     setValues
Flavor: r-devel-osx-x86_64-clang

Version: 1.1-221
Check: R code for possible problems
Result: NOTE
    ConnCompLabel: no visible global function definition for ‘setValues’
    SigDiff: no visible global function definition for ‘setValues’
    asc.from.raster: no visible global function definition for ‘getValues’
    aspect: no visible global function definition for ‘setValues’
    grid.area: no visible global function definition for ‘setValues’
    grid.perimeter: no visible global function definition for ‘setValues’
    lcmw: no visible global function definition for ‘setValues’
    raster.from.asc: no visible global function definition for ‘raster’
    raster.from.asc: no visible global function definition for
     ‘projection<-’
    raster.from.asc: no visible global function definition for ‘setValues’
    slope: no visible global function definition for ‘setValues’
    sp.from.asc: no visible global function definition for ‘CRS’
    sp.from.asc: no visible global function definition for ‘GridTopology’
    sp.from.asc: no visible global function definition for
     ‘SpatialGridDataFrame’
Flavors: r-patched-linux-x86_64, r-patched-solaris-sparc, r-patched-solaris-x86, r-release-linux-x86_64, r-release-osx-x86_64-mavericks, r-release-windows-ix86+x86_64, r-oldrel-windows-ix86+x86_64