CRAN Package Check Results for Package SDMTools

Last updated on 2014-08-21 17:46:57.

Flavor Version Tinstall Tcheck Ttotal Status Flags
r-devel-linux-x86_64-debian-clang 1.1-221 1.86 21.72 23.58 OK
r-devel-linux-x86_64-debian-gcc 1.1-221 2.10 21.24 23.35 OK
r-devel-linux-x86_64-fedora-clang 1.1-221 44.48 NOTE
r-devel-linux-x86_64-fedora-gcc 1.1-221 41.69 NOTE
r-devel-osx-x86_64-clang 1.1-221 41.69 NOTE
r-devel-windows-ix86+x86_64 1.1-221 13.00 39.00 52.00 OK
r-patched-linux-x86_64 1.1-221 2.24 22.68 24.93 OK
r-patched-solaris-sparc 1.1-221 257.20 OK
r-patched-solaris-x86 1.1-221 65.10 OK
r-release-linux-ix86 1.1-221 3.05 31.17 34.22 OK
r-release-linux-x86_64 1.1-221 2.58 22.20 24.78 OK
r-release-osx-x86_64-mavericks 1.1-221 OK
r-release-osx-x86_64-snowleopard 1.1-221 OK
r-release-windows-ix86+x86_64 1.1-221 13.00 42.00 55.00 OK
r-oldrel-windows-ix86+x86_64 1.1-221 14.00 42.00 56.00 OK

Check Details

Version: 1.1-221
Check: R code for possible problems
Result: NOTE
    ConnCompLabel: no visible global function definition for ‘setValues’
    SigDiff: no visible global function definition for ‘setValues’
    asc.from.raster: no visible global function definition for ‘getValues’
    aspect: no visible global function definition for ‘setValues’
    grid.area: no visible global function definition for ‘setValues’
    grid.perimeter: no visible global function definition for ‘setValues’
    lcmw: no visible global function definition for ‘setValues’
    raster.from.asc: no visible global function definition for ‘raster’
    raster.from.asc: no visible global function definition for
     ‘projection<-’
    raster.from.asc: no visible global function definition for ‘setValues’
    slope: no visible global function definition for ‘setValues’
    sp.from.asc: no visible global function definition for ‘CRS’
    sp.from.asc: no visible global function definition for ‘GridTopology’
    sp.from.asc: no visible global function definition for
     ‘SpatialGridDataFrame’
Flavors: r-devel-linux-x86_64-fedora-clang, r-devel-linux-x86_64-fedora-gcc, r-devel-osx-x86_64-clang