CRAN Package Check Results for Package SDMTools

Last updated on 2014-04-25 09:52:23.

Flavor Version Tinstall Tcheck Ttotal Status Flags
r-devel-linux-x86_64-debian-clang 1.1-20 2.12 23.36 25.48 OK
r-devel-linux-x86_64-debian-gcc 1.1-20 2.21 23.30 25.51 OK
r-devel-linux-x86_64-fedora-clang 1.1-20 48.87 OK
r-devel-linux-x86_64-fedora-gcc 1.1-20 46.96 OK
r-devel-osx-x86_64-clang 1.1-20 44.24 OK
r-devel-osx-x86_64-gcc 1.1-20 ERROR
r-devel-windows-ix86+x86_64 1.1-20 12.00 44.00 56.00 OK
r-patched-linux-x86_64 1.1-20 2.18 23.25 25.43 OK
r-patched-solaris-sparc 1.1-20 287.90 OK
r-patched-solaris-x86 1.1-20 65.70 OK
r-release-linux-ix86 1.1-20 4.00 43.00 47.00 OK
r-release-linux-x86_64 1.1-20 2.27 22.95 25.22 OK
r-release-osx-x86_64-mavericks 1.1-20 WARN
r-release-osx-x86_64-snowleopard 1.1-20 OK
r-release-windows-ix86+x86_64 1.1-20 13.00 47.00 60.00 OK
r-oldrel-windows-ix86+x86_64 1.1-20 14.00 44.00 58.00 OK

Check Details

Version: 1.1-20
Check: package dependencies
Result: NOTE
    Package suggested but not available for checking: ‘raster’
Flavor: r-devel-osx-x86_64-gcc

Version: 1.1-20
Check: R code for possible problems
Result: NOTE
    ConnCompLabel: no visible global function definition for ‘setValues’
    SigDiff: no visible global function definition for ‘setValues’
    asc.from.raster: no visible global function definition for ‘getValues’
    aspect: no visible global function definition for ‘setValues’
    grid.area: no visible global function definition for ‘setValues’
    grid.perimeter: no visible global function definition for ‘setValues’
    lcmw: no visible global function definition for ‘setValues’
    raster.from.asc: no visible global function definition for ‘raster’
    raster.from.asc: no visible global function definition for
     ‘projection<-’
    raster.from.asc: no visible global function definition for ‘setValues’
    slope: no visible global function definition for ‘setValues’
Flavor: r-devel-osx-x86_64-gcc

Version: 1.1-20
Check: examples
Result: ERROR
    Running examples in ‘SDMTools-Ex.R’ failed
    The error most likely occurred in:
    
    > ### Name: asc.from.raster
    > ### Title: Raster conversion functions for adehabitat, raster and sp
    > ### packages
    > ### Aliases: as.asc asc.from.raster asc.from.sp raster.from.asc sp.from.asc
    >
    > ### ** Examples
    >
    > #create a simple object of class 'asc'
    > tasc = as.asc(matrix(rep(x=1:10, times=1000),nr=100)); print(tasc)
    Raster map of class "asc":
    Cell size: 1
    Number of rows: 100
    Number of columns: 100
    Type: numeric
    > str(tasc)
     asc [1:100, 1:100] 1 2 3 4 5 6 7 8 9 10 ...
     - attr(*, "xll")= num 1
     - attr(*, "yll")= num 1
     - attr(*, "cellsize")= num 1
     - attr(*, "type")= chr "numeric"
    >
    > #convert to RasterLayer
    > traster = raster.from.asc(tasc)
    Loading required package: raster
    Warning in library(package, lib.loc = lib.loc, character.only = TRUE, logical.return = TRUE, :
     there is no package called ‘raster’
    Error in raster.from.asc(tasc) : could not find function "raster"
    Execution halted
Flavor: r-devel-osx-x86_64-gcc

Version: 1.1-20
Check: PDF version of manual
Result: WARNING
    LaTeX errors when creating PDF version.
    This typically indicates Rd problems.
    LaTeX errors found:
    ! LaTeX Error: File `upquote.sty' not found.
    
    Type X to quit or <RETURN> to proceed,
    or enter new name. (Default extension: sty)
    
    /private/tmp/RtmpbBQfwQ/Rd2pdf184d75df59b32/Rd2.tex:8: ==> Fatal error occurre
    d, no output PDF file produced!
Flavor: r-release-osx-x86_64-mavericks