CRAN Package Check Results for Package SDaA

Last updated on 2016-02-08 06:47:29.

Flavor Version Tinstall Tcheck Ttotal Status Flags
r-devel-linux-x86_64-debian-gcc 0.1-3 0.85 13.08 13.93 NOTE
r-devel-linux-x86_64-fedora-clang 0.1-3 23.67 NOTE
r-devel-linux-x86_64-fedora-gcc 0.1-3 22.56 NOTE
r-devel-osx-x86_64-clang 0.1-3 29.46 NOTE
r-devel-windows-ix86+x86_64 0.1-3 7.00 28.00 35.00 NOTE
r-patched-linux-x86_64 0.1-3 1.08 14.22 15.30 OK
r-patched-solaris-sparc 0.1-3 162.80 OK
r-patched-solaris-x86 0.1-3 36.80 OK
r-release-linux-x86_64 0.1-3 0.98 14.04 15.03 OK
r-release-osx-x86_64-mavericks 0.1-3 OK
r-release-windows-ix86+x86_64 0.1-3 5.00 30.00 35.00 OK
r-oldrel-windows-ix86+x86_64 0.1-3 7.00 45.00 52.00 OK

Check Details

Version: 0.1-3
Check: R code for possible problems
Result: NOTE
    lahiri.design: no visible global function definition for ‘runif’
    Undefined global functions or variables:
     runif
    Consider adding
     importFrom("stats", "runif")
    to your NAMESPACE file.
Flavors: r-devel-linux-x86_64-debian-gcc, r-devel-linux-x86_64-fedora-clang, r-devel-linux-x86_64-fedora-gcc, r-devel-osx-x86_64-clang, r-devel-windows-ix86+x86_64