CRAN Package Check Results for Package SDaA

Last updated on 2015-07-29 17:48:16.

Flavor Version Tinstall Tcheck Ttotal Status Flags
r-devel-linux-x86_64-debian-clang 0.1-3 0.89 14.14 15.03 NOTE
r-devel-linux-x86_64-debian-gcc 0.1-3 0.87 14.27 15.14 NOTE
r-devel-linux-x86_64-fedora-clang 0.1-3 28.35 NOTE
r-devel-linux-x86_64-fedora-gcc 0.1-3 27.76 NOTE
r-devel-osx-x86_64-clang 0.1-3 31.18 OK
r-devel-windows-ix86+x86_64 0.1-3 6.00 27.00 33.00 NOTE
r-patched-linux-x86_64 0.1-3 0.89 14.73 15.62 OK
r-patched-solaris-sparc 0.1-3 178.90 OK
r-patched-solaris-x86 0.1-3 42.80 OK
r-release-linux-x86_64 0.1-3 0.90 15.10 15.99 OK
r-release-osx-x86_64-mavericks 0.1-3 OK
r-release-windows-ix86+x86_64 0.1-3 6.00 27.00 33.00 OK
r-oldrel-windows-ix86+x86_64 0.1-3 7.00 28.00 35.00 OK

Check Details

Version: 0.1-3
Check: R code for possible problems
Result: NOTE
    lahiri.design: no visible global function definition for ‘runif’
    Undefined global functions or variables:
     runif
    Consider adding
     importFrom("stats", "runif")
    to your NAMESPACE.
Flavors: r-devel-linux-x86_64-debian-clang, r-devel-linux-x86_64-debian-gcc, r-devel-linux-x86_64-fedora-clang, r-devel-linux-x86_64-fedora-gcc, r-devel-windows-ix86+x86_64