CRAN Package Check Results for Package SDaA

Last updated on 2016-06-25 09:47:32.

Flavor Version Tinstall Tcheck Ttotal Status Flags
r-devel-linux-x86_64-debian-gcc 0.1-3 0.89 14.14 15.03 NOTE
r-devel-linux-x86_64-fedora-clang 0.1-3 23.72 NOTE
r-devel-linux-x86_64-fedora-gcc 0.1-3 22.96 NOTE
r-devel-osx-x86_64-clang 0.1-3 21.92 NOTE
r-devel-windows-ix86+x86_64 0.1-3 7.00 34.00 41.00 NOTE
r-patched-linux-x86_64 0.1-3 0.98 13.95 14.93 NOTE
r-patched-solaris-sparc 0.1-3 151.70 NOTE
r-patched-solaris-x86 0.1-3 36.40 NOTE
r-release-linux-x86_64 0.1-3 0.95 14.11 15.06 NOTE
r-release-osx-x86_64-mavericks 0.1-3 NOTE
r-release-windows-ix86+x86_64 0.1-3 6.00 43.00 49.00 NOTE
r-oldrel-windows-ix86+x86_64 0.1-3 8.00 36.00 44.00 OK

Check Details

Version: 0.1-3
Check: R code for possible problems
Result: NOTE
    lahiri.design: no visible global function definition for ‘runif’
    Undefined global functions or variables:
     runif
    Consider adding
     importFrom("stats", "runif")
    to your NAMESPACE file.
Flavors: r-devel-linux-x86_64-debian-gcc, r-devel-linux-x86_64-fedora-clang, r-devel-linux-x86_64-fedora-gcc, r-devel-osx-x86_64-clang, r-devel-windows-ix86+x86_64, r-patched-linux-x86_64, r-patched-solaris-sparc, r-patched-solaris-x86, r-release-linux-x86_64, r-release-osx-x86_64-mavericks, r-release-windows-ix86+x86_64