CRAN Package Check Results for Package SDaA

Last updated on 2014-09-02 03:49:49.

Flavor Version Tinstall Tcheck Ttotal Status Flags
r-devel-linux-x86_64-debian-clang 0.1-2 2.42 20.40 22.83 NOTE
r-devel-linux-x86_64-debian-gcc 0.1-2 2.14 20.84 22.98 NOTE
r-devel-linux-x86_64-fedora-clang 0.1-2 52.38 NOTE
r-devel-linux-x86_64-fedora-gcc 0.1-2 47.83 NOTE
r-devel-osx-x86_64-clang 0.1-2 44.05 NOTE
r-devel-windows-ix86+x86_64 0.1-2 8.00 38.00 46.00 NOTE
r-patched-linux-x86_64 0.1-2 2.26 21.77 24.02 NOTE
r-patched-solaris-sparc 0.1-2 260.30 NOTE
r-patched-solaris-x86 0.1-2 68.80 NOTE
r-release-linux-ix86 0.1-2 2.88 30.41 33.29 NOTE
r-release-linux-x86_64 0.1-2 2.28 22.08 24.36 NOTE
r-release-osx-x86_64-mavericks 0.1-2 NOTE
r-release-osx-x86_64-snowleopard 0.1-2 NOTE
r-release-windows-ix86+x86_64 0.1-2 9.00 42.00 51.00 NOTE
r-oldrel-windows-ix86+x86_64 0.1-2 9.00 48.00 57.00 NOTE

Check Details

Version: 0.1-2
Check: dependencies in R code
Result: NOTE
    Packages in Depends field not imported from:
     ‘ggplot2’ ‘survey’
     These packages need to be imported from (in the NAMESPACE file)
     for when this namespace is loaded but not attached.
    See the information on DESCRIPTION files in the chapter ‘Creating R
    packages’ of the ‘Writing R Extensions’ manual.
Flavors: r-devel-linux-x86_64-debian-clang, r-devel-linux-x86_64-debian-gcc, r-devel-linux-x86_64-fedora-clang, r-devel-linux-x86_64-fedora-gcc, r-devel-osx-x86_64-clang, r-devel-windows-ix86+x86_64, r-patched-linux-x86_64, r-patched-solaris-sparc, r-patched-solaris-x86, r-release-linux-ix86, r-release-linux-x86_64, r-release-osx-x86_64-mavericks, r-release-windows-ix86+x86_64, r-oldrel-windows-ix86+x86_64

Version: 0.1-2
Check: for old-style vignette sources
Result: NOTE
    Vignette sources only in ‘inst/doc’:
     ‘SDaA_using_survey.Rnw’
    A ‘vignettes’ directory is required as from R 3.1.0
    and these will not be indexed nor checked
Flavors: r-devel-linux-x86_64-debian-clang, r-devel-linux-x86_64-debian-gcc, r-devel-linux-x86_64-fedora-clang, r-devel-linux-x86_64-fedora-gcc, r-devel-osx-x86_64-clang, r-devel-windows-ix86+x86_64, r-patched-linux-x86_64, r-patched-solaris-sparc, r-patched-solaris-x86, r-release-linux-ix86, r-release-linux-x86_64, r-release-osx-x86_64-mavericks, r-release-osx-x86_64-snowleopard, r-release-windows-ix86+x86_64

Version: 0.1-2
Check: for old-style vignette sources
Result: NOTE
    Vignette sources only in 'inst/doc':
     'SDaA_using_survey.Rnw'
    A 'vignettes' directory will be required as from R 3.1.0
Flavor: r-oldrel-windows-ix86+x86_64