CRAN Package Check Results for Package SDaA

Last updated on 2017-11-21 08:57:48 CET.

Flavor Version Tinstall Tcheck Ttotal Status Flags
r-devel-linux-x86_64-debian-clang 0.1-3 0.90 18.36 19.26 NOTE
r-devel-linux-x86_64-debian-gcc 0.1-3 0.98 49.12 50.11 NOTE
r-devel-linux-x86_64-fedora-clang 0.1-3 33.52 NOTE
r-devel-linux-x86_64-fedora-gcc 0.1-3 36.18 NOTE
r-devel-windows-ix86+x86_64 0.1-3 5.00 40.00 45.00 NOTE
r-patched-linux-x86_64 0.1-3 1.01 18.59 19.59 NOTE
r-patched-solaris-x86 0.1-3 46.60 NOTE
r-release-linux-x86_64 0.1-3 1.00 18.69 19.69 NOTE
r-release-windows-ix86+x86_64 0.1-3 3.00 37.00 40.00 NOTE
r-release-osx-x86_64 0.1-3 NOTE
r-oldrel-windows-ix86+x86_64 0.1-3 3.00 55.00 58.00 NOTE
r-oldrel-osx-x86_64 0.1-3 NOTE

Check Details

Version: 0.1-3
Check: R code for possible problems
Result: NOTE
    lahiri.design: no visible global function definition for ‘runif’
    Undefined global functions or variables:
     runif
    Consider adding
     importFrom("stats", "runif")
    to your NAMESPACE file.
Flavors: r-devel-linux-x86_64-debian-clang, r-devel-linux-x86_64-debian-gcc, r-devel-linux-x86_64-fedora-clang, r-devel-linux-x86_64-fedora-gcc, r-devel-windows-ix86+x86_64, r-patched-linux-x86_64, r-patched-solaris-x86, r-release-linux-x86_64, r-release-windows-ix86+x86_64, r-release-osx-x86_64, r-oldrel-windows-ix86+x86_64, r-oldrel-osx-x86_64