CRAN Package Check Results for Package SDaA

Last updated on 2022-01-29 13:57:36 CET.

Flavor Version Tinstall Tcheck Ttotal Status Flags
r-devel-linux-x86_64-debian-clang 0.1-3 2.19 41.93 44.12 NOTE
r-devel-linux-x86_64-debian-gcc 0.1-3 1.84 32.69 34.53 NOTE
r-devel-linux-x86_64-fedora-clang 0.1-3 53.27 NOTE
r-devel-linux-x86_64-fedora-gcc 0.1-3 43.70 NOTE
r-devel-windows-x86_64-new-UL 0.1-3 37.00 78.00 115.00 NOTE
r-devel-windows-x86_64-new-TK 0.1-3 NOTE
r-patched-linux-x86_64 0.1-3 NOTE
r-release-linux-x86_64 0.1-3 1.73 38.95 40.68 NOTE
r-release-macos-arm64 0.1-3 NOTE
r-release-macos-x86_64 0.1-3 NOTE
r-release-windows-ix86+x86_64 0.1-3 5.00 50.00 55.00 NOTE
r-oldrel-macos-x86_64 0.1-3 NOTE
r-oldrel-windows-ix86+x86_64 0.1-3 5.00 52.00 57.00 NOTE

Check Details

Version: 0.1-3
Check: R code for possible problems
Result: NOTE
    lahiri.design: no visible global function definition for 'runif'
    Undefined global functions or variables:
     runif
    Consider adding
     importFrom("stats", "runif")
    to your NAMESPACE file.
Flavors: r-devel-linux-x86_64-debian-clang, r-devel-linux-x86_64-debian-gcc, r-devel-linux-x86_64-fedora-clang, r-devel-linux-x86_64-fedora-gcc, r-devel-windows-x86_64-new-UL, r-devel-windows-x86_64-new-TK, r-patched-linux-x86_64, r-release-linux-x86_64, r-release-macos-arm64, r-release-macos-x86_64, r-release-windows-ix86+x86_64, r-oldrel-macos-x86_64, r-oldrel-windows-ix86+x86_64