CRAN Package Check Results for Package SDaA

Last updated on 2017-07-22 07:48:11.

Flavor Version Tinstall Tcheck Ttotal Status Flags
r-devel-linux-x86_64-debian-clang 0.1-3 0.99 30.92 31.91 NOTE
r-devel-linux-x86_64-debian-gcc 0.1-3 0.97 30.31 31.28 NOTE
r-devel-linux-x86_64-fedora-clang 0.1-3 34.70 NOTE
r-devel-linux-x86_64-fedora-gcc 0.1-3 34.33 NOTE
r-devel-windows-ix86+x86_64 0.1-3 9.00 51.00 60.00 NOTE
r-patched-linux-x86_64 0.1-3 1.00 30.67 31.67 NOTE
r-patched-solaris-x86 0.1-3 45.80 NOTE
r-release-linux-x86_64 0.1-3 0.95 30.61 31.56 NOTE
r-release-windows-ix86+x86_64 0.1-3 4.00 53.00 57.00 NOTE
r-release-osx-x86_64 0.1-3 NOTE
r-oldrel-windows-ix86+x86_64 0.1-3 7.00 51.00 58.00 NOTE
r-oldrel-osx-x86_64 0.1-3 NOTE

Check Details

Version: 0.1-3
Check: R code for possible problems
Result: NOTE
    lahiri.design: no visible global function definition for ‘runif’
    Undefined global functions or variables:
     runif
    Consider adding
     importFrom("stats", "runif")
    to your NAMESPACE file.
Flavors: r-devel-linux-x86_64-debian-clang, r-devel-linux-x86_64-debian-gcc, r-devel-linux-x86_64-fedora-clang, r-devel-linux-x86_64-fedora-gcc, r-devel-windows-ix86+x86_64, r-patched-linux-x86_64, r-patched-solaris-x86, r-release-linux-x86_64, r-release-windows-ix86+x86_64, r-release-osx-x86_64, r-oldrel-windows-ix86+x86_64, r-oldrel-osx-x86_64