CRAN Package Check Results for Package SDaA

Last updated on 2016-05-24 15:46:56.

Flavor Version Tinstall Tcheck Ttotal Status Flags
r-devel-linux-x86_64-debian-gcc 0.1-3 0.90 13.76 14.66 NOTE
r-devel-linux-x86_64-fedora-clang 0.1-3 24.79 NOTE
r-devel-linux-x86_64-fedora-gcc 0.1-3 22.77 NOTE
r-devel-osx-x86_64-clang 0.1-3 30.46 NOTE
r-devel-windows-ix86+x86_64 0.1-3 3.00 34.00 37.00 NOTE
r-patched-linux-x86_64 0.1-3 0.90 13.47 14.37 NOTE
r-patched-solaris-sparc 0.1-3 149.70 NOTE
r-patched-solaris-x86 0.1-3 36.60 NOTE
r-release-linux-x86_64 0.1-3 0.90 13.49 14.39 NOTE
r-release-osx-x86_64-mavericks 0.1-3 NOTE
r-release-windows-ix86+x86_64 0.1-3 3.00 34.00 37.00 NOTE
r-oldrel-windows-ix86+x86_64 0.1-3 4.00 33.00 37.00 OK

Check Details

Version: 0.1-3
Check: R code for possible problems
Result: NOTE
    lahiri.design: no visible global function definition for ‘runif’
    Undefined global functions or variables:
     runif
    Consider adding
     importFrom("stats", "runif")
    to your NAMESPACE file.
Flavors: r-devel-linux-x86_64-debian-gcc, r-devel-linux-x86_64-fedora-clang, r-devel-linux-x86_64-fedora-gcc, r-devel-osx-x86_64-clang, r-devel-windows-ix86+x86_64, r-patched-linux-x86_64, r-patched-solaris-sparc, r-patched-solaris-x86, r-release-linux-x86_64, r-release-osx-x86_64-mavericks, r-release-windows-ix86+x86_64