CRAN Package Check Results for Package SDaA

Last updated on 2017-01-21 16:48:57.

Flavor Version Tinstall Tcheck Ttotal Status Flags
r-devel-linux-x86_64-debian-clang 0.1-3 0.92 18.62 19.54 NOTE
r-devel-linux-x86_64-debian-gcc 0.1-3 0.99 18.13 19.12 NOTE
r-devel-linux-x86_64-fedora-clang 0.1-3 33.80 NOTE --no-stop-on-test-error
r-devel-linux-x86_64-fedora-gcc 0.1-3 34.15 NOTE --no-stop-on-test-error
r-devel-macos-x86_64-clang 0.1-3 29.82 NOTE --no-stop-on-test-error
r-devel-windows-ix86+x86_64 0.1-3 8.00 40.00 48.00 NOTE
r-patched-linux-x86_64 0.1-3 0.86 14.21 15.07 NOTE
r-patched-solaris-sparc 0.1-3 168.10 NOTE
r-patched-solaris-x86 0.1-3 37.10 NOTE
r-release-linux-x86_64 0.1-3 0.94 14.53 15.47 NOTE
r-release-osx-x86_64-mavericks 0.1-3 NOTE
r-release-windows-ix86+x86_64 0.1-3 10.00 50.00 60.00 NOTE
r-oldrel-windows-ix86+x86_64 0.1-3 6.00 49.00 55.00 OK

Check Details

Version: 0.1-3
Check: R code for possible problems
Result: NOTE
    lahiri.design: no visible global function definition for ‘runif’
    Undefined global functions or variables:
     runif
    Consider adding
     importFrom("stats", "runif")
    to your NAMESPACE file.
Flavors: r-devel-linux-x86_64-debian-clang, r-devel-linux-x86_64-debian-gcc, r-devel-windows-ix86+x86_64, r-patched-linux-x86_64, r-patched-solaris-sparc, r-patched-solaris-x86, r-release-linux-x86_64, r-release-osx-x86_64-mavericks, r-release-windows-ix86+x86_64

Version: 0.1-3
Flags: --no-stop-on-test-error
Check: R code for possible problems
Result: NOTE
    lahiri.design: no visible global function definition for ‘runif’
    Undefined global functions or variables:
     runif
    Consider adding
     importFrom("stats", "runif")
    to your NAMESPACE file.
Flavors: r-devel-linux-x86_64-fedora-clang, r-devel-linux-x86_64-fedora-gcc, r-devel-macos-x86_64-clang