CRAN Package Check Results for Package SDaA

Last updated on 2015-09-03 08:50:10.

Flavor Version Tinstall Tcheck Ttotal Status Flags
r-devel-linux-x86_64-debian-clang 0.1-3 0.92 14.23 15.15 NOTE
r-devel-linux-x86_64-debian-gcc 0.1-3 0.86 13.64 14.50 NOTE
r-devel-linux-x86_64-fedora-clang 0.1-3 28.04 NOTE
r-devel-linux-x86_64-fedora-gcc 0.1-3 26.57 NOTE
r-devel-osx-x86_64-clang 0.1-3 26.86 OK
r-devel-windows-ix86+x86_64 0.1-3 7.00 39.00 46.00 NOTE
r-patched-linux-x86_64 0.1-3 0.92 14.58 15.50 OK
r-patched-solaris-sparc 0.1-3 178.90 OK
r-patched-solaris-x86 0.1-3 42.60 OK
r-release-linux-x86_64 0.1-3 0.89 15.02 15.92 OK
r-release-osx-x86_64-mavericks 0.1-3 OK
r-release-windows-ix86+x86_64 0.1-3 5.00 34.00 39.00 OK
r-oldrel-windows-ix86+x86_64 0.1-3 8.00 31.00 39.00 OK

Check Details

Version: 0.1-3
Check: R code for possible problems
Result: NOTE
    lahiri.design: no visible global function definition for ‘runif’
    Undefined global functions or variables:
     runif
    Consider adding
     importFrom("stats", "runif")
    to your NAMESPACE.
Flavors: r-devel-linux-x86_64-debian-clang, r-devel-linux-x86_64-debian-gcc, r-devel-linux-x86_64-fedora-clang, r-devel-linux-x86_64-fedora-gcc, r-devel-windows-ix86+x86_64