CRAN Package Check Results for Package SDaA

Last updated on 2015-05-25 18:47:09.

Flavor Version Tinstall Tcheck Ttotal Status Flags
r-devel-linux-x86_64-debian-clang 0.1-3 0.95 14.93 15.88 OK
r-devel-linux-x86_64-debian-gcc 0.1-3 0.90 14.83 15.72 OK
r-devel-linux-x86_64-fedora-clang 0.1-3 30.24 OK
r-devel-linux-x86_64-fedora-gcc 0.1-3 28.38 OK
r-devel-osx-x86_64-clang 0.1-3 34.56 OK
r-devel-windows-ix86+x86_64 0.1-3 5.00 29.00 34.00 OK
r-patched-linux-x86_64 0.1-3 0.89 15.08 15.98 OK
r-patched-solaris-sparc 0.1-3 174.10 OK
r-patched-solaris-x86 0.1-3 42.20 OK
r-release-linux-x86_64 0.1-3 0.89 14.37 15.26 OK
r-release-osx-x86_64-mavericks 0.1-3 OK
r-release-osx-x86_64-snowleopard 0.1-3 WARN
r-release-windows-ix86+x86_64 0.1-3 5.00 28.00 33.00 OK
r-oldrel-windows-ix86+x86_64 0.1-3 6.00 30.00 36.00 OK

Check Details

Version: 0.1-3
Check: package dependencies
Result: NOTE
    Packages suggested but not available for checking: ‘survey’ ‘ggplot2’
Flavor: r-release-osx-x86_64-snowleopard

Version: 0.1-3
Check: running R code from vignettes
Result: WARN
    Errors in running code in vignettes:
    when running code in ‘SDaA_using_survey.Rnw’
     ...
    
    > options(width = 65)
    
    > library(SDaA)
    
    > library(survey)
    
     When sourcing ‘SDaA_using_survey.R’:
    Error: there is no package called ‘survey’
    Execution halted
Flavor: r-release-osx-x86_64-snowleopard

Version: 0.1-3
Check: re-building of vignette outputs
Result: NOTE
    Error in re-building vignettes:
     ...
    
    Error: processing vignette 'SDaA_using_survey.Rnw' failed with diagnostics:
     chunk 2 (label = loadPkg)
    Error in library(survey) : there is no package called ‘survey’
    Execution halted
Flavor: r-release-osx-x86_64-snowleopard