CRAN Package Check Results for Package SDaA

Last updated on 2014-04-24 15:50:47.

Flavor Version Tinstall Tcheck Ttotal Status Flags
r-devel-linux-x86_64-debian-clang 0.1-2 2.45 22.79 25.24 NOTE
r-devel-linux-x86_64-debian-gcc 0.1-2 2.72 22.76 25.48 NOTE
r-devel-linux-x86_64-fedora-clang 0.1-2 52.89 NOTE
r-devel-linux-x86_64-fedora-gcc 0.1-2 49.41 NOTE
r-devel-osx-x86_64-clang 0.1-2 49.60 NOTE
r-devel-osx-x86_64-gcc 0.1-2 ERROR
r-devel-windows-ix86+x86_64 0.1-2 8.00 35.00 43.00 NOTE
r-patched-linux-x86_64 0.1-2 2.35 22.75 25.10 NOTE
r-patched-solaris-sparc 0.1-2 273.40 NOTE
r-patched-solaris-x86 0.1-2 67.40 NOTE
r-release-linux-ix86 0.1-2 4.00 47.00 51.00 NOTE
r-release-linux-x86_64 0.1-2 2.40 22.67 25.07 NOTE
r-release-osx-x86_64-mavericks 0.1-2 WARN
r-release-osx-x86_64-snowleopard 0.1-2 NOTE
r-release-windows-ix86+x86_64 0.1-2 7.00 36.00 43.00 NOTE
r-oldrel-windows-ix86+x86_64 0.1-2 9.00 40.00 49.00 NOTE

Check Details

Version: 0.1-2
Check: dependencies in R code
Result: NOTE
    Packages in Depends field not imported from:
     ‘ggplot2’ ‘survey’
     These packages need to be imported from (in the NAMESPACE file)
     for when this namespace is loaded but not attached.
    See the information on DESCRIPTION files in the chapter ‘Creating R
    packages’ of the ‘Writing R Extensions’ manual.
Flavors: r-devel-linux-x86_64-debian-clang, r-devel-linux-x86_64-debian-gcc, r-devel-linux-x86_64-fedora-clang, r-devel-linux-x86_64-fedora-gcc, r-devel-osx-x86_64-clang, r-devel-windows-ix86+x86_64, r-patched-linux-x86_64, r-patched-solaris-sparc, r-patched-solaris-x86, r-release-linux-ix86, r-release-linux-x86_64, r-release-osx-x86_64-mavericks, r-release-windows-ix86+x86_64, r-oldrel-windows-ix86+x86_64

Version: 0.1-2
Check: for old-style vignette sources
Result: NOTE
    Vignette sources only in ‘inst/doc’:
     ‘SDaA_using_survey.Rnw’
    A ‘vignettes’ directory is required as from R 3.1.0
    and these will not be indexed nor checked
Flavors: r-devel-linux-x86_64-debian-clang, r-devel-linux-x86_64-debian-gcc, r-devel-linux-x86_64-fedora-clang, r-devel-linux-x86_64-fedora-gcc, r-devel-osx-x86_64-clang, r-devel-windows-ix86+x86_64, r-patched-linux-x86_64, r-patched-solaris-sparc, r-patched-solaris-x86, r-release-linux-ix86, r-release-linux-x86_64, r-release-osx-x86_64-mavericks, r-release-osx-x86_64-snowleopard, r-release-windows-ix86+x86_64

Version: 0.1-2
Check: package dependencies
Result: ERROR
    Packages required but not available: ‘survey’ ‘ggplot2’
    
    See the information on DESCRIPTION files in the chapter ‘Creating R
    packages’ of the ‘Writing R Extensions’ manual.
Flavor: r-devel-osx-x86_64-gcc

Version: 0.1-2
Check: PDF version of manual
Result: WARNING
    LaTeX errors when creating PDF version.
    This typically indicates Rd problems.
    LaTeX errors found:
    ! LaTeX Error: File `upquote.sty' not found.
    
    Type X to quit or <RETURN> to proceed,
    or enter new name. (Default extension: sty)
    
    3e69f937/Rd2.tex:8: ==> Fatal error occurred, no output PDF file produced!
Flavor: r-release-osx-x86_64-mavericks

Version: 0.1-2
Check: for old-style vignette sources
Result: NOTE
    Vignette sources only in 'inst/doc':
     'SDaA_using_survey.Rnw'
    A 'vignettes' directory will be required as from R 3.1.0
Flavor: r-oldrel-windows-ix86+x86_64