CRAN Package Check Results for Package SDaA

Last updated on 2017-02-24 19:48:36.

Flavor Version Tinstall Tcheck Ttotal Status Flags
r-devel-linux-x86_64-debian-clang 0.1-3 1.02 18.69 19.71 NOTE
r-devel-linux-x86_64-debian-gcc 0.1-3 0.98 18.22 19.20 NOTE
r-devel-linux-x86_64-fedora-clang 0.1-3 34.48 NOTE --no-stop-on-test-error
r-devel-linux-x86_64-fedora-gcc 0.1-3 33.64 NOTE --no-stop-on-test-error
r-devel-macos-x86_64-clang 0.1-3 30.23 NOTE --no-stop-on-test-error
r-devel-windows-ix86+x86_64 0.1-3 10.00 55.00 65.00 NOTE
r-patched-linux-x86_64 0.1-3 0.85 14.81 15.66 NOTE
r-patched-solaris-sparc 0.1-3 168.10 NOTE
r-patched-solaris-x86 0.1-3 37.80 NOTE
r-release-linux-x86_64 0.1-3 0.88 14.71 15.59 NOTE
r-release-osx-x86_64-mavericks 0.1-3 NOTE
r-release-windows-ix86+x86_64 0.1-3 11.00 83.00 94.00 NOTE
r-oldrel-windows-ix86+x86_64 0.1-3 12.00 56.00 68.00 OK

Check Details

Version: 0.1-3
Check: R code for possible problems
Result: NOTE
    lahiri.design: no visible global function definition for ‘runif’
    Undefined global functions or variables:
     runif
    Consider adding
     importFrom("stats", "runif")
    to your NAMESPACE file.
Flavors: r-devel-linux-x86_64-debian-clang, r-devel-linux-x86_64-debian-gcc, r-devel-windows-ix86+x86_64, r-patched-linux-x86_64, r-patched-solaris-sparc, r-patched-solaris-x86, r-release-linux-x86_64, r-release-osx-x86_64-mavericks, r-release-windows-ix86+x86_64

Version: 0.1-3
Flags: --no-stop-on-test-error
Check: R code for possible problems
Result: NOTE
    lahiri.design: no visible global function definition for ‘runif’
    Undefined global functions or variables:
     runif
    Consider adding
     importFrom("stats", "runif")
    to your NAMESPACE file.
Flavors: r-devel-linux-x86_64-fedora-clang, r-devel-linux-x86_64-fedora-gcc, r-devel-macos-x86_64-clang