CRAN Package Check Results for Package SDaA

Last updated on 2016-12-04 12:48:06.

Flavor Version Tinstall Tcheck Ttotal Status Flags
r-devel-linux-x86_64-debian-clang 0.1-3 0.97 18.39 19.36 NOTE
r-devel-linux-x86_64-debian-gcc 0.1-3 0.99 18.11 19.10 NOTE
r-devel-linux-x86_64-fedora-clang 0.1-3 35.56 NOTE --no-stop-on-test-error
r-devel-linux-x86_64-fedora-gcc 0.1-3 34.07 NOTE
r-devel-macos-x86_64-clang 0.1-3 30.32 NOTE
r-devel-windows-ix86+x86_64 0.1-3 4.00 39.00 43.00 NOTE
r-patched-linux-x86_64 0.1-3 0.86 14.65 15.51 NOTE
r-patched-solaris-sparc 0.1-3 151.70 NOTE
r-patched-solaris-x86 0.1-3 37.40 NOTE
r-release-linux-x86_64 0.1-3 0.84 14.47 15.31 NOTE
r-release-osx-x86_64-mavericks 0.1-3 NOTE
r-release-windows-ix86+x86_64 0.1-3 7.00 46.00 53.00 NOTE
r-oldrel-windows-ix86+x86_64 0.1-3 3.00 35.00 38.00 OK

Check Details

Version: 0.1-3
Check: R code for possible problems
Result: NOTE
    lahiri.design: no visible global function definition for ‘runif’
    Undefined global functions or variables:
     runif
    Consider adding
     importFrom("stats", "runif")
    to your NAMESPACE file.
Flavors: r-devel-linux-x86_64-debian-clang, r-devel-linux-x86_64-debian-gcc, r-devel-linux-x86_64-fedora-gcc, r-devel-macos-x86_64-clang, r-devel-windows-ix86+x86_64, r-patched-linux-x86_64, r-patched-solaris-sparc, r-patched-solaris-x86, r-release-linux-x86_64, r-release-osx-x86_64-mavericks, r-release-windows-ix86+x86_64

Version: 0.1-3
Flags: --no-stop-on-test-error
Check: R code for possible problems
Result: NOTE
    lahiri.design: no visible global function definition for ‘runif’
    Undefined global functions or variables:
     runif
    Consider adding
     importFrom("stats", "runif")
    to your NAMESPACE file.
Flavor: r-devel-linux-x86_64-fedora-clang