CRAN Package Check Results for Package SDaA

Last updated on 2017-09-19 23:48:22.

Flavor Version Tinstall Tcheck Ttotal Status Flags
r-devel-linux-x86_64-debian-clang 0.1-3 0.97 19.37 20.34 NOTE
r-devel-linux-x86_64-debian-gcc 0.1-3 0.94 18.48 19.42 NOTE
r-devel-linux-x86_64-fedora-clang 0.1-3 35.40 NOTE
r-devel-linux-x86_64-fedora-gcc 0.1-3 35.94 NOTE
r-devel-windows-ix86+x86_64 0.1-3 4.00 61.00 65.00 NOTE
r-patched-linux-x86_64 0.1-3 0.94 18.74 19.67 NOTE
r-patched-solaris-x86 0.1-3 46.40 NOTE
r-release-linux-x86_64 0.1-3 1.01 18.76 19.77 NOTE
r-release-windows-ix86+x86_64 0.1-3 3.00 42.00 45.00 NOTE
r-release-osx-x86_64 0.1-3 NOTE
r-oldrel-windows-ix86+x86_64 0.1-3 4.00 112.00 116.00 NOTE
r-oldrel-osx-x86_64 0.1-3 NOTE

Check Details

Version: 0.1-3
Check: R code for possible problems
Result: NOTE
    lahiri.design: no visible global function definition for ‘runif’
    Undefined global functions or variables:
     runif
    Consider adding
     importFrom("stats", "runif")
    to your NAMESPACE file.
Flavors: r-devel-linux-x86_64-debian-clang, r-devel-linux-x86_64-debian-gcc, r-devel-linux-x86_64-fedora-clang, r-devel-linux-x86_64-fedora-gcc, r-devel-windows-ix86+x86_64, r-patched-linux-x86_64, r-patched-solaris-x86, r-release-linux-x86_64, r-release-windows-ix86+x86_64, r-release-osx-x86_64, r-oldrel-windows-ix86+x86_64, r-oldrel-osx-x86_64