CRAN Package Check Results for Package SDaA

Last updated on 2016-08-30 12:47:13.

Flavor Version Tinstall Tcheck Ttotal Status Flags
r-devel-linux-x86_64-debian-clang 0.1-3 0.90 14.69 15.59 NOTE
r-devel-linux-x86_64-debian-gcc 0.1-3 0.86 14.36 15.21 NOTE
r-devel-linux-x86_64-fedora-clang 0.1-3 27.05 NOTE
r-devel-linux-x86_64-fedora-gcc 0.1-3 25.81 NOTE
r-devel-osx-x86_64-clang 0.1-3 23.80 NOTE
r-devel-windows-ix86+x86_64 0.1-3 5.00 39.00 44.00 NOTE
r-patched-linux-x86_64 0.1-3 0.86 15.08 15.94 NOTE
r-patched-solaris-sparc 0.1-3 151.70 NOTE
r-patched-solaris-x86 0.1-3 37.10 NOTE
r-release-linux-x86_64 0.1-3 1.00 14.60 15.59 NOTE
r-release-osx-x86_64-mavericks 0.1-3 NOTE
r-release-windows-ix86+x86_64 0.1-3 3.00 35.00 38.00 NOTE
r-oldrel-windows-ix86+x86_64 0.1-3 6.00 44.00 50.00 OK

Check Details

Version: 0.1-3
Check: R code for possible problems
Result: NOTE
    lahiri.design: no visible global function definition for ‘runif’
    Undefined global functions or variables:
     runif
    Consider adding
     importFrom("stats", "runif")
    to your NAMESPACE file.
Flavors: r-devel-linux-x86_64-debian-clang, r-devel-linux-x86_64-debian-gcc, r-devel-linux-x86_64-fedora-clang, r-devel-linux-x86_64-fedora-gcc, r-devel-osx-x86_64-clang, r-devel-windows-ix86+x86_64, r-patched-linux-x86_64, r-patched-solaris-sparc, r-patched-solaris-x86, r-release-linux-x86_64, r-release-osx-x86_64-mavericks, r-release-windows-ix86+x86_64