CRAN Package Check Results for Package SECP

Last updated on 2020-12-04 08:48:34 CET.

Flavor Version Tinstall Tcheck Ttotal Status Flags
r-devel-linux-x86_64-debian-clang 0.1-4 2.56 27.03 29.59 NOTE
r-devel-linux-x86_64-debian-gcc 0.1-4 1.98 21.72 23.70 NOTE
r-devel-linux-x86_64-fedora-clang 0.1-4 41.34 NOTE
r-devel-linux-x86_64-fedora-gcc 0.1-4 31.84 NOTE
r-devel-windows-ix86+x86_64 0.1-4 4.00 44.00 48.00 NOTE
r-patched-linux-x86_64 0.1-4 2.54 27.46 30.00 NOTE
r-patched-solaris-x86 0.1-4 52.90 NOTE
r-release-linux-x86_64 0.1-4 2.70 26.77 29.47 NOTE
r-release-macos-x86_64 0.1-4 NOTE
r-release-windows-ix86+x86_64 0.1-4 3.00 43.00 46.00 NOTE
r-oldrel-macos-x86_64 0.1-4 NOTE
r-oldrel-windows-ix86+x86_64 0.1-4 3.00 45.00 48.00 NOTE

Check Details

Version: 0.1-4
Check: DESCRIPTION meta-information
Result: NOTE
    Malformed Description field: should contain one or more complete sentences.
Flavors: r-devel-linux-x86_64-debian-clang, r-devel-linux-x86_64-debian-gcc, r-devel-linux-x86_64-fedora-clang, r-devel-linux-x86_64-fedora-gcc, r-devel-windows-ix86+x86_64, r-patched-linux-x86_64, r-patched-solaris-x86, r-release-linux-x86_64, r-release-macos-x86_64, r-release-windows-ix86+x86_64, r-oldrel-macos-x86_64, r-oldrel-windows-ix86+x86_64

Version: 0.1-4
Check: R code for possible problems
Result: NOTE
    fdc2s: no visible global function definition for 'lm'
    fdc3s: no visible global function definition for 'lm'
    fds2s: no visible global function definition for 'lm'
    fds3s: no visible global function definition for 'lm'
    Undefined global functions or variables:
     lm
    Consider adding
     importFrom("stats", "lm")
    to your NAMESPACE file.
Flavors: r-devel-linux-x86_64-debian-clang, r-devel-linux-x86_64-debian-gcc, r-devel-linux-x86_64-fedora-clang, r-devel-linux-x86_64-fedora-gcc, r-devel-windows-ix86+x86_64, r-patched-linux-x86_64, r-patched-solaris-x86, r-release-linux-x86_64, r-release-macos-x86_64, r-release-windows-ix86+x86_64, r-oldrel-macos-x86_64, r-oldrel-windows-ix86+x86_64