CRAN Package Check Results for Package SEERaBomb

Last updated on 2014-08-31 11:47:17.

Flavor Version Tinstall Tcheck Ttotal Status Flags
r-devel-linux-x86_64-debian-clang 2014.4.1 1.34 17.91 19.25 NOTE
r-devel-linux-x86_64-debian-gcc 2014.4.1 1.24 17.22 18.46 NOTE
r-devel-linux-x86_64-fedora-clang 2014.4.1 42.54 NOTE
r-devel-linux-x86_64-fedora-gcc 2014.4.1 38.84 NOTE
r-devel-osx-x86_64-clang 2014.4.1 37.12 NOTE
r-devel-windows-ix86+x86_64 2014.4.1 5.00 29.00 34.00 NOTE
r-patched-linux-x86_64 2014.4.1 1.30 18.18 19.48 OK
r-patched-solaris-sparc 2014.4.1 229.00 OK
r-patched-solaris-x86 2014.4.1 57.80 OK
r-release-linux-ix86 2014.4.1 2.07 26.21 28.28 OK
r-release-linux-x86_64 2014.4.1 1.36 18.45 19.81 OK
r-release-osx-x86_64-mavericks 2014.4.1 OK
r-release-osx-x86_64-snowleopard 2014.4.1 OK
r-release-windows-ix86+x86_64 2014.4.1 5.00 29.00 34.00 OK
r-oldrel-windows-ix86+x86_64 2014.4.1 6.00 29.00 35.00 OK

Check Details

Version: 2014.4.1
Check: R code for possible problems
Result: NOTE
    mkAbomb: no visible global function definition for ‘dbDriver’
    mkHema87: no visible global function definition for ‘dbDriver’
    mkSEER: no visible global function definition for ‘dbDriver’
Flavors: r-devel-linux-x86_64-debian-clang, r-devel-linux-x86_64-debian-gcc, r-devel-linux-x86_64-fedora-clang, r-devel-linux-x86_64-fedora-gcc, r-devel-osx-x86_64-clang, r-devel-windows-ix86+x86_64