CRAN Package Check Results for Package SEERaBomb

Last updated on 2017-03-28 11:51:46.

Flavor Version Tinstall Tcheck Ttotal Status Flags
r-devel-linux-x86_64-debian-clang 2016.2 11.69 62.29 73.98 NOTE
r-devel-linux-x86_64-debian-gcc 2016.2 10.85 60.88 71.73 NOTE
r-devel-linux-x86_64-fedora-clang 2016.2 156.92 NOTE --no-stop-on-test-error
r-devel-linux-x86_64-fedora-gcc 2016.2 153.25 NOTE --no-stop-on-test-error
r-devel-macos-x86_64-clang 2016.2 115.77 NOTE --no-stop-on-test-error
r-devel-windows-ix86+x86_64 2016.2 35.00 148.00 183.00 OK
r-patched-linux-x86_64 2016.2 10.65 60.81 71.47 NOTE
r-patched-solaris-sparc 2016.2 907.00 OK
r-patched-solaris-x86 2016.2 201.10 OK
r-release-linux-x86_64 2016.2 10.14 57.51 67.65 OK
r-release-osx-x86_64-mavericks 2016.2 OK
r-release-windows-ix86+x86_64 2016.2 56.00 128.00 184.00 OK
r-oldrel-windows-ix86+x86_64 2016.2 39.00 139.00 178.00 OK

Check Details

Version: 2016.2
Check: compiled code
Result: NOTE
    File ‘SEERaBomb/libs/SEERaBomb.so’:
     Found no calls to: ‘R_registerRoutines’, ‘R_useDynamicSymbols’
    
    It is good practice to register native routines and to disable symbol
    search.
    
    See ‘Writing portable packages’ in the ‘Writing R Extensions’ manual.
Flavors: r-devel-linux-x86_64-debian-clang, r-devel-linux-x86_64-debian-gcc, r-patched-linux-x86_64

Version: 2016.2
Flags: --no-stop-on-test-error
Check: compiled code
Result: NOTE
    File ‘SEERaBomb/libs/SEERaBomb.so’:
     Found no calls to: ‘R_registerRoutines’, ‘R_useDynamicSymbols’
    
    It is good practice to register native routines and to disable symbol
    search.
    
    See ‘Writing portable packages’ in the ‘Writing R Extensions’ manual.
Flavors: r-devel-linux-x86_64-fedora-clang, r-devel-linux-x86_64-fedora-gcc, r-devel-macos-x86_64-clang