CRAN Package Check Results for Package SEERaBomb

Last updated on 2016-05-02 13:49:08.

Flavor Version Tinstall Tcheck Ttotal Status Flags
r-devel-linux-x86_64-debian-gcc 2016.1 9.63 54.39 64.02 OK
r-devel-linux-x86_64-fedora-clang 2016.1 133.56 OK
r-devel-linux-x86_64-fedora-gcc 2016.1 123.71 OK
r-devel-osx-x86_64-clang 2016.1 138.24 OK
r-devel-windows-ix86+x86_64 2016.1 39.00 131.00 170.00 OK
r-patched-linux-x86_64 2016.1 9.76 54.86 64.62 OK
r-patched-solaris-sparc 2016.1 742.60 OK
r-patched-solaris-x86 2016.1 172.30 OK
r-release-linux-x86_64 2016.1 10.30 60.85 71.15 OK
r-release-osx-x86_64-mavericks 2016.1 WARN
r-release-windows-ix86+x86_64 2016.1 49.00 163.00 212.00 OK
r-oldrel-windows-ix86+x86_64 2016.1 65.00 243.00 308.00 NOTE

Check Details

Version: 2016.1
Check: whether package can be installed
Result: WARN
    Found the following significant warnings:
     Warning: 'rgl_init' failed, running with rgl.useNULL = TRUE
Flavor: r-release-osx-x86_64-mavericks

Version: 2016.1
Check: dependencies in R code
Result: NOTE
    Invalid MIT-MAGIC-COOKIE-1 key
Flavor: r-release-osx-x86_64-mavericks

Version: 2016.1
Check: S3 generic/method consistency
Result: WARN
    Invalid MIT-MAGIC-COOKIE-1 key
    See section ‘Generic functions and methods’ in the ‘Writing R
    Extensions’ manual.
Flavor: r-release-osx-x86_64-mavericks

Version: 2016.1
Check: replacement functions
Result: WARN
    Invalid MIT-MAGIC-COOKIE-1 key
    The argument of a replacement function which corresponds to the right
    hand side must be named ‘value’.
Flavor: r-release-osx-x86_64-mavericks

Version: 2016.1
Check: foreign function calls
Result: NOTE
    Invalid MIT-MAGIC-COOKIE-1 key
    See chapter ‘System and foreign language interfaces’ in the ‘Writing R
    Extensions’ manual.
Flavor: r-release-osx-x86_64-mavericks

Version: 2016.1
Check: R code for possible problems
Result: NOTE
    Invalid MIT-MAGIC-COOKIE-1 key
Flavor: r-release-osx-x86_64-mavericks

Version: 2016.1
Check: for missing documentation entries
Result: WARN
    Invalid MIT-MAGIC-COOKIE-1 key
    All user-level objects in a package should have documentation entries.
    See chapter ‘Writing R documentation files’ in the ‘Writing R
    Extensions’ manual.
Flavor: r-release-osx-x86_64-mavericks

Version: 2016.1
Check: for code/documentation mismatches
Result: WARN
    Invalid MIT-MAGIC-COOKIE-1 key
    Invalid MIT-MAGIC-COOKIE-1 key
    Invalid MIT-MAGIC-COOKIE-1 key
Flavor: r-release-osx-x86_64-mavericks

Version: 2016.1
Check: Rd \usage sections
Result: NOTE
    Invalid MIT-MAGIC-COOKIE-1 key
    The \usage entries for S3 methods should use the \method markup and not
    their full name.
    See chapter ‘Writing R documentation files’ in the ‘Writing R
    Extensions’ manual.
Flavor: r-release-osx-x86_64-mavericks

Version: 2016.1
Check: R code for possible problems
Result: NOTE
    mkExcel: no visible global function definition for 'dir.exists'
    mkExcel2: no visible global function definition for 'dir.exists'
Flavor: r-oldrel-windows-ix86+x86_64