CRAN Package Check Results for Package SEERaBomb

Last updated on 2015-05-24 23:47:37.

Flavor Version Tinstall Tcheck Ttotal Status Flags
r-devel-linux-x86_64-debian-clang 2015.1 10.26 53.98 64.24 OK
r-devel-linux-x86_64-debian-gcc 2015.1 9.88 53.66 63.54 OK
r-devel-linux-x86_64-fedora-clang 2015.1 135.93 OK
r-devel-linux-x86_64-fedora-gcc 2015.1 127.67 OK
r-devel-osx-x86_64-clang 2015.1 111.70 OK
r-devel-windows-ix86+x86_64 2015.1 31.00 116.00 147.00 OK
r-patched-linux-x86_64 2015.1 9.69 54.42 64.11 OK
r-patched-solaris-sparc 2015.1 827.30 OK
r-patched-solaris-x86 2015.1 193.10 OK
r-release-linux-x86_64 2015.1 10.05 53.71 63.76 OK
r-release-osx-x86_64-mavericks 2015.1 OK
r-release-osx-x86_64-snowleopard 2015.1 OK
r-release-windows-ix86+x86_64 2015.1 34.00 116.00 150.00 OK
r-oldrel-windows-ix86+x86_64 2015.1 40.00 161.00 201.00 NOTE

Check Details

Version: 2015.1
Check: R code for possible problems
Result: NOTE
    mkExcel: no visible global function definition for 'dir.exists'
Flavor: r-oldrel-windows-ix86+x86_64