CRAN Package Check Results for Package SEERaBomb

Last updated on 2015-07-04 08:50:39.

Flavor Version Tinstall Tcheck Ttotal Status Flags
r-devel-linux-x86_64-debian-clang 2015.1 9.68 54.98 64.66 NOTE
r-devel-linux-x86_64-debian-gcc 2015.1 9.69 52.32 62.01 NOTE
r-devel-linux-x86_64-fedora-clang 2015.1 135.28 NOTE
r-devel-linux-x86_64-fedora-gcc 2015.1 127.05 NOTE
r-devel-osx-x86_64-clang 2015.1 108.86 OK
r-devel-windows-ix86+x86_64 2015.1 34.00 110.00 144.00 NOTE
r-patched-linux-x86_64 2015.1 9.54 54.66 64.19 OK
r-patched-solaris-sparc 2015.1 827.30 OK
r-patched-solaris-x86 2015.1 195.80 OK
r-release-linux-x86_64 2015.1 12.20 53.49 65.69 OK
r-release-osx-x86_64-mavericks 2015.1 OK
r-release-windows-ix86+x86_64 2015.1 41.00 116.00 157.00 OK
r-oldrel-windows-ix86+x86_64 2015.1 41.00 149.00 190.00 NOTE

Check Details

Version: 2015.1
Check: R code for possible problems
Result: NOTE
    mkAbomb: no visible global function definition for ‘read.csv’
    mkAbomb: no visible binding for global variable ‘D’
    mkExcel: no visible global function definition for ‘qchisq’
    post1PYO: no visible global function definition for ‘head’
    simSeerSet: Error while checking: invalid ‘envir’ argument
    Undefined global functions or variables:
     D head qchisq read.csv
Flavors: r-devel-linux-x86_64-debian-clang, r-devel-linux-x86_64-debian-gcc, r-devel-linux-x86_64-fedora-clang, r-devel-linux-x86_64-fedora-gcc

Version: 2015.1
Check: R code for possible problems
Result: NOTE
    mkAbomb: no visible global function definition for 'read.csv'
    mkAbomb: no visible binding for global variable 'D'
    mkExcel: no visible global function definition for 'qchisq'
    post1PYO: no visible global function definition for 'head'
    simSeerSet: no visible global function definition for 'data'
    simSeerSet: no visible binding for global variable 'stdUS'
    simSeerSet: no visible global function definition for 'head'
    simSeerSet: no visible global function definition for 'rpois'
    simSeerSet: no visible global function definition for 'rexp'
    simSeerSet: no visible global function definition for 'runif'
    simSeerSet: no visible global function definition for 'tail'
    Undefined global functions or variables:
     D data head qchisq read.csv rexp rpois runif stdUS tail
Flavor: r-devel-windows-ix86+x86_64

Version: 2015.1
Check: R code for possible problems
Result: NOTE
    mkExcel: no visible global function definition for 'dir.exists'
Flavor: r-oldrel-windows-ix86+x86_64