CRAN Package Check Results for Package SEERaBomb

Last updated on 2015-04-21 12:48:56.

Flavor Version Tinstall Tcheck Ttotal Status Flags
r-devel-linux-x86_64-debian-clang 2014.4.1 1.28 17.17 18.46 NOTE
r-devel-linux-x86_64-debian-gcc 2014.4.1 1.24 16.57 17.81 NOTE
r-devel-linux-x86_64-fedora-clang 2014.4.1 35.79 NOTE
r-devel-linux-x86_64-fedora-gcc 2014.4.1 33.10 NOTE
r-devel-osx-x86_64-clang 2014.4.1 35.43 NOTE
r-devel-windows-ix86+x86_64 2014.4.1 6.00 36.00 42.00 NOTE
r-patched-linux-x86_64 2014.4.1 1.25 16.88 18.13 NOTE
r-patched-solaris-sparc 2014.4.1 219.80 NOTE
r-patched-solaris-x86 2014.4.1 48.50 NOTE
r-release-linux-x86_64 2014.4.1 1.35 16.65 18.00 NOTE
r-release-osx-x86_64-mavericks 2014.4.1 NOTE
r-release-osx-x86_64-snowleopard 2014.4.1 NOTE
r-release-windows-ix86+x86_64 2014.4.1 3.00 23.00 26.00 NOTE
r-oldrel-windows-ix86+x86_64 2014.4.1 5.00 29.00 34.00 NOTE

Check Details

Version: 2014.4.1
Check: R code for possible problems
Result: NOTE
    mkAbomb: no visible global function definition for ‘dbDriver’
    mkHema87: no visible global function definition for ‘dbDriver’
    mkSEER: no visible global function definition for ‘dbDriver’
Flavors: r-devel-linux-x86_64-debian-clang, r-devel-linux-x86_64-debian-gcc, r-devel-linux-x86_64-fedora-clang, r-devel-linux-x86_64-fedora-gcc, r-devel-osx-x86_64-clang, r-devel-windows-ix86+x86_64, r-patched-linux-x86_64, r-patched-solaris-sparc, r-patched-solaris-x86, r-release-linux-x86_64, r-release-osx-x86_64-mavericks, r-release-osx-x86_64-snowleopard, r-release-windows-ix86+x86_64, r-oldrel-windows-ix86+x86_64