CRAN Package Check Results for Package SEERaBomb

Last updated on 2014-12-22 13:48:06.

Flavor Version Tinstall Tcheck Ttotal Status Flags
r-devel-linux-x86_64-debian-clang 2014.4.1 1.82 20.75 22.57 NOTE
r-devel-linux-x86_64-debian-gcc 2014.4.1 1.35 19.97 21.32 NOTE
r-devel-linux-x86_64-fedora-clang 2014.4.1 46.81 NOTE
r-devel-linux-x86_64-fedora-gcc 2014.4.1 44.16 NOTE
r-devel-osx-x86_64-clang 2014.4.1 42.86 NOTE
r-devel-windows-ix86+x86_64 2014.4.1 5.00 30.00 35.00 NOTE
r-patched-linux-x86_64 2014.4.1 1.78 20.79 22.57 NOTE
r-patched-solaris-sparc 2014.4.1 253.10 NOTE
r-patched-solaris-x86 2014.4.1 59.00 NOTE
r-release-linux-ix86 2014.4.1 1.93 26.65 28.58 NOTE
r-release-linux-x86_64 2014.4.1 1.46 20.80 22.26 NOTE
r-release-osx-x86_64-mavericks 2014.4.1 OK
r-release-osx-x86_64-snowleopard 2014.4.1 OK
r-release-windows-ix86+x86_64 2014.4.1 5.00 32.00 37.00 NOTE
r-oldrel-windows-ix86+x86_64 2014.4.1 6.00 33.00 39.00 OK

Check Details

Version: 2014.4.1
Check: R code for possible problems
Result: NOTE
    mkAbomb: no visible global function definition for ‘dbDriver’
    mkHema87: no visible global function definition for ‘dbDriver’
    mkSEER: no visible global function definition for ‘dbDriver’
Flavors: r-devel-linux-x86_64-debian-clang, r-devel-linux-x86_64-debian-gcc, r-devel-linux-x86_64-fedora-clang, r-devel-linux-x86_64-fedora-gcc, r-devel-osx-x86_64-clang, r-devel-windows-ix86+x86_64, r-patched-linux-x86_64, r-patched-solaris-sparc, r-patched-solaris-x86, r-release-linux-ix86, r-release-linux-x86_64, r-release-windows-ix86+x86_64