CRAN Package Check Results for Package SEERaBomb

Last updated on 2015-01-30 23:48:56.

Flavor Version Tinstall Tcheck Ttotal Status Flags
r-devel-linux-x86_64-debian-clang 2014.4.1 1.32 16.90 18.21 NOTE
r-devel-linux-x86_64-debian-gcc 2014.4.1 1.46 18.03 19.50 NOTE
r-devel-linux-x86_64-fedora-clang 2014.4.1 40.91 NOTE
r-devel-linux-x86_64-fedora-gcc 2014.4.1 38.81 NOTE
r-devel-osx-x86_64-clang 2014.4.1 42.78 NOTE
r-devel-windows-ix86+x86_64 2014.4.1 8.00 28.00 36.00 NOTE
r-patched-linux-x86_64 2014.4.1 1.46 20.62 22.08 NOTE
r-patched-solaris-sparc 2014.4.1 254.00 NOTE
r-patched-solaris-x86 2014.4.1 59.90 NOTE
r-release-linux-ix86 2014.4.1 1.89 26.41 28.30 NOTE
r-release-linux-x86_64 2014.4.1 1.52 20.56 22.08 NOTE
r-release-osx-x86_64-mavericks 2014.4.1 NOTE
r-release-osx-x86_64-snowleopard 2014.4.1 OK
r-release-windows-ix86+x86_64 2014.4.1 6.00 36.00 42.00 NOTE
r-oldrel-windows-ix86+x86_64 2014.4.1 6.00 38.00 44.00 OK

Check Details

Version: 2014.4.1
Check: R code for possible problems
Result: NOTE
    mkAbomb: no visible global function definition for ‘dbDriver’
    mkHema87: no visible global function definition for ‘dbDriver’
    mkSEER: no visible global function definition for ‘dbDriver’
Flavors: r-devel-linux-x86_64-debian-clang, r-devel-linux-x86_64-debian-gcc, r-devel-linux-x86_64-fedora-clang, r-devel-linux-x86_64-fedora-gcc, r-devel-osx-x86_64-clang, r-devel-windows-ix86+x86_64, r-patched-linux-x86_64, r-patched-solaris-sparc, r-patched-solaris-x86, r-release-linux-ix86, r-release-linux-x86_64, r-release-osx-x86_64-mavericks, r-release-windows-ix86+x86_64