CRAN Package Check Results for Package SEERaBomb

Last updated on 2014-04-16 18:47:55.

Flavor Version Tinstall Tcheck Ttotal Status Flags
r-devel-linux-x86_64-debian-clang 2013.4.3 1.41 18.57 19.98 NOTE
r-devel-linux-x86_64-debian-gcc 2013.4.3 1.42 18.45 19.87 NOTE
r-devel-linux-x86_64-fedora-clang 2013.4.3 41.52 NOTE
r-devel-linux-x86_64-fedora-gcc 2013.4.3 39.47 NOTE
r-devel-macosx-x86_64-clang 2013.4.3 39.59 NOTE
r-devel-macosx-x86_64-gcc 2013.4.3 NOTE
r-devel-windows-ix86+x86_64 2013.4.3 5.00 28.00 33.00 NOTE
r-patched-linux-x86_64 2013.4.3 1.41 18.84 20.25 NOTE
r-patched-solaris-sparc 2013.4.3 228.70 NOTE
r-patched-solaris-x86 2013.4.3 57.70 NOTE
r-release-linux-ix86 2013.4.3 3.00 36.00 39.00 NOTE
r-release-linux-x86_64 2013.4.3 1.41 18.36 19.77 NOTE
r-release-macosx-x86_64 2013.4.3 OK
r-release-windows-ix86+x86_64 2013.4.3 5.00 30.00 35.00 NOTE
r-oldrel-windows-ix86+x86_64 2013.4.3 6.00 28.00 34.00 NOTE

Check Details

Version: 2013.4.3
Check: dependencies in R code
Result: NOTE
    Packages in Depends field not imported from:
     ‘LaF’ ‘RSQLite’
     These packages need to be imported from (in the NAMESPACE file)
     for when this namespace is loaded but not attached.
    See the information on DESCRIPTION files in the chapter ‘Creating R
    packages’ of the ‘Writing R Extensions’ manual.
Flavors: r-devel-linux-x86_64-debian-clang, r-devel-linux-x86_64-debian-gcc, r-devel-linux-x86_64-fedora-clang, r-devel-linux-x86_64-fedora-gcc, r-devel-macosx-x86_64-clang, r-devel-macosx-x86_64-gcc, r-devel-windows-ix86+x86_64, r-patched-linux-x86_64, r-patched-solaris-sparc, r-patched-solaris-x86, r-release-linux-ix86, r-release-linux-x86_64, r-release-windows-ix86+x86_64, r-oldrel-windows-ix86+x86_64