CRAN Package Check Results for Package SEERaBomb

Last updated on 2014-10-23 12:47:50.

Flavor Version Tinstall Tcheck Ttotal Status Flags
r-devel-linux-x86_64-debian-clang 2014.4.1 1.40 20.74 22.13 NOTE
r-devel-linux-x86_64-debian-gcc 2014.4.1 1.41 20.50 21.91 NOTE
r-devel-linux-x86_64-fedora-clang 2014.4.1 45.35 NOTE
r-devel-linux-x86_64-fedora-gcc 2014.4.1 42.62 NOTE
r-devel-osx-x86_64-clang 2014.4.1 43.26 NOTE
r-devel-windows-ix86+x86_64 2014.4.1 4.00 31.00 35.00 NOTE
r-patched-linux-x86_64 2014.4.1 1.50 8.49 9.99 NOTE
r-patched-solaris-sparc 2014.4.1 265.20 NOTE
r-patched-solaris-x86 2014.4.1 59.70 NOTE
r-release-linux-ix86 2014.4.1 2.12 28.20 30.33 OK
r-release-linux-x86_64 2014.4.1 1.52 21.44 22.96 OK
r-release-osx-x86_64-mavericks 2014.4.1 OK
r-release-osx-x86_64-snowleopard 2014.4.1 OK
r-release-windows-ix86+x86_64 2014.4.1 6.00 32.00 38.00 OK
r-oldrel-windows-ix86+x86_64 2014.4.1 7.00 33.00 40.00 OK

Check Details

Version: 2014.4.1
Check: R code for possible problems
Result: NOTE
    mkAbomb: no visible global function definition for ‘dbDriver’
    mkHema87: no visible global function definition for ‘dbDriver’
    mkSEER: no visible global function definition for ‘dbDriver’
Flavors: r-devel-linux-x86_64-debian-clang, r-devel-linux-x86_64-debian-gcc, r-devel-linux-x86_64-fedora-clang, r-devel-linux-x86_64-fedora-gcc, r-devel-osx-x86_64-clang, r-devel-windows-ix86+x86_64, r-patched-linux-x86_64, r-patched-solaris-sparc, r-patched-solaris-x86