CRAN Package Check Results for Package SEERaBomb

Last updated on 2015-08-28 06:47:35.

Flavor Version Tinstall Tcheck Ttotal Status Flags
r-devel-linux-x86_64-debian-clang 2015.1 9.62 52.92 62.54 NOTE
r-devel-linux-x86_64-debian-gcc 2015.1 10.59 51.26 61.84 NOTE
r-devel-linux-x86_64-fedora-clang 2015.1 130.54 NOTE
r-devel-linux-x86_64-fedora-gcc 2015.1 122.86 NOTE
r-devel-osx-x86_64-clang 2015.1 107.15 OK
r-devel-windows-ix86+x86_64 2015.1 45.00 121.00 166.00 NOTE
r-patched-linux-x86_64 2015.1 11.22 54.44 65.66 OK
r-patched-solaris-sparc 2015.1 848.90 OK
r-patched-solaris-x86 2015.1 205.60 OK
r-release-linux-x86_64 2015.1 10.07 56.42 66.49 OK
r-release-osx-x86_64-mavericks 2015.1 OK
r-release-windows-ix86+x86_64 2015.1 44.00 129.00 173.00 OK
r-oldrel-windows-ix86+x86_64 2015.1 55.00 186.00 241.00 NOTE

Check Details

Version: 2015.1
Check: R code for possible problems
Result: NOTE
    mkAbomb: no visible global function definition for ‘read.csv’
    mkAbomb: no visible binding for global variable ‘D’
    mkExcel: no visible global function definition for ‘qchisq’
    post1PYO: no visible global function definition for ‘head’
    simSeerSet: no visible global function definition for ‘data’
    simSeerSet: no visible binding for global variable ‘stdUS’
    simSeerSet: no visible global function definition for ‘head’
    simSeerSet: no visible global function definition for ‘rpois’
    simSeerSet: no visible global function definition for ‘rexp’
    simSeerSet: no visible global function definition for ‘runif’
    simSeerSet: no visible global function definition for ‘tail’
    Undefined global functions or variables:
     D data head qchisq read.csv rexp rpois runif stdUS tail
    Consider adding
     importFrom("stats", "D", "qchisq", "rexp", "rpois", "runif")
     importFrom("utils", "data", "head", "read.csv", "tail")
    to your NAMESPACE.
Flavors: r-devel-linux-x86_64-debian-clang, r-devel-linux-x86_64-debian-gcc, r-devel-linux-x86_64-fedora-clang, r-devel-linux-x86_64-fedora-gcc, r-devel-windows-ix86+x86_64

Version: 2015.1
Check: R code for possible problems
Result: NOTE
    mkExcel: no visible global function definition for 'dir.exists'
Flavor: r-oldrel-windows-ix86+x86_64