CRAN Package Check Results for Package SEERaBomb

Last updated on 2016-02-11 21:46:58.

Flavor Version Tinstall Tcheck Ttotal Status Flags
r-devel-linux-x86_64-debian-gcc 2015.2 9.37 53.14 62.52 OK
r-devel-linux-x86_64-fedora-clang 2015.2 130.72 OK
r-devel-linux-x86_64-fedora-gcc 2015.2 123.34 OK
r-devel-osx-x86_64-clang 2015.2 139.40 OK
r-devel-windows-ix86+x86_64 2015.2 46.00 112.00 158.00 OK
r-patched-linux-x86_64 2015.2 9.73 58.45 68.19 OK
r-patched-solaris-sparc 2015.2 839.30 OK
r-patched-solaris-x86 2015.2 179.60 OK
r-release-linux-x86_64 2015.2 9.96 58.22 68.18 OK
r-release-osx-x86_64-mavericks 2015.2 OK
r-release-windows-ix86+x86_64 2015.2 43.00 118.00 161.00 OK
r-oldrel-windows-ix86+x86_64 2015.2 56.00 191.00 247.00 NOTE

Check Details

Version: 2015.2
Check: R code for possible problems
Result: NOTE
    mkExcel: no visible global function definition for 'dir.exists'
Flavor: r-oldrel-windows-ix86+x86_64