CRAN Package Check Results for Package SEERaBomb

Last updated on 2015-03-05 12:48:12.

Flavor Version Tinstall Tcheck Ttotal Status Flags
r-devel-linux-x86_64-debian-clang 2014.4.1 1.32 17.41 18.73 NOTE
r-devel-linux-x86_64-debian-gcc 2014.4.1 1.14 16.92 18.07 NOTE
r-devel-linux-x86_64-fedora-clang 2014.4.1 35.34 NOTE
r-devel-linux-x86_64-fedora-gcc 2014.4.1 33.80 NOTE
r-devel-osx-x86_64-clang 2014.4.1 36.23 NOTE
r-devel-windows-ix86+x86_64 2014.4.1 4.00 28.00 32.00 NOTE
r-patched-linux-x86_64 2014.4.1 1.52 21.34 22.85 NOTE
r-patched-solaris-sparc 2014.4.1 276.20 NOTE
r-patched-solaris-x86 2014.4.1 61.10 NOTE
r-release-linux-ix86 2014.4.1 3.04 29.26 32.30 NOTE
r-release-linux-x86_64 2014.4.1 1.50 20.84 22.34 NOTE
r-release-osx-x86_64-mavericks 2014.4.1 NOTE
r-release-osx-x86_64-snowleopard 2014.4.1 OK
r-release-windows-ix86+x86_64 2014.4.1 6.00 33.00 39.00 NOTE
r-oldrel-windows-ix86+x86_64 2014.4.1 5.00 32.00 37.00 OK

Check Details

Version: 2014.4.1
Check: R code for possible problems
Result: NOTE
    mkAbomb: no visible global function definition for ‘dbDriver’
    mkHema87: no visible global function definition for ‘dbDriver’
    mkSEER: no visible global function definition for ‘dbDriver’
Flavors: r-devel-linux-x86_64-debian-clang, r-devel-linux-x86_64-debian-gcc, r-devel-linux-x86_64-fedora-clang, r-devel-linux-x86_64-fedora-gcc, r-devel-osx-x86_64-clang, r-devel-windows-ix86+x86_64, r-patched-linux-x86_64, r-patched-solaris-sparc, r-patched-solaris-x86, r-release-linux-ix86, r-release-linux-x86_64, r-release-osx-x86_64-mavericks, r-release-windows-ix86+x86_64