CRAN Package Check Results for Package SEERaBomb

Last updated on 2017-02-24 23:52:53.

Flavor Version Tinstall Tcheck Ttotal Status Flags
r-devel-linux-x86_64-debian-clang 2016.2 11.49 60.74 72.23 NOTE
r-devel-linux-x86_64-debian-gcc 2016.2 11.20 61.49 72.69 NOTE
r-devel-linux-x86_64-fedora-clang 2016.2 154.48 NOTE --no-stop-on-test-error
r-devel-linux-x86_64-fedora-gcc 2016.2 148.79 NOTE --no-stop-on-test-error
r-devel-macos-x86_64-clang 2016.2 116.39 NOTE --no-stop-on-test-error
r-devel-windows-ix86+x86_64 2016.2 53.00 179.00 232.00 OK
r-patched-linux-x86_64 2016.2 10.25 58.73 68.97 OK
r-patched-solaris-sparc 2016.2 852.90 OK
r-patched-solaris-x86 2016.2 184.00 OK
r-release-linux-x86_64 2016.2 9.76 57.55 67.31 OK
r-release-osx-x86_64-mavericks 2016.2 OK
r-release-windows-ix86+x86_64 2016.2 53.00 131.00 184.00 OK
r-oldrel-windows-ix86+x86_64 2016.2 53.00 172.00 225.00 OK

Check Details

Version: 2016.2
Check: compiled code
Result: NOTE
    File ‘SEERaBomb/libs/SEERaBomb.so’:
     Found no calls to: ‘R_registerRoutines’, ‘R_useDynamicSymbols’
    
    It is good practice to register native routines and to disable symbol
    search.
    
    See ‘Writing portable packages’ in the ‘Writing R Extensions’ manual.
Flavors: r-devel-linux-x86_64-debian-clang, r-devel-linux-x86_64-debian-gcc

Version: 2016.2
Flags: --no-stop-on-test-error
Check: compiled code
Result: NOTE
    File ‘SEERaBomb/libs/SEERaBomb.so’:
     Found no calls to: ‘R_registerRoutines’, ‘R_useDynamicSymbols’
    
    It is good practice to register native routines and to disable symbol
    search.
    
    See ‘Writing portable packages’ in the ‘Writing R Extensions’ manual.
Flavors: r-devel-linux-x86_64-fedora-clang, r-devel-linux-x86_64-fedora-gcc, r-devel-macos-x86_64-clang