CRAN Package Check Results for Package SEL

Last updated on 2016-06-26 16:46:58.

Flavor Version Tinstall Tcheck Ttotal Status Flags
r-devel-linux-x86_64-debian-gcc 1.0-2 1.02 14.01 15.03 NOTE
r-devel-linux-x86_64-fedora-clang 1.0-2 24.95 NOTE
r-devel-linux-x86_64-fedora-gcc 1.0-2 23.74 NOTE
r-devel-osx-x86_64-clang 1.0-2 22.22 NOTE
r-devel-windows-ix86+x86_64 1.0-2 8.00 56.00 64.00 NOTE
r-patched-linux-x86_64 1.0-2 0.99 13.81 14.81 NOTE
r-patched-solaris-sparc 1.0-2 164.40 NOTE
r-patched-solaris-x86 1.0-2 35.80 NOTE
r-release-linux-x86_64 1.0-2 1.07 14.69 15.76 NOTE
r-release-osx-x86_64-mavericks 1.0-2 NOTE
r-release-windows-ix86+x86_64 1.0-2 4.00 40.00 44.00 NOTE
r-oldrel-windows-ix86+x86_64 1.0-2 12.00 50.00 62.00 NOTE

Check Details

Version: 1.0-2
Check: R code for possible problems
Result: NOTE
    predict.SEL: warning in splineDesign(newdata, knots = knts, ord =
     object$nord, deriv = rep(deriv, length(newdata)), outer.ok = TRUE):
     partial argument match of ‘deriv’ to ‘derivs’
    getbinPost: no visible binding for global variable ‘dbeta’
    getbinPost: no visible binding for global variable ‘pbeta’
    getbinPost : fu: no visible global function definition for ‘dbinom’
    getbinPost : fu: no visible global function definition for ‘predict’
    getbinPost: no visible global function definition for ‘integrate’
    getbinPost: no visible global function definition for ‘splinefun’
    int.funct: no visible global function definition for ‘integrate’
    int.funct2: no visible global function definition for ‘integrate’
    min.abs: no visible global function definition for ‘uniroot’
    plot.SEL: no visible global function definition for ‘plot’
    print.SEL: no visible global function definition for ‘integrate’
    print.summary.SEL : foo1: no visible global function definition for
     ‘predict’
    print.summary.SEL : foo2: no visible global function definition for
     ‘predict’
    print.summary.SEL: no visible global function definition for
     ‘integrate’
    quantSEL: no visible global function definition for ‘predict’
    quantSEL: no visible global function definition for ‘splinefun’
    rvSEL: no visible global function definition for ‘runif’
    Undefined global functions or variables:
     dbeta dbinom integrate pbeta plot predict runif splinefun uniroot
    Consider adding
     importFrom("graphics", "plot")
     importFrom("stats", "dbeta", "dbinom", "integrate", "pbeta", "predict",
     "runif", "splinefun", "uniroot")
    to your NAMESPACE file.
Flavors: r-devel-linux-x86_64-debian-gcc, r-devel-linux-x86_64-fedora-clang, r-devel-linux-x86_64-fedora-gcc, r-devel-osx-x86_64-clang, r-devel-windows-ix86+x86_64, r-patched-linux-x86_64, r-patched-solaris-sparc, r-patched-solaris-x86, r-release-linux-x86_64, r-release-osx-x86_64-mavericks, r-release-windows-ix86+x86_64

Version: 1.0-2
Check: R code for possible problems
Result: NOTE
    predict.SEL: warning in splineDesign(newdata, knots = knts, ord =
     object$nord, deriv = rep(deriv, length(newdata)), outer.ok = TRUE):
     partial argument match of 'deriv' to 'derivs'
Flavor: r-oldrel-windows-ix86+x86_64