CRAN Package Check Results for Package SEL

Last updated on 2015-07-02 17:47:43.

Flavor Version Tinstall Tcheck Ttotal Status Flags
r-devel-linux-x86_64-debian-clang 1.0-2 1.06 14.14 15.20 NOTE
r-devel-linux-x86_64-debian-gcc 1.0-2 0.88 13.86 14.74 NOTE
r-devel-linux-x86_64-fedora-clang 1.0-2 28.33 NOTE
r-devel-linux-x86_64-fedora-gcc 1.0-2 26.20 NOTE
r-devel-osx-x86_64-clang 1.0-2 29.69 NOTE
r-devel-windows-ix86+x86_64 1.0-2 6.00 32.00 38.00 NOTE
r-patched-linux-x86_64 1.0-2 0.91 14.53 15.44 NOTE
r-patched-solaris-sparc 1.0-2 176.10 NOTE
r-patched-solaris-x86 1.0-2 41.50 NOTE
r-release-linux-x86_64 1.0-2 0.94 14.41 15.35 NOTE
r-release-osx-x86_64-mavericks 1.0-2 NOTE
r-release-windows-ix86+x86_64 1.0-2 6.00 36.00 42.00 NOTE
r-oldrel-windows-ix86+x86_64 1.0-2 6.00 38.00 44.00 NOTE

Check Details

Version: 1.0-2
Check: R code for possible problems
Result: NOTE
    predict.SEL: warning in splineDesign(newdata, knots = knts, ord =
     object$nord, deriv = rep(deriv, length(newdata)), outer.ok = TRUE):
     partial argument match of ‘deriv’ to ‘derivs’
    getbinPost: no visible binding for global variable ‘dbeta’
    getbinPost: no visible binding for global variable ‘pbeta’
    getbinPost : fu: no visible global function definition for ‘dbinom’
    getbinPost : fu: no visible global function definition for ‘predict’
    getbinPost: no visible global function definition for ‘integrate’
    getbinPost: no visible global function definition for ‘splinefun’
    int.funct: no visible global function definition for ‘integrate’
    int.funct2: no visible global function definition for ‘integrate’
    min.abs: no visible global function definition for ‘uniroot’
    plot.SEL: no visible global function definition for ‘plot’
    print.SEL: no visible global function definition for ‘integrate’
    print.summary.SEL : foo1: no visible global function definition for
     ‘predict’
    print.summary.SEL : foo2: no visible global function definition for
     ‘predict’
    print.summary.SEL: no visible global function definition for
     ‘integrate’
    quantSEL: no visible global function definition for ‘predict’
    quantSEL: no visible global function definition for ‘splinefun’
    rvSEL: no visible global function definition for ‘runif’
Flavors: r-devel-linux-x86_64-debian-clang, r-devel-linux-x86_64-debian-gcc, r-devel-windows-ix86+x86_64

Version: 1.0-2
Check: R code for possible problems
Result: NOTE
    predict.SEL: warning in splineDesign(newdata, knots = knts, ord =
     object$nord, deriv = rep(deriv, length(newdata)), outer.ok = TRUE):
     partial argument match of 'deriv' to 'derivs'
    getbinPost: no visible binding for global variable ‘dbeta’
    getbinPost: no visible binding for global variable ‘pbeta’
    getbinPost : fu: no visible global function definition for ‘dbinom’
    getbinPost : fu: no visible global function definition for ‘predict’
    getbinPost: no visible global function definition for ‘integrate’
    getbinPost: no visible global function definition for ‘splinefun’
    int.funct: no visible global function definition for ‘integrate’
    int.funct2: no visible global function definition for ‘integrate’
    min.abs: no visible global function definition for ‘uniroot’
    plot.SEL: no visible global function definition for ‘plot’
    print.SEL: no visible global function definition for ‘integrate’
    print.summary.SEL : foo1: no visible global function definition for
     ‘predict’
    print.summary.SEL : foo2: no visible global function definition for
     ‘predict’
    print.summary.SEL: no visible global function definition for
     ‘integrate’
    quantSEL: no visible global function definition for ‘predict’
    quantSEL: no visible global function definition for ‘splinefun’
    rvSEL: no visible global function definition for ‘runif’
    Undefined global functions or variables:
     dbeta dbinom integrate pbeta plot predict runif splinefun uniroot
Flavors: r-devel-linux-x86_64-fedora-clang, r-devel-linux-x86_64-fedora-gcc

Version: 1.0-2
Check: R code for possible problems
Result: NOTE
    predict.SEL: warning in splineDesign(newdata, knots = knts, ord =
     object$nord, deriv = rep(deriv, length(newdata)), outer.ok = TRUE):
     partial argument match of 'deriv' to 'derivs'
Flavors: r-devel-osx-x86_64-clang, r-patched-linux-x86_64, r-patched-solaris-sparc, r-patched-solaris-x86, r-release-linux-x86_64, r-release-osx-x86_64-mavericks, r-release-windows-ix86+x86_64, r-oldrel-windows-ix86+x86_64