CRAN Package Check Results for Package SEL

Last updated on 2015-01-29 12:48:15.

Flavor Version Tinstall Tcheck Ttotal Status Flags
r-devel-linux-x86_64-debian-clang 1.0-2 0.97 14.54 15.51 NOTE
r-devel-linux-x86_64-debian-gcc 1.0-2 1.00 14.26 15.26 NOTE
r-devel-linux-x86_64-fedora-clang 1.0-2 34.56 NOTE
r-devel-linux-x86_64-fedora-gcc 1.0-2 31.40 NOTE
r-devel-osx-x86_64-clang 1.0-2 35.23 NOTE
r-devel-windows-ix86+x86_64 1.0-2 8.00 30.00 38.00 NOTE
r-patched-linux-x86_64 1.0-2 1.06 16.32 17.38 NOTE
r-patched-solaris-sparc 1.0-2 193.30 NOTE
r-patched-solaris-x86 1.0-2 46.80 NOTE
r-release-linux-ix86 1.0-2 1.47 21.84 23.32 NOTE
r-release-linux-x86_64 1.0-2 1.06 16.57 17.63 NOTE
r-release-osx-x86_64-mavericks 1.0-2 NOTE
r-release-osx-x86_64-snowleopard 1.0-2 NOTE
r-release-windows-ix86+x86_64 1.0-2 6.00 36.00 42.00 NOTE
r-oldrel-windows-ix86+x86_64 1.0-2 7.00 61.00 68.00 NOTE

Check Details

Version: 1.0-2
Check: R code for possible problems
Result: NOTE
    predict.SEL: warning in splineDesign(newdata, knots = knts, ord =
     object$nord, deriv = rep(deriv, length(newdata)), outer.ok = TRUE):
     partial argument match of ‘deriv’ to ‘derivs’
Flavors: r-devel-linux-x86_64-debian-clang, r-devel-linux-x86_64-debian-gcc, r-devel-linux-x86_64-fedora-clang, r-devel-linux-x86_64-fedora-gcc, r-devel-osx-x86_64-clang, r-devel-windows-ix86+x86_64, r-patched-linux-x86_64, r-patched-solaris-sparc, r-patched-solaris-x86, r-release-linux-ix86, r-release-linux-x86_64, r-release-osx-x86_64-mavericks, r-release-osx-x86_64-snowleopard, r-release-windows-ix86+x86_64, r-oldrel-windows-ix86+x86_64