CRAN Package Check Results for Package SEL

Last updated on 2015-03-04 21:46:57.

Flavor Version Tinstall Tcheck Ttotal Status Flags
r-devel-linux-x86_64-debian-clang 1.0-2 0.95 14.58 15.53 NOTE
r-devel-linux-x86_64-debian-gcc 1.0-2 0.96 14.08 15.04 NOTE
r-devel-linux-x86_64-fedora-clang 1.0-2 29.42 NOTE
r-devel-linux-x86_64-fedora-gcc 1.0-2 28.06 NOTE
r-devel-osx-x86_64-clang 1.0-2 32.11 NOTE
r-devel-windows-ix86+x86_64 1.0-2 5.00 34.00 39.00 NOTE
r-patched-linux-x86_64 1.0-2 1.13 16.88 18.01 NOTE
r-patched-solaris-sparc 1.0-2 210.70 NOTE
r-patched-solaris-x86 1.0-2 47.10 NOTE
r-release-linux-ix86 1.0-2 2.03 23.61 25.64 NOTE
r-release-linux-x86_64 1.0-2 1.05 16.59 17.64 NOTE
r-release-osx-x86_64-mavericks 1.0-2 NOTE
r-release-osx-x86_64-snowleopard 1.0-2 NOTE
r-release-windows-ix86+x86_64 1.0-2 6.00 40.00 46.00 NOTE
r-oldrel-windows-ix86+x86_64 1.0-2 6.00 43.00 49.00 NOTE

Check Details

Version: 1.0-2
Check: R code for possible problems
Result: NOTE
    predict.SEL: warning in splineDesign(newdata, knots = knts, ord =
     object$nord, deriv = rep(deriv, length(newdata)), outer.ok = TRUE):
     partial argument match of ‘deriv’ to ‘derivs’
Flavors: r-devel-linux-x86_64-debian-clang, r-devel-linux-x86_64-debian-gcc, r-devel-linux-x86_64-fedora-clang, r-devel-linux-x86_64-fedora-gcc, r-devel-osx-x86_64-clang, r-devel-windows-ix86+x86_64, r-patched-linux-x86_64, r-patched-solaris-sparc, r-patched-solaris-x86, r-release-linux-ix86, r-release-linux-x86_64, r-release-osx-x86_64-mavericks, r-release-osx-x86_64-snowleopard, r-release-windows-ix86+x86_64, r-oldrel-windows-ix86+x86_64