CRAN Package Check Results for Package SEL

Last updated on 2014-04-24 07:52:37.

Flavor Version Tinstall Tcheck Ttotal Status Flags
r-devel-linux-x86_64-debian-clang 1.0-2 1.08 16.44 17.52 NOTE
r-devel-linux-x86_64-debian-gcc 1.0-2 1.06 16.41 17.47 NOTE
r-devel-linux-x86_64-fedora-clang 1.0-2 33.33 NOTE
r-devel-linux-x86_64-fedora-gcc 1.0-2 31.23 NOTE
r-devel-osx-x86_64-clang 1.0-2 31.10 NOTE
r-devel-osx-x86_64-gcc 1.0-2 NOTE
r-devel-windows-ix86+x86_64 1.0-2 5.00 33.00 38.00 NOTE
r-patched-linux-x86_64 1.0-2 1.12 16.35 17.48 NOTE
r-patched-solaris-sparc 1.0-2 193.20 NOTE
r-patched-solaris-x86 1.0-2 44.60 NOTE
r-release-linux-ix86 1.0-2 2.00 32.00 34.00 NOTE
r-release-linux-x86_64 1.0-2 1.06 16.61 17.68 NOTE
r-release-osx-x86_64-mavericks 1.0-2 WARN
r-release-osx-x86_64-snowleopard 1.0-2 NOTE
r-release-windows-ix86+x86_64 1.0-2 6.00 36.00 42.00 NOTE
r-oldrel-windows-ix86+x86_64 1.0-2 6.00 36.00 42.00 NOTE

Check Details

Version: 1.0-2
Check: R code for possible problems
Result: NOTE
    predict.SEL: warning in splineDesign(newdata, knots = knts, ord =
     object$nord, deriv = rep(deriv, length(newdata)), outer.ok = TRUE):
     partial argument match of 'deriv' to 'derivs'
Flavors: r-devel-linux-x86_64-debian-clang, r-devel-linux-x86_64-debian-gcc, r-devel-linux-x86_64-fedora-clang, r-devel-linux-x86_64-fedora-gcc, r-devel-osx-x86_64-clang, r-devel-osx-x86_64-gcc, r-devel-windows-ix86+x86_64, r-patched-linux-x86_64, r-patched-solaris-sparc, r-patched-solaris-x86, r-release-linux-ix86, r-release-linux-x86_64, r-release-osx-x86_64-mavericks, r-release-osx-x86_64-snowleopard, r-release-windows-ix86+x86_64, r-oldrel-windows-ix86+x86_64

Version: 1.0-2
Check: PDF version of manual
Result: WARNING
    LaTeX errors when creating PDF version.
    This typically indicates Rd problems.
    LaTeX errors found:
    ! LaTeX Error: File `upquote.sty' not found.
    
    Type X to quit or <RETURN> to proceed,
    or enter new name. (Default extension: sty)
    
    3bd2964d/Rd2.tex:8: ==> Fatal error occurred, no output PDF file produced!
Flavor: r-release-osx-x86_64-mavericks