CRAN Package Check Results for Package SEL

Last updated on 2014-11-01 11:49:13.

Flavor Version Tinstall Tcheck Ttotal Status Flags
r-devel-linux-x86_64-debian-clang 1.0-2 1.24 15.82 17.06 NOTE
r-devel-linux-x86_64-debian-gcc 1.0-2 0.99 15.51 16.50 NOTE
r-devel-linux-x86_64-fedora-clang 1.0-2 33.95 NOTE
r-devel-linux-x86_64-fedora-gcc 1.0-2 31.44 NOTE
r-devel-osx-x86_64-clang 1.0-2 35.00 NOTE
r-devel-windows-ix86+x86_64 1.0-2 5.00 34.00 39.00 NOTE
r-patched-linux-x86_64 1.0-2 1.10 16.82 17.91 NOTE
r-patched-solaris-sparc 1.0-2 207.80 NOTE
r-patched-solaris-x86 1.0-2 46.10 NOTE
r-release-linux-ix86 1.0-2 1.49 22.76 24.25 NOTE
r-release-linux-x86_64 1.0-2 1.08 16.23 17.31 NOTE
r-release-osx-x86_64-mavericks 1.0-2 NOTE
r-release-osx-x86_64-snowleopard 1.0-2 NOTE
r-release-windows-ix86+x86_64 1.0-2 6.00 33.00 39.00 NOTE
r-oldrel-windows-ix86+x86_64 1.0-2 5.00 40.00 45.00 NOTE

Check Details

Version: 1.0-2
Check: R code for possible problems
Result: NOTE
    predict.SEL: warning in splineDesign(newdata, knots = knts, ord =
     object$nord, deriv = rep(deriv, length(newdata)), outer.ok = TRUE):
     partial argument match of ‘deriv’ to ‘derivs’
Flavors: r-devel-linux-x86_64-debian-clang, r-devel-linux-x86_64-debian-gcc, r-devel-linux-x86_64-fedora-clang, r-devel-linux-x86_64-fedora-gcc, r-devel-osx-x86_64-clang, r-devel-windows-ix86+x86_64, r-patched-linux-x86_64, r-patched-solaris-sparc, r-patched-solaris-x86, r-release-linux-ix86, r-release-linux-x86_64, r-release-osx-x86_64-mavericks, r-release-osx-x86_64-snowleopard, r-release-windows-ix86+x86_64, r-oldrel-windows-ix86+x86_64