CRAN Package Check Results for Package SEL

Last updated on 2016-07-28 03:48:07.

Flavor Version Tinstall Tcheck Ttotal Status Flags
r-devel-linux-x86_64-debian-clang 1.0-2 1.36 16.44 17.81 NOTE
r-devel-linux-x86_64-debian-gcc 1.0-2 1.24 16.17 17.41 NOTE
r-devel-linux-x86_64-fedora-clang 1.0-2 25.37 NOTE
r-devel-linux-x86_64-fedora-gcc 1.0-2 23.05 NOTE
r-devel-osx-x86_64-clang 1.0-2 22.79 NOTE
r-devel-windows-ix86+x86_64 1.0-2 10.00 48.00 58.00 NOTE
r-patched-linux-x86_64 1.0-2 1.22 16.81 18.03 NOTE
r-patched-solaris-sparc 1.0-2 164.40 NOTE
r-patched-solaris-x86 1.0-2 35.10 NOTE
r-release-linux-x86_64 1.0-2 1.39 16.59 17.99 NOTE
r-release-osx-x86_64-mavericks 1.0-2 NOTE
r-release-windows-ix86+x86_64 1.0-2 9.00 49.00 58.00 NOTE
r-oldrel-windows-ix86+x86_64 1.0-2 8.00 48.00 56.00 NOTE

Check Details

Version: 1.0-2
Check: R code for possible problems
Result: NOTE
    predict.SEL: warning in splineDesign(newdata, knots = knts, ord =
     object$nord, deriv = rep(deriv, length(newdata)), outer.ok = TRUE):
     partial argument match of ‘deriv’ to ‘derivs’
    getbinPost: no visible binding for global variable ‘dbeta’
    getbinPost: no visible binding for global variable ‘pbeta’
    getbinPost : fu: no visible global function definition for ‘dbinom’
    getbinPost : fu: no visible global function definition for ‘predict’
    getbinPost: no visible global function definition for ‘integrate’
    getbinPost: no visible global function definition for ‘splinefun’
    int.funct: no visible global function definition for ‘integrate’
    int.funct2: no visible global function definition for ‘integrate’
    min.abs: no visible global function definition for ‘uniroot’
    plot.SEL: no visible global function definition for ‘plot’
    print.SEL: no visible global function definition for ‘integrate’
    print.summary.SEL : foo1: no visible global function definition for
     ‘predict’
    print.summary.SEL : foo2: no visible global function definition for
     ‘predict’
    print.summary.SEL: no visible global function definition for
     ‘integrate’
    quantSEL: no visible global function definition for ‘predict’
    quantSEL: no visible global function definition for ‘splinefun’
    rvSEL: no visible global function definition for ‘runif’
    Undefined global functions or variables:
     dbeta dbinom integrate pbeta plot predict runif splinefun uniroot
    Consider adding
     importFrom("graphics", "plot")
     importFrom("stats", "dbeta", "dbinom", "integrate", "pbeta", "predict",
     "runif", "splinefun", "uniroot")
    to your NAMESPACE file.
Flavors: r-devel-linux-x86_64-debian-clang, r-devel-linux-x86_64-debian-gcc, r-devel-linux-x86_64-fedora-clang, r-devel-linux-x86_64-fedora-gcc, r-devel-osx-x86_64-clang, r-devel-windows-ix86+x86_64, r-patched-linux-x86_64, r-patched-solaris-sparc, r-patched-solaris-x86, r-release-linux-x86_64, r-release-osx-x86_64-mavericks, r-release-windows-ix86+x86_64

Version: 1.0-2
Check: R code for possible problems
Result: NOTE
    predict.SEL: warning in splineDesign(newdata, knots = knts, ord =
     object$nord, deriv = rep(deriv, length(newdata)), outer.ok = TRUE):
     partial argument match of 'deriv' to 'derivs'
Flavor: r-oldrel-windows-ix86+x86_64