CRAN Package Check Results for Package SEL

Last updated on 2015-05-29 09:47:37.

Flavor Version Tinstall Tcheck Ttotal Status Flags
r-devel-linux-x86_64-debian-clang 1.0-2 0.98 14.74 15.72 NOTE
r-devel-linux-x86_64-debian-gcc 1.0-2 1.03 14.27 15.30 NOTE
r-devel-linux-x86_64-fedora-clang 1.0-2 30.42 NOTE
r-devel-linux-x86_64-fedora-gcc 1.0-2 27.62 NOTE
r-devel-osx-x86_64-clang 1.0-2 32.90 NOTE
r-devel-windows-ix86+x86_64 1.0-2 5.00 33.00 38.00 NOTE
r-patched-linux-x86_64 1.0-2 0.91 14.86 15.78 NOTE
r-patched-solaris-sparc 1.0-2 176.10 NOTE
r-patched-solaris-x86 1.0-2 40.70 NOTE
r-release-linux-x86_64 1.0-2 1.19 14.63 15.82 NOTE
r-release-osx-x86_64-mavericks 1.0-2 NOTE
r-release-osx-x86_64-snowleopard 1.0-2 NOTE
r-release-windows-ix86+x86_64 1.0-2 6.00 34.00 40.00 NOTE
r-oldrel-windows-ix86+x86_64 1.0-2 6.00 60.00 66.00 NOTE

Check Details

Version: 1.0-2
Check: R code for possible problems
Result: NOTE
    predict.SEL: warning in splineDesign(newdata, knots = knts, ord =
     object$nord, deriv = rep(deriv, length(newdata)), outer.ok = TRUE):
     partial argument match of ‘deriv’ to ‘derivs’
Flavors: r-devel-linux-x86_64-debian-clang, r-devel-linux-x86_64-debian-gcc, r-devel-linux-x86_64-fedora-clang, r-devel-linux-x86_64-fedora-gcc, r-devel-osx-x86_64-clang, r-devel-windows-ix86+x86_64, r-patched-linux-x86_64, r-patched-solaris-sparc, r-patched-solaris-x86, r-release-linux-x86_64, r-release-osx-x86_64-mavericks, r-release-osx-x86_64-snowleopard, r-release-windows-ix86+x86_64, r-oldrel-windows-ix86+x86_64