CRAN Package Check Results for Package SEL

Last updated on 2014-12-19 08:48:41.

Flavor Version Tinstall Tcheck Ttotal Status Flags
r-devel-linux-x86_64-debian-clang 1.0-2 1.05 15.99 17.04 NOTE
r-devel-linux-x86_64-debian-gcc 1.0-2 0.99 15.50 16.50 NOTE
r-devel-linux-x86_64-fedora-clang 1.0-2 34.49 NOTE
r-devel-linux-x86_64-fedora-gcc 1.0-2 31.23 NOTE
r-devel-osx-x86_64-clang 1.0-2 34.52 NOTE
r-devel-windows-ix86+x86_64 1.0-2 7.00 35.00 42.00 NOTE
r-patched-linux-x86_64 1.0-2 1.23 16.22 17.46 NOTE
r-patched-solaris-sparc 1.0-2 207.80 NOTE
r-patched-solaris-x86 1.0-2 45.50 NOTE
r-release-linux-ix86 1.0-2 1.48 22.19 23.67 NOTE
r-release-linux-x86_64 1.0-2 1.01 16.92 17.93 NOTE
r-release-osx-x86_64-mavericks 1.0-2 NOTE
r-release-osx-x86_64-snowleopard 1.0-2 NOTE
r-release-windows-ix86+x86_64 1.0-2 5.00 35.00 40.00 NOTE
r-oldrel-windows-ix86+x86_64 1.0-2 6.00 37.00 43.00 NOTE

Check Details

Version: 1.0-2
Check: R code for possible problems
Result: NOTE
    predict.SEL: warning in splineDesign(newdata, knots = knts, ord =
     object$nord, deriv = rep(deriv, length(newdata)), outer.ok = TRUE):
     partial argument match of ‘deriv’ to ‘derivs’
Flavors: r-devel-linux-x86_64-debian-clang, r-devel-linux-x86_64-debian-gcc, r-devel-linux-x86_64-fedora-clang, r-devel-linux-x86_64-fedora-gcc, r-devel-osx-x86_64-clang, r-devel-windows-ix86+x86_64, r-patched-linux-x86_64, r-patched-solaris-sparc, r-patched-solaris-x86, r-release-linux-ix86, r-release-linux-x86_64, r-release-osx-x86_64-mavericks, r-release-osx-x86_64-snowleopard, r-release-windows-ix86+x86_64, r-oldrel-windows-ix86+x86_64