CRAN Package Check Results for Package SEL

Last updated on 2015-04-18 03:50:27.

Flavor Version Tinstall Tcheck Ttotal Status Flags
r-devel-linux-x86_64-debian-clang 1.0-2 1.21 14.40 15.60 NOTE
r-devel-linux-x86_64-debian-gcc 1.0-2 1.01 14.18 15.18 NOTE
r-devel-linux-x86_64-fedora-clang 1.0-2 29.48 NOTE
r-devel-linux-x86_64-fedora-gcc 1.0-2 27.88 NOTE
r-devel-osx-x86_64-clang 1.0-2 32.51 NOTE
r-prerel-windows-ix86+x86_64 1.0-2 10.00 33.00 43.00 NOTE
r-prerel-linux-x86_64 1.0-2 1.10 14.14 15.24 NOTE
r-prerel-solaris-sparc 1.0-2 183.90 NOTE
r-prerel-solaris-x86 1.0-2 40.20 NOTE
r-release-linux-x86_64 1.0-2 1.06 17.22 18.28 NOTE
r-release-osx-x86_64-mavericks 1.0-2 NOTE
r-release-osx-x86_64-snowleopard 1.0-2 NOTE
r-release-windows-ix86+x86_64 1.0-2 5.00 44.00 49.00 NOTE
r-oldrel-windows-ix86+x86_64 1.0-2 5.00 48.00 53.00 NOTE

Check Details

Version: 1.0-2
Check: R code for possible problems
Result: NOTE
    predict.SEL: warning in splineDesign(newdata, knots = knts, ord =
     object$nord, deriv = rep(deriv, length(newdata)), outer.ok = TRUE):
     partial argument match of ‘deriv’ to ‘derivs’
Flavors: r-devel-linux-x86_64-debian-clang, r-devel-linux-x86_64-debian-gcc, r-devel-linux-x86_64-fedora-clang, r-devel-linux-x86_64-fedora-gcc, r-devel-osx-x86_64-clang, r-prerel-windows-ix86+x86_64, r-prerel-linux-x86_64, r-prerel-solaris-sparc, r-prerel-solaris-x86, r-release-linux-x86_64, r-release-osx-x86_64-mavericks, r-release-osx-x86_64-snowleopard, r-release-windows-ix86+x86_64, r-oldrel-windows-ix86+x86_64