CRAN Package Check Results for Package SEL

Last updated on 2014-07-26 11:52:27.

Flavor Version Tinstall Tcheck Ttotal Status Flags
r-devel-linux-x86_64-debian-clang 1.0-2 1.09 15.46 16.55 NOTE
r-devel-linux-x86_64-debian-gcc 1.0-2 0.98 15.29 16.26 NOTE
r-devel-linux-x86_64-fedora-clang 1.0-2 33.87 NOTE
r-devel-linux-x86_64-fedora-gcc 1.0-2 30.42 NOTE
r-devel-osx-x86_64-clang 1.0-2 32.67 NOTE
r-devel-windows-ix86+x86_64 1.0-2 5.00 36.00 41.00 NOTE
r-patched-linux-x86_64 1.0-2 0.97 15.35 16.32 NOTE
r-patched-solaris-sparc 1.0-2 193.20 NOTE
r-patched-solaris-x86 1.0-2 44.60 NOTE
r-release-linux-ix86 1.0-2 1.47 22.28 23.75 NOTE
r-release-linux-x86_64 1.0-2 1.02 15.60 16.62 NOTE
r-release-osx-x86_64-mavericks 1.0-2 NOTE
r-release-osx-x86_64-snowleopard 1.0-2 NOTE
r-release-windows-ix86+x86_64 1.0-2 5.00 35.00 40.00 NOTE
r-oldrel-windows-ix86+x86_64 1.0-2 6.00 37.00 43.00 NOTE

Check Details

Version: 1.0-2
Check: R code for possible problems
Result: NOTE
    predict.SEL: warning in splineDesign(newdata, knots = knts, ord =
     object$nord, deriv = rep(deriv, length(newdata)), outer.ok = TRUE):
     partial argument match of 'deriv' to 'derivs'
Flavors: r-devel-linux-x86_64-debian-clang, r-devel-linux-x86_64-debian-gcc, r-devel-linux-x86_64-fedora-clang, r-devel-linux-x86_64-fedora-gcc, r-devel-osx-x86_64-clang, r-devel-windows-ix86+x86_64, r-patched-linux-x86_64, r-patched-solaris-sparc, r-patched-solaris-x86, r-release-linux-ix86, r-release-linux-x86_64, r-release-osx-x86_64-mavericks, r-release-osx-x86_64-snowleopard, r-release-windows-ix86+x86_64, r-oldrel-windows-ix86+x86_64