CRAN Package Check Results for Package SELF

Last updated on 2021-11-29 15:51:26 CET.

Flavor Version Tinstall Tcheck Ttotal Status Flags
r-devel-linux-x86_64-debian-clang 0.1.1 24.48 71.07 95.55 NOTE
r-devel-linux-x86_64-debian-gcc 0.1.1 16.09 53.16 69.25 NOTE
r-devel-linux-x86_64-fedora-clang 0.1.1 139.15 NOTE
r-devel-linux-x86_64-fedora-gcc 0.1.1 113.22 NOTE
r-devel-windows-x86_64-new-UL 0.1.1 36.00 130.00 166.00 NOTE
r-devel-windows-x86_64-new-TK 0.1.1 NOTE
r-devel-windows-x86_64-old 0.1.1 34.00 74.00 108.00 NOTE
r-patched-linux-x86_64 0.1.1 21.39 66.30 87.69 NOTE
r-patched-solaris-x86 0.1.1 155.00 NOTE
r-release-linux-x86_64 0.1.1 22.19 66.92 89.11 NOTE
r-release-macos-arm64 0.1.1 NOTE
r-release-macos-x86_64 0.1.1 NOTE
r-release-windows-ix86+x86_64 0.1.1 56.00 126.00 182.00 NOTE
r-oldrel-macos-x86_64 0.1.1 OK
r-oldrel-windows-ix86+x86_64 0.1.1 42.00 88.00 130.00 OK

Check Details

Version: 0.1.1
Check: LazyData
Result: NOTE
     'LazyData' is specified without a 'data' directory
Flavors: r-devel-linux-x86_64-debian-clang, r-devel-linux-x86_64-debian-gcc, r-devel-linux-x86_64-fedora-clang, r-devel-linux-x86_64-fedora-gcc, r-devel-windows-x86_64-new-UL, r-devel-windows-x86_64-new-TK, r-devel-windows-x86_64-old, r-patched-linux-x86_64, r-patched-solaris-x86, r-release-linux-x86_64, r-release-macos-arm64, r-release-macos-x86_64, r-release-windows-ix86+x86_64