CRAN Package Check Results for Package SEMID

Last updated on 2015-04-27 14:46:59.

Flavor Version Tinstall Tcheck Ttotal Status Flags
r-devel-linux-x86_64-debian-clang 0.1 0.60 10.72 11.32 NOTE
r-devel-linux-x86_64-debian-gcc 0.1 0.57 10.75 11.32 NOTE
r-devel-linux-x86_64-fedora-clang 0.1 21.51 NOTE
r-devel-linux-x86_64-fedora-gcc 0.1 20.00 NOTE
r-devel-osx-x86_64-clang 0.1 24.75 NOTE
r-devel-windows-ix86+x86_64 0.1 2.00 36.00 38.00 NOTE
r-patched-linux-x86_64 0.1 0.58 10.72 11.30 NOTE
r-patched-solaris-sparc 0.1 151.00 NOTE
r-patched-solaris-x86 0.1 33.10 NOTE
r-release-linux-x86_64 0.1 0.55 10.82 11.37 NOTE
r-release-osx-x86_64-mavericks 0.1 NOTE
r-release-osx-x86_64-snowleopard 0.1 ERROR
r-release-windows-ix86+x86_64 0.1 3.00 25.00 28.00 NOTE
r-oldrel-windows-ix86+x86_64 0.1 2.00 28.00 30.00 NOTE

Check Details

Version: 0.1
Check: dependencies in R code
Result: NOTE
    Package in Depends field not imported from: ‘igraph’
     These packages need to be imported from (in the NAMESPACE file)
     for when this namespace is loaded but not attached.
Flavors: r-devel-linux-x86_64-debian-clang, r-devel-linux-x86_64-debian-gcc, r-devel-linux-x86_64-fedora-clang, r-devel-linux-x86_64-fedora-gcc, r-devel-osx-x86_64-clang, r-devel-windows-ix86+x86_64, r-patched-solaris-sparc, r-patched-solaris-x86, r-release-linux-x86_64, r-release-osx-x86_64-mavericks, r-release-windows-ix86+x86_64, r-oldrel-windows-ix86+x86_64

Version: 0.1
Check: R code for possible problems
Result: NOTE
    graphID.genericID: no visible global function definition for
     ‘graph.maxflow’
    graphID.genericID: no visible global function definition for
     ‘graph.adjacency’
    graphID.globalID: no visible global function definition for
     ‘graph.maxflow’
    graphID.globalID: no visible global function definition for
     ‘graph.adjacency’
    graphID.nonID: no visible global function definition for
     ‘graph.maxflow’
    graphID.nonID: no visible global function definition for
     ‘graph.adjacency’
Flavors: r-devel-linux-x86_64-debian-clang, r-devel-linux-x86_64-debian-gcc, r-devel-linux-x86_64-fedora-clang, r-devel-linux-x86_64-fedora-gcc, r-devel-osx-x86_64-clang, r-devel-windows-ix86+x86_64, r-patched-solaris-sparc, r-patched-solaris-x86, r-release-linux-x86_64, r-release-osx-x86_64-mavericks, r-release-windows-ix86+x86_64, r-oldrel-windows-ix86+x86_64

Version: 0.1
Check: package dependencies
Result: ERROR
    Package required but not available: ‘igraph’
    
    See section ‘The DESCRIPTION file’ in the ‘Writing R Extensions’
    manual.
Flavor: r-release-osx-x86_64-snowleopard