CRAN Package Check Results for Package SEMID

Last updated on 2015-07-02 06:48:28.

Flavor Version Tinstall Tcheck Ttotal Status Flags
r-devel-linux-x86_64-debian-clang 0.1 0.56 10.95 11.50 NOTE
r-devel-linux-x86_64-debian-gcc 0.1 0.54 10.78 11.32 NOTE
r-devel-linux-x86_64-fedora-clang 0.1 21.04 NOTE
r-devel-linux-x86_64-fedora-gcc 0.1 20.62 NOTE
r-devel-osx-x86_64-clang 0.1 23.62 NOTE
r-devel-windows-ix86+x86_64 0.1 3.00 19.00 22.00 NOTE
r-patched-linux-x86_64 0.1 0.58 11.40 11.98 NOTE
r-patched-solaris-sparc 0.1 142.00 NOTE
r-patched-solaris-x86 0.1 35.50 NOTE
r-release-linux-x86_64 0.1 0.55 11.22 11.77 NOTE
r-release-osx-x86_64-mavericks 0.1 NOTE
r-release-windows-ix86+x86_64 0.1 3.00 22.00 25.00 NOTE
r-oldrel-windows-ix86+x86_64 0.1 4.00 39.00 43.00 NOTE

Check Details

Version: 0.1
Check: dependencies in R code
Result: NOTE
    Package in Depends field not imported from: ‘igraph’
     These packages need to be imported from (in the NAMESPACE file)
     for when this namespace is loaded but not attached.
Flavors: r-devel-linux-x86_64-debian-clang, r-devel-linux-x86_64-debian-gcc, r-devel-linux-x86_64-fedora-clang, r-devel-linux-x86_64-fedora-gcc, r-devel-osx-x86_64-clang, r-devel-windows-ix86+x86_64, r-patched-linux-x86_64, r-patched-solaris-sparc, r-patched-solaris-x86, r-release-linux-x86_64, r-release-osx-x86_64-mavericks, r-release-windows-ix86+x86_64, r-oldrel-windows-ix86+x86_64

Version: 0.1
Check: R code for possible problems
Result: NOTE
    graphID.genericID: no visible global function definition for
     ‘graph.maxflow’
    graphID.genericID: no visible global function definition for
     ‘graph.adjacency’
    graphID.globalID: no visible global function definition for
     ‘graph.maxflow’
    graphID.globalID: no visible global function definition for
     ‘graph.adjacency’
    graphID.nonID: no visible global function definition for
     ‘graph.maxflow’
    graphID.nonID: no visible global function definition for
     ‘graph.adjacency’
    graphID.output.alltests: no visible global function definition for
     ‘write.table’
    graphID.output.notalltests: no visible global function definition for
     ‘write.table’
Flavors: r-devel-linux-x86_64-debian-clang, r-devel-linux-x86_64-debian-gcc, r-devel-linux-x86_64-fedora-clang, r-devel-linux-x86_64-fedora-gcc, r-devel-windows-ix86+x86_64

Version: 0.1
Check: R code for possible problems
Result: NOTE
    graphID.genericID: no visible global function definition for
     ‘graph.maxflow’
    graphID.genericID: no visible global function definition for
     ‘graph.adjacency’
    graphID.globalID: no visible global function definition for
     ‘graph.maxflow’
    graphID.globalID: no visible global function definition for
     ‘graph.adjacency’
    graphID.nonID: no visible global function definition for
     ‘graph.maxflow’
    graphID.nonID: no visible global function definition for
     ‘graph.adjacency’
Flavors: r-devel-osx-x86_64-clang, r-patched-linux-x86_64, r-patched-solaris-sparc, r-patched-solaris-x86, r-release-linux-x86_64, r-release-osx-x86_64-mavericks, r-release-windows-ix86+x86_64, r-oldrel-windows-ix86+x86_64