CRAN Package Check Results for Package SEMID

Last updated on 2017-07-20 19:48:20.

Flavor Version Tinstall Tcheck Ttotal Status Flags
r-devel-linux-x86_64-debian-clang 0.3.0 1.33 87.95 89.28 OK
r-devel-linux-x86_64-debian-gcc 0.3.0 1.30 87.31 88.61 OK
r-devel-linux-x86_64-fedora-clang 0.3.0 162.60 OK
r-devel-linux-x86_64-fedora-gcc 0.3.0 154.43 OK
r-devel-windows-ix86+x86_64 0.3.0 6.00 184.00 190.00 OK
r-patched-linux-x86_64 0.3.0 1.40 93.71 95.12 OK
r-patched-solaris-x86 0.3.0 3.10 ERROR
r-release-linux-x86_64 0.3.0 1.36 91.22 92.58 OK
r-release-windows-ix86+x86_64 0.3.0 5.00 203.00 208.00 OK
r-release-osx-x86_64 0.3.0 OK
r-oldrel-windows-ix86+x86_64 0.3.0 6.00 219.00 225.00 OK
r-oldrel-osx-x86_64 0.3.0 OK

Check Details

Version: 0.3.0
Check: package dependencies
Result: ERROR
    Package required but not available: ‘igraph’
    
    See section ‘The DESCRIPTION file’ in the ‘Writing R Extensions’
    manual.
Flavor: r-patched-solaris-x86