CRAN Package Check Results for Package SEMID

Last updated on 2014-04-18 03:47:24.

Flavor Version Tinstall Tcheck Ttotal Status Flags
r-devel-linux-x86_64-debian-clang 0.1 0.80 12.09 12.90 NOTE
r-devel-linux-x86_64-debian-gcc NOTE
r-devel-linux-x86_64-fedora-clang 0.1 26.09 NOTE
r-devel-linux-x86_64-fedora-gcc 0.1 23.80 NOTE
r-devel-macosx-x86_64-clang 0.1 29.45 NOTE
r-devel-macosx-x86_64-gcc 0.1 ERROR
r-devel-windows-ix86+x86_64 0.1 3.00 19.00 22.00 NOTE
r-patched-linux-x86_64 0.1 0.77 12.25 13.02 NOTE
r-patched-solaris-sparc 0.1 154.60 NOTE
r-patched-solaris-x86 0.1 42.20 NOTE
r-release-linux-ix86 0.1 2.00 27.00 29.00 NOTE
r-release-linux-x86_64 0.1 0.72 12.43 13.14 NOTE
r-release-macosx-x86_64 0.1 OK
r-release-windows-ix86+x86_64 0.1 3.00 21.00 24.00 NOTE
r-oldrel-windows-ix86+x86_64 0.1 3.00 21.00 24.00 NOTE

Check Details

Version: 0.1
Check: dependencies in R code
Result: NOTE
    Package in Depends field not imported from: ‘igraph’
     These packages need to be imported from (in the NAMESPACE file)
     for when this namespace is loaded but not attached.
    See the information on DESCRIPTION files in the chapter ‘Creating R
    packages’ of the ‘Writing R Extensions’ manual.
Flavors: r-devel-linux-x86_64-debian-clang, r-devel-linux-x86_64-debian-gcc, r-devel-linux-x86_64-fedora-clang, r-devel-linux-x86_64-fedora-gcc, r-devel-macosx-x86_64-clang, r-devel-windows-ix86+x86_64, r-patched-linux-x86_64, r-patched-solaris-sparc, r-patched-solaris-x86, r-release-linux-ix86, r-release-linux-x86_64, r-release-windows-ix86+x86_64, r-oldrel-windows-ix86+x86_64

Version: 0.1
Check: package dependencies
Result: ERROR
    Package required but not available: ‘igraph’
    
    See the information on DESCRIPTION files in the chapter ‘Creating R
    packages’ of the ‘Writing R Extensions’ manual.
Flavor: r-devel-macosx-x86_64-gcc