CRAN Package Check Results for Package SEMID

Last updated on 2015-03-28 11:49:26.

Flavor Version Tinstall Tcheck Ttotal Status Flags
r-devel-linux-x86_64-debian-clang 0.1 0.69 10.73 11.42 NOTE
r-devel-linux-x86_64-debian-gcc 0.1 0.63 10.52 11.15 NOTE
r-devel-linux-x86_64-fedora-clang 0.1 21.53 NOTE
r-devel-linux-x86_64-fedora-gcc 0.1 19.96 NOTE
r-devel-osx-x86_64-clang 0.1 27.50 NOTE
r-prerel-windows-ix86+x86_64 0.1 2.00 20.00 22.00 NOTE
r-prerel-linux-x86_64 0.1 0.54 10.44 10.98 NOTE
r-prerel-solaris-sparc 0.1 151.00 NOTE
r-prerel-solaris-x86 0.1 33.20 NOTE
r-release-linux-x86_64 0.1 0.68 12.04 12.73 NOTE
r-release-osx-x86_64-mavericks 0.1 NOTE
r-release-osx-x86_64-snowleopard 0.1 OK
r-release-windows-ix86+x86_64 0.1 3.00 23.00 26.00 NOTE
r-oldrel-windows-ix86+x86_64 0.1 2.00 30.00 32.00 NOTE

Check Details

Version: 0.1
Check: dependencies in R code
Result: NOTE
    Package in Depends field not imported from: ‘igraph’
     These packages need to be imported from (in the NAMESPACE file)
     for when this namespace is loaded but not attached.
Flavors: r-devel-linux-x86_64-debian-clang, r-devel-linux-x86_64-debian-gcc, r-devel-linux-x86_64-fedora-clang, r-devel-linux-x86_64-fedora-gcc, r-devel-osx-x86_64-clang, r-prerel-windows-ix86+x86_64, r-prerel-linux-x86_64, r-prerel-solaris-sparc, r-prerel-solaris-x86, r-release-linux-x86_64, r-release-windows-ix86+x86_64

Version: 0.1
Check: R code for possible problems
Result: NOTE
    graphID.genericID: no visible global function definition for
     ‘graph.maxflow’
    graphID.genericID: no visible global function definition for
     ‘graph.adjacency’
    graphID.globalID: no visible global function definition for
     ‘graph.maxflow’
    graphID.globalID: no visible global function definition for
     ‘graph.adjacency’
    graphID.nonID: no visible global function definition for
     ‘graph.maxflow’
    graphID.nonID: no visible global function definition for
     ‘graph.adjacency’
Flavors: r-devel-linux-x86_64-debian-clang, r-devel-linux-x86_64-debian-gcc, r-devel-linux-x86_64-fedora-clang, r-devel-linux-x86_64-fedora-gcc, r-devel-osx-x86_64-clang, r-prerel-windows-ix86+x86_64, r-prerel-linux-x86_64, r-prerel-solaris-sparc, r-prerel-solaris-x86, r-release-linux-x86_64, r-release-osx-x86_64-mavericks, r-release-windows-ix86+x86_64

Version: 0.1
Check: dependencies in R code
Result: NOTE
    Package in Depends field not imported from: ‘igraph’
     These packages need to be imported from (in the NAMESPACE file)
     for when this namespace is loaded but not attached.
    See the information on DESCRIPTION files in the chapter ‘Creating R
    packages’ of the ‘Writing R Extensions’ manual.
Flavors: r-release-osx-x86_64-mavericks, r-oldrel-windows-ix86+x86_64