CRAN Package Check Results for Package SEMID

Last updated on 2014-07-23 05:49:12.

Flavor Version Tinstall Tcheck Ttotal Status Flags
r-devel-linux-x86_64-debian-clang 0.1 0.64 11.57 12.21 NOTE
r-devel-linux-x86_64-debian-gcc 0.1 0.84 11.61 12.46 NOTE
r-devel-linux-x86_64-fedora-clang 0.1 25.67 NOTE
r-devel-linux-x86_64-fedora-gcc 0.1 24.19 NOTE
r-devel-osx-x86_64-clang 0.1 28.57 NOTE
r-devel-windows-ix86+x86_64 0.1 2.00 20.00 22.00 NOTE
r-patched-linux-x86_64 0.1 0.66 11.60 12.26 NOTE
r-patched-solaris-sparc 0.1 154.60 NOTE
r-patched-solaris-x86 0.1 39.40 NOTE
r-release-linux-ix86 0.1 0.99 18.26 19.25 NOTE
r-release-linux-x86_64 0.1 0.88 11.92 12.80 NOTE
r-release-osx-x86_64-mavericks 0.1 NOTE
r-release-osx-x86_64-snowleopard 0.1 OK
r-release-windows-ix86+x86_64 0.1 3.00 20.00 23.00 NOTE
r-oldrel-windows-ix86+x86_64 0.1 2.00 22.00 24.00 NOTE

Check Details

Version: 0.1
Check: dependencies in R code
Result: NOTE
    Package in Depends field not imported from: ‘igraph’
     These packages need to be imported from (in the NAMESPACE file)
     for when this namespace is loaded but not attached.
    See the information on DESCRIPTION files in the chapter ‘Creating R
    packages’ of the ‘Writing R Extensions’ manual.
Flavors: r-devel-linux-x86_64-debian-clang, r-devel-linux-x86_64-debian-gcc, r-devel-linux-x86_64-fedora-clang, r-devel-linux-x86_64-fedora-gcc, r-devel-osx-x86_64-clang, r-devel-windows-ix86+x86_64, r-patched-linux-x86_64, r-patched-solaris-sparc, r-patched-solaris-x86, r-release-linux-ix86, r-release-linux-x86_64, r-release-osx-x86_64-mavericks, r-release-windows-ix86+x86_64, r-oldrel-windows-ix86+x86_64