CRAN Package Check Results for Package SEMID

Last updated on 2015-08-03 08:48:56.

Flavor Version Tinstall Tcheck Ttotal Status Flags
r-devel-linux-x86_64-debian-clang 0.1 0.56 11.55 12.11 NOTE
r-devel-linux-x86_64-debian-gcc 0.1 0.55 10.84 11.39 NOTE
r-devel-linux-x86_64-fedora-clang 0.1 22.93 NOTE
r-devel-linux-x86_64-fedora-gcc 0.1 21.24 NOTE
r-devel-osx-x86_64-clang 0.1 23.75 NOTE
r-devel-windows-ix86+x86_64 0.1 4.00 20.00 24.00 NOTE
r-patched-linux-x86_64 0.1 0.63 11.34 11.97 NOTE
r-patched-solaris-sparc 0.1 151.10 NOTE
r-patched-solaris-x86 0.1 38.50 NOTE
r-release-linux-x86_64 0.1 0.58 11.20 11.79 NOTE
r-release-osx-x86_64-mavericks 0.1 NOTE
r-release-windows-ix86+x86_64 0.1 4.00 22.00 26.00 NOTE
r-oldrel-windows-ix86+x86_64 0.1 4.00 25.00 29.00 NOTE

Check Details

Version: 0.1
Check: dependencies in R code
Result: NOTE
    Package in Depends field not imported from: ‘igraph’
     These packages need to be imported from (in the NAMESPACE file)
     for when this namespace is loaded but not attached.
Flavors: r-devel-linux-x86_64-debian-clang, r-devel-linux-x86_64-debian-gcc, r-devel-linux-x86_64-fedora-clang, r-devel-linux-x86_64-fedora-gcc, r-devel-osx-x86_64-clang, r-devel-windows-ix86+x86_64, r-patched-linux-x86_64, r-patched-solaris-sparc, r-patched-solaris-x86, r-release-linux-x86_64, r-release-osx-x86_64-mavericks, r-release-windows-ix86+x86_64, r-oldrel-windows-ix86+x86_64

Version: 0.1
Check: R code for possible problems
Result: NOTE
    graphID.genericID: no visible global function definition for
     ‘graph.maxflow’
    graphID.genericID: no visible global function definition for
     ‘graph.adjacency’
    graphID.globalID: no visible global function definition for
     ‘graph.maxflow’
    graphID.globalID: no visible global function definition for
     ‘graph.adjacency’
    graphID.nonID: no visible global function definition for
     ‘graph.maxflow’
    graphID.nonID: no visible global function definition for
     ‘graph.adjacency’
    graphID.output.alltests: no visible global function definition for
     ‘write.table’
    graphID.output.notalltests: no visible global function definition for
     ‘write.table’
    Undefined global functions or variables:
     graph.adjacency graph.maxflow write.table
    Consider adding
     importFrom("utils", "write.table")
    to your NAMESPACE.
Flavors: r-devel-linux-x86_64-debian-clang, r-devel-linux-x86_64-debian-gcc, r-devel-linux-x86_64-fedora-clang, r-devel-linux-x86_64-fedora-gcc, r-devel-windows-ix86+x86_64

Version: 0.1
Check: R code for possible problems
Result: NOTE
    graphID.genericID: no visible global function definition for
     ‘graph.maxflow’
    graphID.genericID: no visible global function definition for
     ‘graph.adjacency’
    graphID.globalID: no visible global function definition for
     ‘graph.maxflow’
    graphID.globalID: no visible global function definition for
     ‘graph.adjacency’
    graphID.nonID: no visible global function definition for
     ‘graph.maxflow’
    graphID.nonID: no visible global function definition for
     ‘graph.adjacency’
    Undefined global functions or variables:
     graph.adjacency graph.maxflow
Flavor: r-devel-osx-x86_64-clang

Version: 0.1
Check: R code for possible problems
Result: NOTE
    graphID.genericID: no visible global function definition for
     ‘graph.maxflow’
    graphID.genericID: no visible global function definition for
     ‘graph.adjacency’
    graphID.globalID: no visible global function definition for
     ‘graph.maxflow’
    graphID.globalID: no visible global function definition for
     ‘graph.adjacency’
    graphID.nonID: no visible global function definition for
     ‘graph.maxflow’
    graphID.nonID: no visible global function definition for
     ‘graph.adjacency’
Flavors: r-patched-linux-x86_64, r-patched-solaris-sparc, r-patched-solaris-x86, r-release-linux-x86_64, r-release-osx-x86_64-mavericks, r-release-windows-ix86+x86_64, r-oldrel-windows-ix86+x86_64